{"id":748120,"date":"2025-08-28T03:22:58","date_gmt":"2025-08-28T00:22:58","guid":{"rendered":"https:\/\/roveyayinevi.com.tr\/index.php\/urun\/ilginc-dunyamiz-ilginc-bilgiler-serisi\/"},"modified":"2026-04-16T03:01:02","modified_gmt":"2026-04-16T00:01:02","slug":"ilginc-dunyamiz-ilginc-bilgiler-serisi","status":"publish","type":"product","link":"https:\/\/roveyayinevi.com.tr\/index.php\/urun\/ilginc-dunyamiz-ilginc-bilgiler-serisi\/","title":{"rendered":"\u0130lgin\u00e7 D\u00fcnyam\u0131z &#8211; \u0130lgin\u00e7 Bilgiler Serisi"},"content":{"rendered":"<p>Antarktika&#8217;n\u0131n Kuru Vadi b\u00f6lgesine 2.000.000 y\u0131ld\u0131r hi\u00e7 ya\u011f\u0131\u015f d\u00fc\u015fmedi. Her k\u0131ta y\u0131lda 2 cm yer de\u011fi\u015ftirir. G\u00fcnde ortalama 8,6 milyon defa y\u0131ld\u0131r\u0131m d\u00fc\u015fer. D\u00fcnya, G\u00fcne\u015f \u00e7evresinde saatte 107 bin km h\u0131zla d\u00f6ner. Her g\u00fcn uzaydan D\u00fcnya&#8217;ya 100 ton a\u011f\u0131rl\u0131\u011f\u0131nda meteorit tozu d\u00fc\u015fer. D\u00fcnya 3 Ocak&#8217;ta G\u00fcne\u015f&#8217;e 5 milyon km daha yakla\u015f\u0131r. D\u00fcnyan\u0131n \u00e7ekirde\u011finde yery\u00fcz\u00fcn\u00fc 45 cm kal\u0131nl\u0131\u011f\u0131nda sarabilecek kadar alt\u0131n vard\u0131r.<\/p>\n","protected":false},"excerpt":{"rendered":"<p>Antarktika&#8217;n\u0131n Kuru Vadi b\u00f6lgesine 2.000.000 y\u0131ld\u0131r hi\u00e7 ya\u011f\u0131\u015f d\u00fc\u015fmedi. Her k\u0131ta y\u0131lda 2 cm yer de\u011fi\u015ftirir. G\u00fcnde ortalama 8,6 milyon defa y\u0131ld\u0131r\u0131m d\u00fc\u015fer. D\u00fcnya, G\u00fcne\u015f \u00e7evresinde<span class=\"excerpt-hellip\"> [\u2026]<\/span><\/p>\n","protected":false},"featured_media":0,"template":"","meta":{"_monsterinsights_skip_tracking":false,"_monsterinsights_sitenote_active":false,"_monsterinsights_sitenote_note":"","_monsterinsights_sitenote_category":0},"product_brand":[],"product_cat":[13829,12274],"product_tag":[],"class_list":{"0":"post-748120","1":"product","2":"type-product","3":"status-publish","5":"product_cat-bilimsel-kitaplar","6":"product_cat-cocuk-ve-genclik-kitaplari","7":"pa_cilt-ciltsiz","8":"pa_tur-kitap","9":"pa_yayinevi-teleskop-populer-bilim","10":"pa_yazar-muhammet-cuneyt-ozcan","12":"first","13":"instock","14":"sale","15":"shipping-taxable","16":"purchasable","17":"product-type-simple"},"_links":{"self":[{"href":"https:\/\/roveyayinevi.com.tr\/index.php\/wp-json\/wp\/v2\/product\/748120","targetHints":{"allow":["GET"]}}],"collection":[{"href":"https:\/\/roveyayinevi.com.tr\/index.php\/wp-json\/wp\/v2\/product"}],"about":[{"href":"https:\/\/roveyayinevi.com.tr\/index.php\/wp-json\/wp\/v2\/types\/product"}],"wp:attachment":[{"href":"https:\/\/roveyayinevi.com.tr\/index.php\/wp-json\/wp\/v2\/media?parent=748120"}],"wp:term":[{"taxonomy":"product_brand","embeddable":true,"href":"https:\/\/roveyayinevi.com.tr\/index.php\/wp-json\/wp\/v2\/product_brand?post=748120"},{"taxonomy":"product_cat","embeddable":true,"href":"https:\/\/roveyayinevi.com.tr\/index.php\/wp-json\/wp\/v2\/product_cat?post=748120"},{"taxonomy":"product_tag","embeddable":true,"href":"https:\/\/roveyayinevi.com.tr\/index.php\/wp-json\/wp\/v2\/product_tag?post=748120"}],"curies":[{"name":"wp","href":"https:\/\/api.w.org\/{rel}","templated":true}]}}