{"id":748117,"date":"2025-08-28T03:22:54","date_gmt":"2025-08-28T00:22:54","guid":{"rendered":"https:\/\/roveyayinevi.com.tr\/index.php\/urun\/ilginc-buluslar-ilginc-bilgiler-serisi\/"},"modified":"2026-04-16T03:01:02","modified_gmt":"2026-04-16T00:01:02","slug":"ilginc-buluslar-ilginc-bilgiler-serisi","status":"publish","type":"product","link":"https:\/\/roveyayinevi.com.tr\/index.php\/urun\/ilginc-buluslar-ilginc-bilgiler-serisi\/","title":{"rendered":"\u0130lgin\u00e7 Bulu\u015flar &#8211; \u0130lgin\u00e7 Bilgiler Serisi"},"content":{"rendered":"<p>Mikrodalga f\u0131r\u0131n bir deney s\u0131ras\u0131nda yak\u0131nda bulunan \u00e7ikolatan\u0131n erimesiyle tesad\u00fcfen bulundu. \u0130lk elektrikli s\u00fcp\u00fcrge bir minib\u00fcs b\u00fcy\u00fckl\u00fc\u011f\u00fcndeydi. 1973&#8217;te yap\u0131lan ilk cep telefonunun bataryas\u0131 tam dolu oldu\u011funda ancak 20 dakika g\u00f6r\u00fc\u015fme yap\u0131labiliyordu. Lumiere karde\u015flerin ilk sinema sunumu sadece 46 saniye s\u00fcrm\u00fc\u015ft\u00fc. Nathaniel Wyeth, istedi\u011fi kalitede bir plastik \u015fi\u015fe \u00fcretmek i\u00e7in 10.000 deneme yapt\u0131.<\/p>\n","protected":false},"excerpt":{"rendered":"<p>Mikrodalga f\u0131r\u0131n bir deney s\u0131ras\u0131nda yak\u0131nda bulunan \u00e7ikolatan\u0131n erimesiyle tesad\u00fcfen bulundu. \u0130lk elektrikli s\u00fcp\u00fcrge bir minib\u00fcs b\u00fcy\u00fckl\u00fc\u011f\u00fcndeydi. 1973&#8217;te yap\u0131lan ilk cep telefonunun bataryas\u0131 tam dolu oldu\u011funda<span class=\"excerpt-hellip\"> [\u2026]<\/span><\/p>\n","protected":false},"featured_media":0,"template":"","meta":{"_monsterinsights_skip_tracking":false,"_monsterinsights_sitenote_active":false,"_monsterinsights_sitenote_note":"","_monsterinsights_sitenote_category":0},"product_brand":[],"product_cat":[13829,12274],"product_tag":[],"class_list":{"0":"post-748117","1":"product","2":"type-product","3":"status-publish","5":"product_cat-bilimsel-kitaplar","6":"product_cat-cocuk-ve-genclik-kitaplari","7":"pa_cilt-ciltsiz","8":"pa_tur-kitap","9":"pa_yayinevi-teleskop-populer-bilim","10":"pa_yazar-muhammet-cuneyt-ozcan","12":"first","13":"instock","14":"sale","15":"shipping-taxable","16":"purchasable","17":"product-type-simple"},"_links":{"self":[{"href":"https:\/\/roveyayinevi.com.tr\/index.php\/wp-json\/wp\/v2\/product\/748117","targetHints":{"allow":["GET"]}}],"collection":[{"href":"https:\/\/roveyayinevi.com.tr\/index.php\/wp-json\/wp\/v2\/product"}],"about":[{"href":"https:\/\/roveyayinevi.com.tr\/index.php\/wp-json\/wp\/v2\/types\/product"}],"wp:attachment":[{"href":"https:\/\/roveyayinevi.com.tr\/index.php\/wp-json\/wp\/v2\/media?parent=748117"}],"wp:term":[{"taxonomy":"product_brand","embeddable":true,"href":"https:\/\/roveyayinevi.com.tr\/index.php\/wp-json\/wp\/v2\/product_brand?post=748117"},{"taxonomy":"product_cat","embeddable":true,"href":"https:\/\/roveyayinevi.com.tr\/index.php\/wp-json\/wp\/v2\/product_cat?post=748117"},{"taxonomy":"product_tag","embeddable":true,"href":"https:\/\/roveyayinevi.com.tr\/index.php\/wp-json\/wp\/v2\/product_tag?post=748117"}],"curies":[{"name":"wp","href":"https:\/\/api.w.org\/{rel}","templated":true}]}}