{"id":748115,"date":"2025-08-28T03:22:51","date_gmt":"2025-08-28T00:22:51","guid":{"rendered":"https:\/\/roveyayinevi.com.tr\/index.php\/urun\/ilginc-beynimiz-ilginc-bilgiler-serisi\/"},"modified":"2026-04-16T03:01:02","modified_gmt":"2026-04-16T00:01:02","slug":"ilginc-beynimiz-ilginc-bilgiler-serisi","status":"publish","type":"product","link":"https:\/\/roveyayinevi.com.tr\/index.php\/urun\/ilginc-beynimiz-ilginc-bilgiler-serisi\/","title":{"rendered":"\u0130lgin\u00e7 Beynimiz &#8211; \u0130lgin\u00e7 Bilgiler Serisi"},"content":{"rendered":"<p>\u0130nsan beyni Ansiklopedi Britannica&#8217;n\u0131n 5 kat\u0131 kadar bilgi saklayabilir. Beyin, hayat boyu 1 katrilyon ayr\u0131 bilgi par\u00e7as\u0131n\u0131 tutabilir. Sol beyin ger\u00e7ekleri, sa\u011f beyin duygular\u0131, \u00f6n beyin do\u011frular\u0131 analiz eder. Beyin aktivitesinin sadece 1 saniyesini taklit etmek i\u00e7in 82.000 bilgisayara ihtiya\u00e7 vard\u0131r. Beyindeki aksonlar d\u00fcnyan\u0131n etraf\u0131nda d\u00f6rt tur atabilir. En masrafl\u0131 organd\u0131r, harcad\u0131\u011f\u0131m\u0131z enerjinin %20\u2019sini t\u00fcketir.<\/p>\n","protected":false},"excerpt":{"rendered":"<p>\u0130nsan beyni Ansiklopedi Britannica&#8217;n\u0131n 5 kat\u0131 kadar bilgi saklayabilir. Beyin, hayat boyu 1 katrilyon ayr\u0131 bilgi par\u00e7as\u0131n\u0131 tutabilir. Sol beyin ger\u00e7ekleri, sa\u011f beyin duygular\u0131, \u00f6n beyin<span class=\"excerpt-hellip\"> [\u2026]<\/span><\/p>\n","protected":false},"featured_media":0,"template":"","meta":{"_monsterinsights_skip_tracking":false,"_monsterinsights_sitenote_active":false,"_monsterinsights_sitenote_note":"","_monsterinsights_sitenote_category":0},"product_brand":[],"product_cat":[13829,12274],"product_tag":[],"class_list":{"0":"post-748115","1":"product","2":"type-product","3":"status-publish","5":"product_cat-bilimsel-kitaplar","6":"product_cat-cocuk-ve-genclik-kitaplari","7":"pa_cilt-ciltsiz","8":"pa_tur-kitap","9":"pa_yayinevi-teleskop-populer-bilim","10":"pa_yazar-muhammet-cuneyt-ozcan","12":"first","13":"instock","14":"sale","15":"shipping-taxable","16":"purchasable","17":"product-type-simple"},"_links":{"self":[{"href":"https:\/\/roveyayinevi.com.tr\/index.php\/wp-json\/wp\/v2\/product\/748115","targetHints":{"allow":["GET"]}}],"collection":[{"href":"https:\/\/roveyayinevi.com.tr\/index.php\/wp-json\/wp\/v2\/product"}],"about":[{"href":"https:\/\/roveyayinevi.com.tr\/index.php\/wp-json\/wp\/v2\/types\/product"}],"wp:attachment":[{"href":"https:\/\/roveyayinevi.com.tr\/index.php\/wp-json\/wp\/v2\/media?parent=748115"}],"wp:term":[{"taxonomy":"product_brand","embeddable":true,"href":"https:\/\/roveyayinevi.com.tr\/index.php\/wp-json\/wp\/v2\/product_brand?post=748115"},{"taxonomy":"product_cat","embeddable":true,"href":"https:\/\/roveyayinevi.com.tr\/index.php\/wp-json\/wp\/v2\/product_cat?post=748115"},{"taxonomy":"product_tag","embeddable":true,"href":"https:\/\/roveyayinevi.com.tr\/index.php\/wp-json\/wp\/v2\/product_tag?post=748115"}],"curies":[{"name":"wp","href":"https:\/\/api.w.org\/{rel}","templated":true}]}}