{"id":748087,"date":"2025-08-28T03:22:13","date_gmt":"2025-08-28T00:22:13","guid":{"rendered":"https:\/\/roveyayinevi.com.tr\/index.php\/urun\/gezegenimiz-dunyayi-ogreniyorum\/"},"modified":"2026-04-16T03:01:00","modified_gmt":"2026-04-16T00:01:00","slug":"gezegenimiz-dunyayi-ogreniyorum","status":"publish","type":"product","link":"https:\/\/roveyayinevi.com.tr\/index.php\/urun\/gezegenimiz-dunyayi-ogreniyorum\/","title":{"rendered":"Gezegenimiz D\u00fcnyay\u0131 \u00d6\u011freniyorum"},"content":{"rendered":"<p>Gezegenimiz D\u00fcnya&#8217;ya bir g\u00f6z at\u0131n!Serap nedir?Da\u011flar nas\u0131l olu\u015fur?D\u00fcnyan\u0131n en uzun nehri hangisidir?<\/p>\n","protected":false},"excerpt":{"rendered":"<p>Gezegenimiz D\u00fcnya&#8217;ya bir g\u00f6z at\u0131n!Serap nedir?Da\u011flar nas\u0131l olu\u015fur?D\u00fcnyan\u0131n en uzun nehri hangisidir?<\/p>\n","protected":false},"featured_media":0,"template":"","meta":{"_monsterinsights_skip_tracking":false,"_monsterinsights_sitenote_active":false,"_monsterinsights_sitenote_note":"","_monsterinsights_sitenote_category":0},"product_brand":[],"product_cat":[13829,12274],"product_tag":[],"class_list":{"0":"post-748087","1":"product","2":"type-product","3":"status-publish","5":"product_cat-bilimsel-kitaplar","6":"product_cat-cocuk-ve-genclik-kitaplari","7":"pa_cilt-ciltsiz","8":"pa_tur-kitap","9":"pa_yayinevi-teleskop-populer-bilim","10":"pa_yazar-ivana-bajovic","12":"first","13":"instock","14":"sale","15":"shipping-taxable","16":"purchasable","17":"product-type-simple"},"_links":{"self":[{"href":"https:\/\/roveyayinevi.com.tr\/index.php\/wp-json\/wp\/v2\/product\/748087","targetHints":{"allow":["GET"]}}],"collection":[{"href":"https:\/\/roveyayinevi.com.tr\/index.php\/wp-json\/wp\/v2\/product"}],"about":[{"href":"https:\/\/roveyayinevi.com.tr\/index.php\/wp-json\/wp\/v2\/types\/product"}],"wp:attachment":[{"href":"https:\/\/roveyayinevi.com.tr\/index.php\/wp-json\/wp\/v2\/media?parent=748087"}],"wp:term":[{"taxonomy":"product_brand","embeddable":true,"href":"https:\/\/roveyayinevi.com.tr\/index.php\/wp-json\/wp\/v2\/product_brand?post=748087"},{"taxonomy":"product_cat","embeddable":true,"href":"https:\/\/roveyayinevi.com.tr\/index.php\/wp-json\/wp\/v2\/product_cat?post=748087"},{"taxonomy":"product_tag","embeddable":true,"href":"https:\/\/roveyayinevi.com.tr\/index.php\/wp-json\/wp\/v2\/product_tag?post=748087"}],"curies":[{"name":"wp","href":"https:\/\/api.w.org\/{rel}","templated":true}]}}