{"id":748080,"date":"2025-08-28T03:22:02","date_gmt":"2025-08-28T00:22:02","guid":{"rendered":"https:\/\/roveyayinevi.com.tr\/index.php\/urun\/filinto-iyi-bir-fil-oluyo-duygu-egitim-kitaplari\/"},"modified":"2026-04-16T03:01:00","modified_gmt":"2026-04-16T00:01:00","slug":"filinto-iyi-bir-fil-oluyo-duygu-egitim-kitaplari","status":"publish","type":"product","link":"https:\/\/roveyayinevi.com.tr\/index.php\/urun\/filinto-iyi-bir-fil-oluyo-duygu-egitim-kitaplari\/","title":{"rendered":"Filinto \u0130yi Bir Fil Oluyo &#8211; Duygu E\u011fitim Kitaplar\u0131"},"content":{"rendered":"<p>Filinto \u00f6zensiz, ba\u015fkalar\u0131na kar\u015f\u0131 sayg\u0131l\u0131 ve g\u00f6rg\u00fcl\u00fc davranmay\u0131 bilmeyen k\u00fc\u00e7\u00fck bir fildi. Ama herkes bunlar\u0131 geride b\u0131rakt\u0131 \u00e7\u00fcnk\u00fc Filinto sayg\u0131l\u0131 ve g\u00f6rg\u00fcl\u00fc olmay\u0131 \u00f6\u011frendi. Nas\u0131l m\u0131? Haydi, Filinto&#8217;nun hikayesini birlikte okuyal\u0131m.Serideki Kitaplar* Ben \u0130yi Bir Arkada\u015f\u0131m* Filinto \u0130yi Bir Fil Oluyor* Hippo Payla\u015fmay\u0131 \u00d6\u011freniyor* Korkak Civciv Art\u0131k Cesur* Mavi\u015f \u00c7ok S\u0131k\u0131l\u0131yor* Okto&#8217;yu Ne K\u0131zd\u0131rd\u0131?* Pembo Art\u0131k Yaln\u0131z De\u011fil* Pufi Sab\u0131rl\u0131 Olmay\u0131 \u00d6\u011freniyor* Tosbi Kabu\u011funa \u00c7ekildi* Ye\u015file D\u00f6nen Kedi<\/p>\n","protected":false},"excerpt":{"rendered":"<p>Filinto \u00f6zensiz, ba\u015fkalar\u0131na kar\u015f\u0131 sayg\u0131l\u0131 ve g\u00f6rg\u00fcl\u00fc davranmay\u0131 bilmeyen k\u00fc\u00e7\u00fck bir fildi. Ama herkes bunlar\u0131 geride b\u0131rakt\u0131 \u00e7\u00fcnk\u00fc Filinto sayg\u0131l\u0131 ve g\u00f6rg\u00fcl\u00fc olmay\u0131 \u00f6\u011frendi. Nas\u0131l m\u0131?<span class=\"excerpt-hellip\"> [\u2026]<\/span><\/p>\n","protected":false},"featured_media":0,"template":"","meta":{"_monsterinsights_skip_tracking":false,"_monsterinsights_sitenote_active":false,"_monsterinsights_sitenote_note":"","_monsterinsights_sitenote_category":0},"product_brand":[],"product_cat":[12274,12284],"product_tag":[],"class_list":{"0":"post-748080","1":"product","2":"type-product","3":"status-publish","5":"product_cat-cocuk-ve-genclik-kitaplari","6":"product_cat-hikayeler","7":"pa_cilt-ciltsiz","8":"pa_tur-kitap","9":"pa_yayinevi-teleskop-populer-bilim","10":"pa_yazar-mahmut-yilmaz","12":"first","13":"instock","14":"sale","15":"shipping-taxable","16":"purchasable","17":"product-type-simple"},"_links":{"self":[{"href":"https:\/\/roveyayinevi.com.tr\/index.php\/wp-json\/wp\/v2\/product\/748080","targetHints":{"allow":["GET"]}}],"collection":[{"href":"https:\/\/roveyayinevi.com.tr\/index.php\/wp-json\/wp\/v2\/product"}],"about":[{"href":"https:\/\/roveyayinevi.com.tr\/index.php\/wp-json\/wp\/v2\/types\/product"}],"wp:attachment":[{"href":"https:\/\/roveyayinevi.com.tr\/index.php\/wp-json\/wp\/v2\/media?parent=748080"}],"wp:term":[{"taxonomy":"product_brand","embeddable":true,"href":"https:\/\/roveyayinevi.com.tr\/index.php\/wp-json\/wp\/v2\/product_brand?post=748080"},{"taxonomy":"product_cat","embeddable":true,"href":"https:\/\/roveyayinevi.com.tr\/index.php\/wp-json\/wp\/v2\/product_cat?post=748080"},{"taxonomy":"product_tag","embeddable":true,"href":"https:\/\/roveyayinevi.com.tr\/index.php\/wp-json\/wp\/v2\/product_tag?post=748080"}],"curies":[{"name":"wp","href":"https:\/\/api.w.org\/{rel}","templated":true}]}}