{"id":748078,"date":"2025-08-28T03:22:00","date_gmt":"2025-08-28T00:22:00","guid":{"rendered":"https:\/\/roveyayinevi.com.tr\/index.php\/urun\/okyanuslarin-kasifleri-kasifler\/"},"modified":"2026-04-16T03:01:00","modified_gmt":"2026-04-16T00:01:00","slug":"okyanuslarin-kasifleri-kasifler","status":"publish","type":"product","link":"https:\/\/roveyayinevi.com.tr\/index.php\/urun\/okyanuslarin-kasifleri-kasifler\/","title":{"rendered":"Okyanuslar\u0131n Ka\u015fifleri &#8211; Ka\u015fifler"},"content":{"rendered":"<p>15. Y\u00fczy\u0131l\u0131n sonlar\u0131na do\u011fru Avrupal\u0131lar, pek \u00e7ok ekonomik ve bilimsel geli\u015fmenin, de\u011fi\u015fmenin etkisiyle bulunduklan k\u0131tay\u0131 \u00e7eviren denizlerden u\u00e7suz bucaks\u0131z okyanuslara yelken a\u00e7maya ba\u015flad\u0131lar. Tarihe B\u00fcy\u00fck Co\u011frafi Ke\u015fifler olarak ge\u00e7ecek olan bu ser\u00fcven yaln\u0131zca Avrupa tarihini de\u011fil b\u00fct\u00fcn d\u00fcnya tarihini etkileyecek, yeni k\u0131talann bulunmas\u0131na, s\u00f6m\u00fcrgecilik \u00e7a\u011f\u0131n\u0131n ba\u015flamas\u0131na neden oldu. Bu yeni hareketin en \u00f6nemli ismi Gemici Henry diye an\u0131lan Prens Henry olmu\u015ftur. Onun \u00e7al\u0131\u015fmalan ve destekleri Bartolomeu Di-as&#8217;\u0131n, Vasko da Ga-ma&#8217;n\u0131n, Magelan&#8217;\u0131n \u00fcnleri ve ba\u015fanlan, hep Prens Henry&#8217;nin bu kararl\u0131l\u0131\u011f\u0131 sayesinde ger\u00e7ekle\u015fti. Bu kitapta Prens Henry ve onun a\u00e7t\u0131\u011f\u0131 \u00e7\u0131\u011f\u0131rla d\u00fcnyaya a\u00e7\u0131lan ka\u015fiflerin \u00e7al\u0131\u015fmalar\u0131ndan kesitler okuyacaks\u0131n\u0131z.<\/p>\n","protected":false},"excerpt":{"rendered":"<p>15. Y\u00fczy\u0131l\u0131n sonlar\u0131na do\u011fru Avrupal\u0131lar, pek \u00e7ok ekonomik ve bilimsel geli\u015fmenin, de\u011fi\u015fmenin etkisiyle bulunduklan k\u0131tay\u0131 \u00e7eviren denizlerden u\u00e7suz bucaks\u0131z okyanuslara yelken a\u00e7maya ba\u015flad\u0131lar. Tarihe B\u00fcy\u00fck Co\u011frafi<span class=\"excerpt-hellip\"> [\u2026]<\/span><\/p>\n","protected":false},"featured_media":0,"template":"","meta":{"_monsterinsights_skip_tracking":false,"_monsterinsights_sitenote_active":false,"_monsterinsights_sitenote_note":"","_monsterinsights_sitenote_category":0},"product_brand":[],"product_cat":[13005,13006],"product_tag":[],"class_list":{"0":"post-748078","1":"product","2":"type-product","3":"status-publish","5":"product_cat-bilim-muhendislik","6":"product_cat-populer-bilim","7":"pa_cilt-ciltsiz","8":"pa_tur-kitap","9":"pa_yayinevi-teleskop-populer-bilim","10":"pa_yazar-muzaffer-tasyurek","12":"first","13":"instock","14":"sale","15":"shipping-taxable","16":"purchasable","17":"product-type-simple"},"_links":{"self":[{"href":"https:\/\/roveyayinevi.com.tr\/index.php\/wp-json\/wp\/v2\/product\/748078","targetHints":{"allow":["GET"]}}],"collection":[{"href":"https:\/\/roveyayinevi.com.tr\/index.php\/wp-json\/wp\/v2\/product"}],"about":[{"href":"https:\/\/roveyayinevi.com.tr\/index.php\/wp-json\/wp\/v2\/types\/product"}],"wp:attachment":[{"href":"https:\/\/roveyayinevi.com.tr\/index.php\/wp-json\/wp\/v2\/media?parent=748078"}],"wp:term":[{"taxonomy":"product_brand","embeddable":true,"href":"https:\/\/roveyayinevi.com.tr\/index.php\/wp-json\/wp\/v2\/product_brand?post=748078"},{"taxonomy":"product_cat","embeddable":true,"href":"https:\/\/roveyayinevi.com.tr\/index.php\/wp-json\/wp\/v2\/product_cat?post=748078"},{"taxonomy":"product_tag","embeddable":true,"href":"https:\/\/roveyayinevi.com.tr\/index.php\/wp-json\/wp\/v2\/product_tag?post=748078"}],"curies":[{"name":"wp","href":"https:\/\/api.w.org\/{rel}","templated":true}]}}