{"id":748073,"date":"2025-08-28T03:21:55","date_gmt":"2025-08-28T00:21:55","guid":{"rendered":"https:\/\/roveyayinevi.com.tr\/index.php\/urun\/kristof-kolomb-kasifler\/"},"modified":"2025-11-07T08:48:14","modified_gmt":"2025-11-07T05:48:14","slug":"kristof-kolomb-kasifler","status":"publish","type":"product","link":"https:\/\/roveyayinevi.com.tr\/index.php\/urun\/kristof-kolomb-kasifler\/","title":{"rendered":"Kristof Kolomb &#8211; Ka\u015fifler"},"content":{"rendered":"<p>\u015eanss\u0131z k\u00e2\u015fif&#8230; Amerika k\u0131tas\u0131n\u0131 Kristof Kolomb buldu ama yeni bi buldu\u011funu fark edemedi. \u00c7ocuklu\u011funda denizcili\u011fe merak sard\u0131. Ge\u0131 hikayeleriyle b\u00fcy\u00fcd\u00fc. M\u00fcsl\u00fcmanlann daha \u00f6nce \u00e7\u0131kt\u0131\u011f\u0131 yolculuklan ir di. Seyahati i\u00e7in krallann kap\u0131s\u0131n\u0131 a\u015f\u0131nd\u0131rd\u0131. Hristiyan din adamlar\u0131n\u0131n ba\u011fnazl\u0131klanna kar\u015f\u0131 direndi. Sonunda yola \u00e7\u0131kt\u0131. Atlas Okyanus\u00fcnun azg\u0131n dalgalanyla bo\u011fu\u015ftu, tayfalann\u0131n isyan\u0131na kafa tuttu. Ayak bast\u0131\u011f\u0131 yeni k\u0131tay\u0131 Hindistan sand\u0131. Ke\u015ffetti\u011fi topraklann alt\u0131nlann\u0131 \u0130spanya&#8217;ya ta\u015f\u0131d\u0131. S\u00f6m\u00fcrgecilik hareketine \u00f6n-ayak oldu. Binlerce yerlinin \u00f6l\u00fcm\u00fcne zemin haz\u0131rlad\u0131. \u00d6d\u00fcl olarak zindana at\u0131ld\u0131. Bu kitap bahts\u0131z bir k\u00e2\u015fifin renkli hayat\u0131n\u0131n hik\u00e2yesidir.<\/p>\n","protected":false},"excerpt":{"rendered":"<p>\u015eanss\u0131z k\u00e2\u015fif&#8230; Amerika k\u0131tas\u0131n\u0131 Kristof Kolomb buldu ama yeni bi buldu\u011funu fark edemedi. \u00c7ocuklu\u011funda denizcili\u011fe merak sard\u0131. Ge\u0131 hikayeleriyle b\u00fcy\u00fcd\u00fc. M\u00fcsl\u00fcmanlann daha \u00f6nce \u00e7\u0131kt\u0131\u011f\u0131 yolculuklan ir<span class=\"excerpt-hellip\"> [\u2026]<\/span><\/p>\n","protected":false},"featured_media":0,"template":"","meta":{"_monsterinsights_skip_tracking":false,"_monsterinsights_sitenote_active":false,"_monsterinsights_sitenote_note":"","_monsterinsights_sitenote_category":0},"product_brand":[],"product_cat":[13005,13006],"product_tag":[],"class_list":{"0":"post-748073","1":"product","2":"type-product","3":"status-publish","5":"product_cat-bilim-muhendislik","6":"product_cat-populer-bilim","7":"pa_cilt-ciltsiz","8":"pa_tur-kitap","9":"pa_yayinevi-teleskop-populer-bilim","10":"pa_yazar-muzaffer-tasyurek","12":"first","13":"instock","14":"sale","15":"shipping-taxable","16":"purchasable","17":"product-type-simple"},"_links":{"self":[{"href":"https:\/\/roveyayinevi.com.tr\/index.php\/wp-json\/wp\/v2\/product\/748073","targetHints":{"allow":["GET"]}}],"collection":[{"href":"https:\/\/roveyayinevi.com.tr\/index.php\/wp-json\/wp\/v2\/product"}],"about":[{"href":"https:\/\/roveyayinevi.com.tr\/index.php\/wp-json\/wp\/v2\/types\/product"}],"wp:attachment":[{"href":"https:\/\/roveyayinevi.com.tr\/index.php\/wp-json\/wp\/v2\/media?parent=748073"}],"wp:term":[{"taxonomy":"product_brand","embeddable":true,"href":"https:\/\/roveyayinevi.com.tr\/index.php\/wp-json\/wp\/v2\/product_brand?post=748073"},{"taxonomy":"product_cat","embeddable":true,"href":"https:\/\/roveyayinevi.com.tr\/index.php\/wp-json\/wp\/v2\/product_cat?post=748073"},{"taxonomy":"product_tag","embeddable":true,"href":"https:\/\/roveyayinevi.com.tr\/index.php\/wp-json\/wp\/v2\/product_tag?post=748073"}],"curies":[{"name":"wp","href":"https:\/\/api.w.org\/{rel}","templated":true}]}}