{"id":748072,"date":"2025-08-28T03:21:55","date_gmt":"2025-08-28T00:21:55","guid":{"rendered":"https:\/\/roveyayinevi.com.tr\/index.php\/urun\/guney-kutbunun-kesfi-kasifler\/"},"modified":"2026-04-16T03:00:59","modified_gmt":"2026-04-16T00:00:59","slug":"guney-kutbunun-kesfi-kasifler","status":"publish","type":"product","link":"https:\/\/roveyayinevi.com.tr\/index.php\/urun\/guney-kutbunun-kesfi-kasifler\/","title":{"rendered":"G\u00fcney Kutbu&#8217;nun Ke\u015ffi &#8211; Ka\u015fifler"},"content":{"rendered":"<p>Terra Nova gemisi, G\u00fcney kutuplar\u0131na do\u011fru, ilk olarak Lyttelton liman\u0131ndan hareket ederken Kaptan Scott memleketine g\u00f6nderdi\u011fi son bir haberlerinde \u015f\u00f6yle diyordu: &#8220;E\u011fer nasip olur da ya\u015farsak, yol arkada\u015f-lanm\u0131n her \u0130ngiliz y\u00fcre\u011fini heyecanla ta\u015f\u0131racak y\u0131lmazl\u0131k, cesaret ve kahramanl\u0131k hik\u00e2yelerini anlatmak boynumun borcudur.&#8221; Ger\u00e7ekten, kendisine bu derece candan yolda\u015fl\u0131k eden mert adamla-nn kahramanl\u0131klann\u0131 hik\u00e2ye etmek, cesur Kaptan Scott&#8217;a nasip olmad\u0131. \u00d6mr\u00fc vefa etmedi. Fakat onun hat\u0131ra defterine yazd\u0131\u011f\u0131 \u015feyler, de\u011fil yaln\u0131z her \u0130ngiliz&#8217;in, her okuyan insan\u0131n y\u00fcre\u011fini heyecanlarla doldurmaya k\u00e2fi gelir.<\/p>\n","protected":false},"excerpt":{"rendered":"<p>Terra Nova gemisi, G\u00fcney kutuplar\u0131na do\u011fru, ilk olarak Lyttelton liman\u0131ndan hareket ederken Kaptan Scott memleketine g\u00f6nderdi\u011fi son bir haberlerinde \u015f\u00f6yle diyordu: &#8220;E\u011fer nasip olur da ya\u015farsak,<span class=\"excerpt-hellip\"> [\u2026]<\/span><\/p>\n","protected":false},"featured_media":0,"template":"","meta":{"_monsterinsights_skip_tracking":false,"_monsterinsights_sitenote_active":false,"_monsterinsights_sitenote_note":"","_monsterinsights_sitenote_category":0},"product_brand":[],"product_cat":[13005,13006],"product_tag":[],"class_list":{"0":"post-748072","1":"product","2":"type-product","3":"status-publish","5":"product_cat-bilim-muhendislik","6":"product_cat-populer-bilim","7":"pa_cilt-ciltsiz","8":"pa_tur-kitap","9":"pa_yayinevi-teleskop-populer-bilim","10":"pa_yazar-muzaffer-tasyurek","12":"first","13":"instock","14":"sale","15":"shipping-taxable","16":"purchasable","17":"product-type-simple"},"_links":{"self":[{"href":"https:\/\/roveyayinevi.com.tr\/index.php\/wp-json\/wp\/v2\/product\/748072","targetHints":{"allow":["GET"]}}],"collection":[{"href":"https:\/\/roveyayinevi.com.tr\/index.php\/wp-json\/wp\/v2\/product"}],"about":[{"href":"https:\/\/roveyayinevi.com.tr\/index.php\/wp-json\/wp\/v2\/types\/product"}],"wp:attachment":[{"href":"https:\/\/roveyayinevi.com.tr\/index.php\/wp-json\/wp\/v2\/media?parent=748072"}],"wp:term":[{"taxonomy":"product_brand","embeddable":true,"href":"https:\/\/roveyayinevi.com.tr\/index.php\/wp-json\/wp\/v2\/product_brand?post=748072"},{"taxonomy":"product_cat","embeddable":true,"href":"https:\/\/roveyayinevi.com.tr\/index.php\/wp-json\/wp\/v2\/product_cat?post=748072"},{"taxonomy":"product_tag","embeddable":true,"href":"https:\/\/roveyayinevi.com.tr\/index.php\/wp-json\/wp\/v2\/product_tag?post=748072"}],"curies":[{"name":"wp","href":"https:\/\/api.w.org\/{rel}","templated":true}]}}