{"id":748067,"date":"2025-08-28T03:21:50","date_gmt":"2025-08-28T00:21:50","guid":{"rendered":"https:\/\/roveyayinevi.com.tr\/index.php\/urun\/duygular-bize-ne-anlatirlar\/"},"modified":"2026-04-16T03:00:44","modified_gmt":"2026-04-16T00:00:44","slug":"duygular-bize-ne-anlatirlar","status":"publish","type":"product","link":"https:\/\/roveyayinevi.com.tr\/index.php\/urun\/duygular-bize-ne-anlatirlar\/","title":{"rendered":"Duygular Bize Ne Anlat\u0131rlar"},"content":{"rendered":"<p>Duygular, duygular, duygular. \u00c7ok fazla say\u0131da duygu var! Herkesin duygular\u0131 oldu\u011funu biliyor muydun? Mutluluk, \u015fa\u015f\u0131rmak ve heyecanlanmak gibi g\u00fczel duygular var. Ayr\u0131ca \u00fczg\u00fcn, k\u0131zg\u0131n ve sinirli gibi sorunlu duygular da var.Ama \u00f6\u011frenecek daha \u00e7ok ba\u015fka duygular da var. S\u0131radan hissetmek ne anlama geliyor? Yada \u00e7irkin hissetmek ne anlama geliyor? Nas\u0131l hissetti\u011fimizi bilmeliyiz ki bu duygularla ne yapaca\u011f\u0131m\u0131z\u0131 bilelim. Mutlu hislerin oldu\u011funda e\u011flen! Bir sorunun oldu\u011funda sorunu \u00e7\u00f6zmen gerekir. Ne hissediyor olursan\u0131z olun, duygular\u0131n\u0131z size aittir. Sen \u015fu anda nas\u0131l hissediyorsun? <\/p>\n","protected":false},"excerpt":{"rendered":"<p>Duygular, duygular, duygular. \u00c7ok fazla say\u0131da duygu var! Herkesin duygular\u0131 oldu\u011funu biliyor muydun? Mutluluk, \u015fa\u015f\u0131rmak ve heyecanlanmak gibi g\u00fczel duygular var. Ayr\u0131ca \u00fczg\u00fcn, k\u0131zg\u0131n ve sinirli<span class=\"excerpt-hellip\"> [\u2026]<\/span><\/p>\n","protected":false},"featured_media":0,"template":"","meta":{"_monsterinsights_skip_tracking":false,"_monsterinsights_sitenote_active":false,"_monsterinsights_sitenote_note":"","_monsterinsights_sitenote_category":0},"product_brand":[],"product_cat":[12274,12631],"product_tag":[],"class_list":{"0":"post-748067","1":"product","2":"type-product","3":"status-publish","5":"product_cat-cocuk-ve-genclik-kitaplari","6":"product_cat-diger-cocuk-ve-genclik-kitaplari","7":"pa_cilt-ciltsiz","8":"pa_tur-kitap","9":"pa_yayinevi-teleskop-populer-bilim","10":"pa_yazar-kolektif","12":"first","13":"instock","14":"sale","15":"shipping-taxable","16":"purchasable","17":"product-type-simple"},"_links":{"self":[{"href":"https:\/\/roveyayinevi.com.tr\/index.php\/wp-json\/wp\/v2\/product\/748067","targetHints":{"allow":["GET"]}}],"collection":[{"href":"https:\/\/roveyayinevi.com.tr\/index.php\/wp-json\/wp\/v2\/product"}],"about":[{"href":"https:\/\/roveyayinevi.com.tr\/index.php\/wp-json\/wp\/v2\/types\/product"}],"wp:attachment":[{"href":"https:\/\/roveyayinevi.com.tr\/index.php\/wp-json\/wp\/v2\/media?parent=748067"}],"wp:term":[{"taxonomy":"product_brand","embeddable":true,"href":"https:\/\/roveyayinevi.com.tr\/index.php\/wp-json\/wp\/v2\/product_brand?post=748067"},{"taxonomy":"product_cat","embeddable":true,"href":"https:\/\/roveyayinevi.com.tr\/index.php\/wp-json\/wp\/v2\/product_cat?post=748067"},{"taxonomy":"product_tag","embeddable":true,"href":"https:\/\/roveyayinevi.com.tr\/index.php\/wp-json\/wp\/v2\/product_tag?post=748067"}],"curies":[{"name":"wp","href":"https:\/\/api.w.org\/{rel}","templated":true}]}}