{"id":748049,"date":"2025-08-28T03:21:23","date_gmt":"2025-08-28T00:21:23","guid":{"rendered":"https:\/\/roveyayinevi.com.tr\/index.php\/urun\/dalgin-zurafa-bozkirdan-arkadaslar\/"},"modified":"2026-04-16T03:00:43","modified_gmt":"2026-04-16T00:00:43","slug":"dalgin-zurafa-bozkirdan-arkadaslar","status":"publish","type":"product","link":"https:\/\/roveyayinevi.com.tr\/index.php\/urun\/dalgin-zurafa-bozkirdan-arkadaslar\/","title":{"rendered":"Dalg\u0131n Z\u00fcrafa &#8211; Bozk\u0131rdan Arkada\u015flar"},"content":{"rendered":"<p>Dalg\u0131n Z\u00fcrafaBozk\u0131rdan Arkada\u015flarTeleskop Pop\u00fcler Bilim<\/p>\n","protected":false},"excerpt":{"rendered":"<p>Dalg\u0131n Z\u00fcrafaBozk\u0131rdan Arkada\u015flarTeleskop Pop\u00fcler Bilim<\/p>\n","protected":false},"featured_media":0,"template":"","meta":{"_monsterinsights_skip_tracking":false,"_monsterinsights_sitenote_active":false,"_monsterinsights_sitenote_note":"","_monsterinsights_sitenote_category":0},"product_brand":[],"product_cat":[12274,12284],"product_tag":[],"class_list":{"0":"post-748049","1":"product","2":"type-product","3":"status-publish","5":"product_cat-cocuk-ve-genclik-kitaplari","6":"product_cat-hikayeler","7":"pa_cilt-ciltsiz","8":"pa_tur-kitap","9":"pa_yayinevi-teleskop-populer-bilim","10":"pa_yazar-nikoleta-novak","12":"first","13":"instock","14":"sale","15":"shipping-taxable","16":"purchasable","17":"product-type-simple"},"_links":{"self":[{"href":"https:\/\/roveyayinevi.com.tr\/index.php\/wp-json\/wp\/v2\/product\/748049","targetHints":{"allow":["GET"]}}],"collection":[{"href":"https:\/\/roveyayinevi.com.tr\/index.php\/wp-json\/wp\/v2\/product"}],"about":[{"href":"https:\/\/roveyayinevi.com.tr\/index.php\/wp-json\/wp\/v2\/types\/product"}],"wp:attachment":[{"href":"https:\/\/roveyayinevi.com.tr\/index.php\/wp-json\/wp\/v2\/media?parent=748049"}],"wp:term":[{"taxonomy":"product_brand","embeddable":true,"href":"https:\/\/roveyayinevi.com.tr\/index.php\/wp-json\/wp\/v2\/product_brand?post=748049"},{"taxonomy":"product_cat","embeddable":true,"href":"https:\/\/roveyayinevi.com.tr\/index.php\/wp-json\/wp\/v2\/product_cat?post=748049"},{"taxonomy":"product_tag","embeddable":true,"href":"https:\/\/roveyayinevi.com.tr\/index.php\/wp-json\/wp\/v2\/product_tag?post=748049"}],"curies":[{"name":"wp","href":"https:\/\/api.w.org\/{rel}","templated":true}]}}