{"id":748040,"date":"2025-08-28T03:21:11","date_gmt":"2025-08-28T00:21:11","guid":{"rendered":"https:\/\/roveyayinevi.com.tr\/index.php\/urun\/egitici-kartlar-gok-bilimi-ve-uzay\/"},"modified":"2026-04-16T03:00:43","modified_gmt":"2026-04-16T00:00:43","slug":"egitici-kartlar-gok-bilimi-ve-uzay","status":"publish","type":"product","link":"https:\/\/roveyayinevi.com.tr\/index.php\/urun\/egitici-kartlar-gok-bilimi-ve-uzay\/","title":{"rendered":"E\u011fitici Kartlar G\u00f6k Bilimi ve Uzay"},"content":{"rendered":"<p>Bu kutuda G\u00f6k Bilim ve Uzay ile ilgili 100&#8217;e yak\u0131n kart bulunuyor.G\u00f6k Bilimi ve Uzay bilginizi test ederken ayn\u0131 zamanda e\u011flanceli zaman ge\u00e7ireceksiniz.Silinebilir Kalem Hediyeli. <\/p>\n","protected":false},"excerpt":{"rendered":"<p>Bu kutuda G\u00f6k Bilim ve Uzay ile ilgili 100&#8217;e yak\u0131n kart bulunuyor.G\u00f6k Bilimi ve Uzay bilginizi test ederken ayn\u0131 zamanda e\u011flanceli zaman ge\u00e7ireceksiniz.Silinebilir Kalem Hediyeli.<\/p>\n","protected":false},"featured_media":0,"template":"","meta":{"_monsterinsights_skip_tracking":false,"_monsterinsights_sitenote_active":false,"_monsterinsights_sitenote_note":"","_monsterinsights_sitenote_category":0},"product_brand":[],"product_cat":[12274,24599],"product_tag":[],"class_list":{"0":"post-748040","1":"product","2":"type-product","3":"status-publish","5":"product_cat-cocuk-ve-genclik-kitaplari","6":"product_cat-zeka-gelisimi","7":"pa_cilt-ciltsiz","8":"pa_tur-kitap","9":"pa_yayinevi-teleskop-populer-bilim","10":"pa_yazar-kolektif","12":"first","13":"instock","14":"sale","15":"shipping-taxable","16":"purchasable","17":"product-type-simple"},"_links":{"self":[{"href":"https:\/\/roveyayinevi.com.tr\/index.php\/wp-json\/wp\/v2\/product\/748040","targetHints":{"allow":["GET"]}}],"collection":[{"href":"https:\/\/roveyayinevi.com.tr\/index.php\/wp-json\/wp\/v2\/product"}],"about":[{"href":"https:\/\/roveyayinevi.com.tr\/index.php\/wp-json\/wp\/v2\/types\/product"}],"wp:attachment":[{"href":"https:\/\/roveyayinevi.com.tr\/index.php\/wp-json\/wp\/v2\/media?parent=748040"}],"wp:term":[{"taxonomy":"product_brand","embeddable":true,"href":"https:\/\/roveyayinevi.com.tr\/index.php\/wp-json\/wp\/v2\/product_brand?post=748040"},{"taxonomy":"product_cat","embeddable":true,"href":"https:\/\/roveyayinevi.com.tr\/index.php\/wp-json\/wp\/v2\/product_cat?post=748040"},{"taxonomy":"product_tag","embeddable":true,"href":"https:\/\/roveyayinevi.com.tr\/index.php\/wp-json\/wp\/v2\/product_tag?post=748040"}],"curies":[{"name":"wp","href":"https:\/\/api.w.org\/{rel}","templated":true}]}}