{"id":748006,"date":"2025-08-28T03:19:56","date_gmt":"2025-08-28T00:19:56","guid":{"rendered":"https:\/\/roveyayinevi.com.tr\/index.php\/urun\/reversi-ahsap\/"},"modified":"2026-04-16T03:00:42","modified_gmt":"2026-04-16T00:00:42","slug":"reversi-ahsap","status":"publish","type":"product","link":"https:\/\/roveyayinevi.com.tr\/index.php\/urun\/reversi-ahsap\/","title":{"rendered":"Reversi (Ah\u015fap)"},"content":{"rendered":"<p>8&#215;8 kareden olu\u015fan bu oyun tahtas\u0131nda oynanmaktad\u0131r. Oyunda kar\u015f\u0131l\u0131kl\u0131 olarak beyaz renk ve koyu renk ta\u015flar bulunmaktad\u0131r. Oyuncular\u0131n ellerinde 32 adet ta\u015f bulunur. Oyun alan\u0131n\u0131n tam ortas\u0131na kar\u015f\u0131l\u0131kl\u0131 2 \u015fer ta\u015f konularak oyun ba\u015flat\u0131l\u0131r. Oyunun amac\u0131 ise rakip ta\u015f\u0131 kendi ta\u015flar\u0131n\u0131z ortas\u0131na alarak ayn\u0131 renge \u00e7evirmektir. \u00c7apraz, yatay veya dikey \u015fekilde rakibin ta\u015f\u0131n\u0131 kendi renginize d\u00f6nd\u00fcrebilirsiniz. Elinizdeki ta\u015flar\u0131 kullanarak oyuna devam edebilirsiniz. Ta\u015flar\u0131n\u0131z kenarda ve k\u00f6\u015felerde bulunursa oyunu kazanma \u015fans\u0131n\u0131z artar. Oyun sonunda alanda kimin daha \u00e7ok ta\u015f\u0131 kalm\u0131\u015fsa o oyunu kazanm\u0131\u015f say\u0131l\u0131r. \u201c\u0130lk hamle her zaman siyah renkli ta\u015f\u0131n sahibinindedir. E\u011fer rakibin ta\u015f\u0131n\u0131 d\u00f6nd\u00fcrecek hamleniz yoksa pas demelisiniz. Oyun tahtas\u0131n\u0131n alakas\u0131z bir yerine ta\u015f koymak yasakt\u0131r. Ta\u015flar\u0131 ona g\u00f6re dizmeniz gerekmektedir. Oyunda rakibin hamlelerini s\u0131n\u0131rland\u0131rmak serbesttir. Bunun i\u00e7in kendi staratejinizi kullanabilirsiniz.<\/p>\n","protected":false},"excerpt":{"rendered":"<p>8&#215;8 kareden olu\u015fan bu oyun tahtas\u0131nda oynanmaktad\u0131r. Oyunda kar\u015f\u0131l\u0131kl\u0131 olarak beyaz renk ve koyu renk ta\u015flar bulunmaktad\u0131r. Oyuncular\u0131n ellerinde 32 adet ta\u015f bulunur. Oyun alan\u0131n\u0131n tam<span class=\"excerpt-hellip\"> [\u2026]<\/span><\/p>\n","protected":false},"featured_media":0,"template":"","meta":{"_monsterinsights_skip_tracking":false,"_monsterinsights_sitenote_active":false,"_monsterinsights_sitenote_note":"","_monsterinsights_sitenote_category":0},"product_brand":[],"product_cat":[28265,15563],"product_tag":[],"class_list":{"0":"post-748006","1":"product","2":"type-product","3":"status-publish","5":"product_cat-diger-hobi","6":"product_cat-hobi","7":"pa_cilt-ciltsiz","8":"pa_tur-kitap20","9":"pa_yayinevi-aklimda-zeka-oyunlari","10":"pa_yazar-kolektif","12":"first","13":"instock","14":"sale","15":"shipping-taxable","16":"purchasable","17":"product-type-simple"},"_links":{"self":[{"href":"https:\/\/roveyayinevi.com.tr\/index.php\/wp-json\/wp\/v2\/product\/748006","targetHints":{"allow":["GET"]}}],"collection":[{"href":"https:\/\/roveyayinevi.com.tr\/index.php\/wp-json\/wp\/v2\/product"}],"about":[{"href":"https:\/\/roveyayinevi.com.tr\/index.php\/wp-json\/wp\/v2\/types\/product"}],"wp:attachment":[{"href":"https:\/\/roveyayinevi.com.tr\/index.php\/wp-json\/wp\/v2\/media?parent=748006"}],"wp:term":[{"taxonomy":"product_brand","embeddable":true,"href":"https:\/\/roveyayinevi.com.tr\/index.php\/wp-json\/wp\/v2\/product_brand?post=748006"},{"taxonomy":"product_cat","embeddable":true,"href":"https:\/\/roveyayinevi.com.tr\/index.php\/wp-json\/wp\/v2\/product_cat?post=748006"},{"taxonomy":"product_tag","embeddable":true,"href":"https:\/\/roveyayinevi.com.tr\/index.php\/wp-json\/wp\/v2\/product_tag?post=748006"}],"curies":[{"name":"wp","href":"https:\/\/api.w.org\/{rel}","templated":true}]}}