{"id":747998,"date":"2025-08-28T03:19:49","date_gmt":"2025-08-28T00:19:49","guid":{"rendered":"https:\/\/roveyayinevi.com.tr\/index.php\/urun\/true-hit-win\/"},"modified":"2026-04-16T03:00:41","modified_gmt":"2026-04-16T00:00:41","slug":"true-hit-win","status":"publish","type":"product","link":"https:\/\/roveyayinevi.com.tr\/index.php\/urun\/true-hit-win\/","title":{"rendered":"True Hit Win"},"content":{"rendered":"<p>Oyuna ba\u015flarken ya\u015f\u0131 k\u00fc\u00e7\u00fck olan oyuncu oyuna ba\u015flar. Oyun 2 seviyeden olu\u015fmaktad\u0131r. 1. Oynama \u015fekli kolay seviye, 2. oynama \u015fekli zor seviyedir. \u00c7arkta bulunan dilimlerde 2 g\u00f6rsel olan y\u00fczey kolay seviyedir. \u00c7arkta bulunan dilimlerde 3 g\u00f6rsel olan y\u00fczey zor seviyedir.\u0130\u00e7erik: 1 adet k\u0131rm\u0131z\u0131 \u00e7eki\u00e7, 1 adet ye\u015fil \u00e7eki\u00e7, 1 adet sar\u0131 \u00e7eki\u00e7, 1 adet turuncu \u00e7eki\u00e7, 48 adet g\u00f6rev kart\u0131, 1 adet oyun y\u00f6nlendirme \u00e7ark\u0131<\/p>\n","protected":false},"excerpt":{"rendered":"<p>Oyuna ba\u015flarken ya\u015f\u0131 k\u00fc\u00e7\u00fck olan oyuncu oyuna ba\u015flar. Oyun 2 seviyeden olu\u015fmaktad\u0131r. 1. Oynama \u015fekli kolay seviye, 2. oynama \u015fekli zor seviyedir. \u00c7arkta bulunan dilimlerde 2<span class=\"excerpt-hellip\"> [\u2026]<\/span><\/p>\n","protected":false},"featured_media":0,"template":"","meta":{"_monsterinsights_skip_tracking":false,"_monsterinsights_sitenote_active":false,"_monsterinsights_sitenote_note":"","_monsterinsights_sitenote_category":0},"product_brand":[],"product_cat":[28265,15563],"product_tag":[],"class_list":{"0":"post-747998","1":"product","2":"type-product","3":"status-publish","5":"product_cat-diger-hobi","6":"product_cat-hobi","7":"pa_cilt-ciltsiz","8":"pa_tur-kitap20","9":"pa_yayinevi-aklimda-zeka-oyunlari","10":"pa_yazar-kolektif","12":"first","13":"instock","14":"sale","15":"shipping-taxable","16":"purchasable","17":"product-type-simple"},"_links":{"self":[{"href":"https:\/\/roveyayinevi.com.tr\/index.php\/wp-json\/wp\/v2\/product\/747998","targetHints":{"allow":["GET"]}}],"collection":[{"href":"https:\/\/roveyayinevi.com.tr\/index.php\/wp-json\/wp\/v2\/product"}],"about":[{"href":"https:\/\/roveyayinevi.com.tr\/index.php\/wp-json\/wp\/v2\/types\/product"}],"wp:attachment":[{"href":"https:\/\/roveyayinevi.com.tr\/index.php\/wp-json\/wp\/v2\/media?parent=747998"}],"wp:term":[{"taxonomy":"product_brand","embeddable":true,"href":"https:\/\/roveyayinevi.com.tr\/index.php\/wp-json\/wp\/v2\/product_brand?post=747998"},{"taxonomy":"product_cat","embeddable":true,"href":"https:\/\/roveyayinevi.com.tr\/index.php\/wp-json\/wp\/v2\/product_cat?post=747998"},{"taxonomy":"product_tag","embeddable":true,"href":"https:\/\/roveyayinevi.com.tr\/index.php\/wp-json\/wp\/v2\/product_tag?post=747998"}],"curies":[{"name":"wp","href":"https:\/\/api.w.org\/{rel}","templated":true}]}}