{"id":747949,"date":"2025-08-28T03:18:42","date_gmt":"2025-08-28T00:18:42","guid":{"rendered":"https:\/\/roveyayinevi.com.tr\/index.php\/urun\/ezilenler-5\/"},"modified":"2026-04-16T03:00:39","modified_gmt":"2026-04-16T00:00:39","slug":"ezilenler-5","status":"publish","type":"product","link":"https:\/\/roveyayinevi.com.tr\/index.php\/urun\/ezilenler-5\/","title":{"rendered":"Ezilenler"},"content":{"rendered":"<p>Ezilenler, fakir bir ailenin k\u0131z\u0131na delice \u00e2\u015f\u0131k olmu\u015f bir gen\u00e7 ve bu k\u0131z\u0131n ise aristokrat bir prense \u00e2\u015f\u0131k olmas\u0131n\u0131 anlatan bir romand\u0131r. Prens, hi\u00e7bir prensibi olmayan ama \u00e7ocuksu bencilli\u011fiyle son derece \u00e7ekici biridir; samimiyetiyle kar\u015f\u0131s\u0131ndakini etkiler ama tamamen bilin\u00e7sizce, hayat\u0131na giren herkese kar\u015f\u0131 en k\u00f6t\u00fc su\u00e7lar\u0131 i\u015fleme kapasitesine sahiptir. Dostoyevski, k\u0131z\u0131n reddetti\u011fi di\u011fer genci t\u00fcm varl\u0131\u011f\u0131n\u0131 k\u0131z\u0131n u\u011fruna harcayacak bir hizmetk\u00e2r ve kendi elleriyle aristokrat\u0131n ellerine atan biri olarak muhte\u015fem bir betimleme yapar. <\/p>\n","protected":false},"excerpt":{"rendered":"<p>Ezilenler, fakir bir ailenin k\u0131z\u0131na delice \u00e2\u015f\u0131k olmu\u015f bir gen\u00e7 ve bu k\u0131z\u0131n ise aristokrat bir prense \u00e2\u015f\u0131k olmas\u0131n\u0131 anlatan bir romand\u0131r. Prens, hi\u00e7bir prensibi olmayan<span class=\"excerpt-hellip\"> [\u2026]<\/span><\/p>\n","protected":false},"featured_media":0,"template":"","meta":{"_monsterinsights_skip_tracking":false,"_monsterinsights_sitenote_active":false,"_monsterinsights_sitenote_note":"","_monsterinsights_sitenote_category":0},"product_brand":[],"product_cat":[12291,12711],"product_tag":[],"class_list":{"0":"post-747949","1":"product","2":"type-product","3":"status-publish","5":"product_cat-edebiyat","6":"product_cat-roman-oyku","7":"pa_cilt-ciltsiz","8":"pa_tur-kitap","9":"pa_yayinevi-fark-yayinlari","10":"pa_yazar-fyodor-mihaylovic-dostoyevski","12":"first","13":"instock","14":"sale","15":"shipping-taxable","16":"purchasable","17":"product-type-simple"},"_links":{"self":[{"href":"https:\/\/roveyayinevi.com.tr\/index.php\/wp-json\/wp\/v2\/product\/747949","targetHints":{"allow":["GET"]}}],"collection":[{"href":"https:\/\/roveyayinevi.com.tr\/index.php\/wp-json\/wp\/v2\/product"}],"about":[{"href":"https:\/\/roveyayinevi.com.tr\/index.php\/wp-json\/wp\/v2\/types\/product"}],"wp:attachment":[{"href":"https:\/\/roveyayinevi.com.tr\/index.php\/wp-json\/wp\/v2\/media?parent=747949"}],"wp:term":[{"taxonomy":"product_brand","embeddable":true,"href":"https:\/\/roveyayinevi.com.tr\/index.php\/wp-json\/wp\/v2\/product_brand?post=747949"},{"taxonomy":"product_cat","embeddable":true,"href":"https:\/\/roveyayinevi.com.tr\/index.php\/wp-json\/wp\/v2\/product_cat?post=747949"},{"taxonomy":"product_tag","embeddable":true,"href":"https:\/\/roveyayinevi.com.tr\/index.php\/wp-json\/wp\/v2\/product_tag?post=747949"}],"curies":[{"name":"wp","href":"https:\/\/api.w.org\/{rel}","templated":true}]}}