{"id":747935,"date":"2025-08-28T03:18:23","date_gmt":"2025-08-28T00:18:23","guid":{"rendered":"https:\/\/roveyayinevi.com.tr\/index.php\/urun\/kesisimsellik\/"},"modified":"2026-04-16T03:00:39","modified_gmt":"2026-04-16T00:00:39","slug":"kesisimsellik","status":"publish","type":"product","link":"https:\/\/roveyayinevi.com.tr\/index.php\/urun\/kesisimsellik\/","title":{"rendered":"Kesi\u015fimsellik"},"content":{"rendered":"<p>Kimberl\u00e9 Crenshaw 1989 y\u0131l\u0131nda \u201ckesi\u015fimsellik\u201d kavram\u0131n\u0131 ortaya ilk kez att\u0131\u011f\u0131nda, bu kavram\u0131n 30 y\u0131l sonra akademik \u00e7evrelerde, politika yap\u0131c\u0131lar ve eylemciler aras\u0131nda, hatta g\u00fcnl\u00fck tart\u0131\u015fmalarda bile \u00f6nemli bir yer edinece\u011fini belki de tahmin etmemi\u015fti. Bug\u00fcnse kesi\u015fimsellik, k\u00fcreselle\u015fen d\u00fcnyada dil, din, \u0131rk, etnik k\u00f6ken, renk, cinsiyet ve ya\u015f \u00fczerinden yarat\u0131lan sosyal e\u015fitsizliklerle m\u00fccadelede vazge\u00e7ilmez bir d\u00fc\u015f\u00fcnsel \u00e7er\u00e7eve ve bir eylem arac\u0131 olarak, toplumsal adalet aray\u0131\u015f\u0131n\u0131n parolalar\u0131ndan biri h\u00e2line geldi. Peki, kesi\u015fimsellik ne anlama geliyor? Her alandan entelekt\u00fcellerin, eylemcilerin, akademisyenlerin hararetli tart\u0131\u015fmalar\u0131na ve \u00e7at\u0131\u015fmalar\u0131na konu olan, toplumsal seferberlikleri \u00f6rg\u00fctleyen, sosyal medyada bile ad\u0131ndan s\u00f6z ettiren bu fikir, birbiriyle beklenmedik yollarla kesi\u015fen toplumsal e\u015fitsizlikleri ke\u015ffetmemize ve gidermemize nas\u0131l yard\u0131mc\u0131 olabilir? Patricia Hill Collins ve S\u0131rma Bilge, sosyolojinin ve disiplinleraras\u0131 \u00e7al\u0131\u015fma alanlar\u0131n\u0131n bu g\u00f6zde konusunun ve tart\u0131\u015fmas\u0131n\u0131n bir r\u00f6ntgenini \u00e7ekiyor. Kesi\u015fimsellik fikrinin ortaya \u00e7\u0131k\u0131\u015f\u0131n\u0131 ve yay\u0131l\u0131\u015f\u0131n\u0131 ana hatlar\u0131yla ortaya koyuyor. Bu fikrin g\u00fcn\u00fcm\u00fczde a\u015f\u0131r\u0131 sa\u011f pop\u00fclizmin y\u00fckseli\u015fi, \u00fcreme adaleti, iklim de\u011fi\u015fikli\u011fi meselesi, dijital d\u00fcnyada iktidar ili\u015fkileri ve \u015fiddet, topluluk k\u00fclt\u00fcrleri gibi yeni tart\u0131\u015fma konular\u0131 ba\u011flam\u0131nda toplumsal adaleti sa\u011flamaya ve her t\u00fcrl\u00fc tahakk\u00fcme kar\u015f\u0131 direni\u015f yollar\u0131 olu\u015fturmaya nas\u0131l yard\u0131mc\u0131 olabilece\u011fini \u00e7ok say\u0131da canl\u0131 \u00f6rnekle g\u00f6zler \u00f6n\u00fcne seriyor. Sosyal bilimcilerin ve konuyla ilgilenen herkesin kitapl\u0131\u011f\u0131nda mutlaka bulunmas\u0131 gereken bu kitap, alandaki \u00e7a\u011fda\u015f tart\u0131\u015fmalar\u0131 anlamay\u0131 kolayla\u015ft\u0131ran bir k\u0131lavuz g\u00f6revi g\u00f6r\u00fcyor.<\/p>\n","protected":false},"excerpt":{"rendered":"<p>Kimberl\u00e9 Crenshaw 1989 y\u0131l\u0131nda \u201ckesi\u015fimsellik\u201d kavram\u0131n\u0131 ortaya ilk kez att\u0131\u011f\u0131nda, bu kavram\u0131n 30 y\u0131l sonra akademik \u00e7evrelerde, politika yap\u0131c\u0131lar ve eylemciler aras\u0131nda, hatta g\u00fcnl\u00fck tart\u0131\u015fmalarda bile<span class=\"excerpt-hellip\"> [\u2026]<\/span><\/p>\n","protected":false},"featured_media":0,"template":"","meta":{"_monsterinsights_skip_tracking":false,"_monsterinsights_sitenote_active":false,"_monsterinsights_sitenote_note":"","_monsterinsights_sitenote_category":0},"product_brand":[],"product_cat":[12324],"product_tag":[],"class_list":{"0":"post-747935","1":"product","2":"type-product","3":"status-publish","5":"product_cat-sosyoloji","6":"pa_cilt-ciltsiz","7":"pa_tur-kitap","8":"pa_yayinevi-fol-kitap","9":"pa_yazar-patricia-hill-collins-sirma-bilge","11":"first","12":"instock","13":"sale","14":"shipping-taxable","15":"purchasable","16":"product-type-simple"},"_links":{"self":[{"href":"https:\/\/roveyayinevi.com.tr\/index.php\/wp-json\/wp\/v2\/product\/747935","targetHints":{"allow":["GET"]}}],"collection":[{"href":"https:\/\/roveyayinevi.com.tr\/index.php\/wp-json\/wp\/v2\/product"}],"about":[{"href":"https:\/\/roveyayinevi.com.tr\/index.php\/wp-json\/wp\/v2\/types\/product"}],"wp:attachment":[{"href":"https:\/\/roveyayinevi.com.tr\/index.php\/wp-json\/wp\/v2\/media?parent=747935"}],"wp:term":[{"taxonomy":"product_brand","embeddable":true,"href":"https:\/\/roveyayinevi.com.tr\/index.php\/wp-json\/wp\/v2\/product_brand?post=747935"},{"taxonomy":"product_cat","embeddable":true,"href":"https:\/\/roveyayinevi.com.tr\/index.php\/wp-json\/wp\/v2\/product_cat?post=747935"},{"taxonomy":"product_tag","embeddable":true,"href":"https:\/\/roveyayinevi.com.tr\/index.php\/wp-json\/wp\/v2\/product_tag?post=747935"}],"curies":[{"name":"wp","href":"https:\/\/api.w.org\/{rel}","templated":true}]}}