{"id":747923,"date":"2025-08-28T03:18:10","date_gmt":"2025-08-28T00:18:10","guid":{"rendered":"https:\/\/roveyayinevi.com.tr\/index.php\/urun\/anti-kapitalist-safsatalar\/"},"modified":"2026-04-16T03:00:38","modified_gmt":"2026-04-16T00:00:38","slug":"anti-kapitalist-safsatalar","status":"publish","type":"product","link":"https:\/\/roveyayinevi.com.tr\/index.php\/urun\/anti-kapitalist-safsatalar\/","title":{"rendered":"Anti-Kapitalist Safsatalar"},"content":{"rendered":"<p>Rainer Zitelmann bu eserde kapitalizme y\u00f6neltilen en me\u015fhur on itiraz\u0131 ele almaktad\u0131r: Kapitalizm a\u00e7l\u0131k ve yoksullu\u011fa yol a\u00e7ar, e\u015fitsizli\u011fi art\u0131r\u0131r, gereksiz t\u00fcketime sebep olur, \u00e7evre tahribine yol a\u00e7ar, iklim de\u011fi\u015fikli\u011fine ve sava\u015flara yol a\u00e7ar. Ele\u015ftirmenleri der ki, kapitalizm k\u00e2r\u0131 insanl\u0131ktan daha fazla \u00f6nemser, b\u00fcy\u00fck tekeller yarat\u0131r, demokrasinin de alt\u0131n\u0131 oyar. Zitelmann her bir iddiay\u0131 ele\u015ftirel bir s\u00fczge\u00e7ten ge\u00e7irmekte ve bunlar\u0131n sakatl\u0131\u011f\u0131n\u0131 ortaya koymakta ve \u00e7\u00fcr\u00fctmektedir. Her bir su\u00e7lamaya y\u00f6nelik kar\u015f\u0131 arg\u00fcmanlar \u00f6nermekte, asl\u0131nda ba\u015far\u0131s\u0131z olan\u0131n kapitalizm de\u011fil, y\u00fczy\u0131ll\u0131k anti-kapitalist deneyler oldu\u011funa ili\u015fkin zengin bir tarihsel malzeme birikimi ile ufuk a\u00e7\u0131c\u0131 ger\u00e7ekleri g\u00f6zler \u00f6n\u00fcne sermektedir. Kitab\u0131n ikinci b\u00f6l\u00fcm\u00fcnde \u00f6zel bir \u015fekilde tasarlanm\u0131\u015f ve Ipsos MORI taraf\u0131ndan 32 \u00fclkede yap\u0131lm\u0131\u015f olan ve sonu\u00e7lar\u0131 ilk defa burada a\u00e7\u0131klanan bir alan ara\u015ft\u0131rmas\u0131na dayanarak Avrupa, ABD, Latin Amerika ve Asya\u2019da kapitalizm hakk\u0131ndaki pop\u00fcler alg\u0131lar analiz edilmektedir. \u00c7evirmenin hi\u00e7 de \u015fa\u015f\u0131rmad\u0131\u011f\u0131, uzun s\u00fcredir g\u00f6zlemledi\u011fi ve ileri s\u00fcrd\u00fc\u011f\u00fc \u00fczere, T\u00fcrkiye ara\u015ft\u0131rma yap\u0131lan b\u00fct\u00fcn \u00fclkeler aras\u0131nda anti-kapitalist duygular\u0131n en kabar\u0131k, sa\u011fc\u0131s\u0131n\u0131n da solcusunun da, zenginin de fakirin de, okumu\u015funun da cahilinin de anti-kapitalistlikte birbiriyle yar\u0131\u015ft\u0131\u011f\u0131 \u00fclke durumundad\u0131r.   \u201cBu \u00e7ok gecikmi\u015f kitap, anti-kapitalist tart\u0131\u015fma konular\u0131n\u0131n en pop\u00fcler on tanesini m\u00fcnazara yoluyla inceleyip, hakikaten \u00e7\u00fcr\u00fctmektedir. Sonunda biri bunu yapt\u0131! Hatta ge\u00e7 bile kal\u0131nd\u0131.\u201d -Kristian Niemietz, Ekonomik \u0130\u015fler Enstit\u00fcs\u00fc, Londra\u201cBu kitap kritik bir ihtiyaca cevap veriyor, \u00f6zellikle de illiberal [liberalizm kar\u015f\u0131t\u0131] politikac\u0131lar m\u00fcdahaleci ekonomi politikalar\u0131yla bizzat kendilerinin yaratt\u0131\u011f\u0131 sefaletten dolay\u0131 \u015fimdi de kapitalizmi su\u00e7larken. Kitab\u0131n bizim davam\u0131z\u0131n hakl\u0131l\u0131\u011f\u0131n\u0131 ortaya koyan ger\u00e7ekleri g\u00f6zden ge\u00e7irmesine minnettar olal\u0131m.\u201d -Brad Lips, ATLAS Network  \u201cKapitalizm Savunusu kitab\u0131yla Rainer Zitelmann okulda size \u00f6\u011fretilen mitler ve hurafeleri te\u015fhir ediyor ve iktisadi realitenin bilimsel ve de son derece kolay anla\u015f\u0131l\u0131r izah\u0131n\u0131 sunmaktad\u0131r.\u201d -Profes\u00f6r Thomas DiLorenzo, Ludwig von Mises Enstit\u00fcs\u00fc <\/p>\n","protected":false},"excerpt":{"rendered":"<p>Rainer Zitelmann bu eserde kapitalizme y\u00f6neltilen en me\u015fhur on itiraz\u0131 ele almaktad\u0131r: Kapitalizm a\u00e7l\u0131k ve yoksullu\u011fa yol a\u00e7ar, e\u015fitsizli\u011fi art\u0131r\u0131r, gereksiz t\u00fcketime sebep olur, \u00e7evre tahribine<span class=\"excerpt-hellip\"> [\u2026]<\/span><\/p>\n","protected":false},"featured_media":0,"template":"","meta":{"_monsterinsights_skip_tracking":false,"_monsterinsights_sitenote_active":false,"_monsterinsights_sitenote_note":"","_monsterinsights_sitenote_category":0},"product_brand":[],"product_cat":[14841,13043],"product_tag":[],"class_list":{"0":"post-747923","1":"product","2":"type-product","3":"status-publish","5":"product_cat-arastirma-inceleme-kuram","6":"product_cat-ekonomi","7":"pa_cilt-ciltsiz","8":"pa_tur-kitap","9":"pa_yayinevi-serbest-kitaplar","10":"pa_yazar-rainer-zitelmann","12":"first","13":"instock","14":"sale","15":"shipping-taxable","16":"purchasable","17":"product-type-simple"},"_links":{"self":[{"href":"https:\/\/roveyayinevi.com.tr\/index.php\/wp-json\/wp\/v2\/product\/747923","targetHints":{"allow":["GET"]}}],"collection":[{"href":"https:\/\/roveyayinevi.com.tr\/index.php\/wp-json\/wp\/v2\/product"}],"about":[{"href":"https:\/\/roveyayinevi.com.tr\/index.php\/wp-json\/wp\/v2\/types\/product"}],"wp:attachment":[{"href":"https:\/\/roveyayinevi.com.tr\/index.php\/wp-json\/wp\/v2\/media?parent=747923"}],"wp:term":[{"taxonomy":"product_brand","embeddable":true,"href":"https:\/\/roveyayinevi.com.tr\/index.php\/wp-json\/wp\/v2\/product_brand?post=747923"},{"taxonomy":"product_cat","embeddable":true,"href":"https:\/\/roveyayinevi.com.tr\/index.php\/wp-json\/wp\/v2\/product_cat?post=747923"},{"taxonomy":"product_tag","embeddable":true,"href":"https:\/\/roveyayinevi.com.tr\/index.php\/wp-json\/wp\/v2\/product_tag?post=747923"}],"curies":[{"name":"wp","href":"https:\/\/api.w.org\/{rel}","templated":true}]}}