{"id":747911,"date":"2025-08-28T03:17:59","date_gmt":"2025-08-28T00:17:59","guid":{"rendered":"https:\/\/roveyayinevi.com.tr\/index.php\/urun\/bediuzzaman-said-nursinin-ilk-donem-eserleri-ciltli\/"},"modified":"2026-04-16T03:00:38","modified_gmt":"2026-04-16T00:00:38","slug":"bediuzzaman-said-nursinin-ilk-donem-eserleri-ciltli","status":"publish","type":"product","link":"https:\/\/roveyayinevi.com.tr\/index.php\/urun\/bediuzzaman-said-nursinin-ilk-donem-eserleri-ciltli\/","title":{"rendered":"Bedi\u00fczzaman Said Nursi\u2019nin \u0130lk D\u00f6nem Eserleri (Ciltli)"},"content":{"rendered":"<p>\u0130\u00c7\u0130NDEK\u0130LER Takdim \u00d6ns\u00f6z Giri\u015f 1. NUR&#8217;UN \u0130LK KAPISI Birinci ders \u0130kinci ders \u00dc\u00e7\u00fcnc\u00fc ders \u00dc\u00e7\u00fcnc\u00fc dersin zeyli D\u00f6rd\u00fcnc\u00fc ders Be\u015finci ders Alt\u0131nc\u0131 ders Yedinci ders Sekizinci ders Dokuzuncu ders Onuncu ders On birinci ders On ikinci ders On \u00fc\u00e7\u00fcnc\u00fc ders On d\u00f6rd\u00fcnc\u00fc ders Maraz-\u0131 Vesveseye M\u00fcptel\u00e2 Olanlara Bir Ders On \u00fc\u00e7\u00fcnc\u00fc lem&#8217;an\u0131n on ikinci i\u015faretinden On \u00fc\u00e7\u00fcnc\u00fc lem&#8217;an\u0131n on \u00fc\u00e7\u00fcnc\u00fc i\u015faretinin \u00fc\u00e7\u00fcnc\u00fc noktas\u0131ndan Bir nur talebesinin \u00dcstad hazretlerinin d\u00e2r-\u0131 bekaya irtihallerinden evvel Risale-i Nur ve \u00dcstad hakk\u0131ndaki bir takrizi Ankara \u00dcniversitesinde okunan bir konferans Ecneb\u00ee Filozoflar\u0131n Kur&#8217;\u00e2n&#8217;\u0131 Tasdiklerine Dair \u015eehadetleri 2. NOKTA R\u0130SALES\u0130 Birinci Burhan \u0130kinci Burhan \u00dc\u00e7\u00fcnc\u00fc Burhan D\u00f6rd\u00fcnc\u00fc Burhan \u0130fade MEL\u00c2\u0130KE TASD\u0130K\u0130, \u0130MANIN B\u0130R R\u00dcKN\u00dc Birinci N\u00fckte \u0130kinci N\u00fckte \u00dc\u00e7\u00fcnc\u00fc N\u00fckte D\u00f6rd\u00fcnc\u00fc N\u00fckte HA\u015e\u0130R Birinci Makam Birinci K\u0131yas\u0131n H\u00fcl\u00e2sas\u0131 \u0130kinci K\u0131yas\u0131n H\u00fcl\u00e2sas\u0131 \u0130kinci Makam \u00dc\u00e7\u00fcnc\u00fc Makam D\u00f6rd\u00fcnc\u00fc Makam 3. \u015eUAAT (MAR\u0130FET\u00dc&#8217;N-NEB\u0130) Birinci \u015eu\u00e2 \u0130kinci \u015eu\u00e2 \u00dc\u00e7\u00fcnc\u00fc \u015eu\u00e2 D\u00f6rd\u00fcnc\u00fc \u015eu\u00e2 Be\u015finci \u015eu\u00e2 \u015eeriat\u0131n Ferde, Neve, Medeniyete Kar\u015f\u0131 Birka\u00e7 N\u00fcktesi Alt\u0131nc\u0131 \u015eu\u00e2 Tevhidin Tenviri 4. RUMUZ Birinci Sual: Kur&#8217;\u00e2n&#8217;\u0131n i&#8217;c\u00e2z\u0131n\u0131 icaz ile beyan et \u0130kinci Sual: Burhanlarda meydana gelen \u015f\u00fcpheler imana zarar vermez mi? Y\u00fcksekten bakmak isteyen dessas bir papaza cevap M\u00fccahid bir hayvan mersiyesi M\u00fchim bir nokta 5. \u0130\u015e\u00c2R\u00c2T Bakara S\u00fbresinin 3. \u00e2yetinin bir \u00eec\u00e2z-\u0131 i&#8217;c\u00e2z\u0131 Misleyn tel\u00e2kki edilen z\u0131ddeyn Nefisperestlerin nazar-\u0131 dikkatine Lezzetperestlerin nazar-\u0131 dikkatine Evlenmeli Zulmet-i m\u00fcnevvere 6. S\u00dcNUHAT Kur&#8217;\u00e2n&#8217;da s\u00e2lihat kelimesi Kur&#8217;\u00e2n&#8217;\u0131n h\u00e2kimiyet-i mutlakas\u0131 R\u00fcyada bir hitabe R\u00fcyan\u0131n zeyli Birka\u00e7 vecizeler Bundan yedi sene evvel bir risaleme yazd\u0131\u011f\u0131m zeyl 7. TULU\u00c2T \u00c2lem-i \u0130sl\u00e2m ulemas\u0131n\u0131n ortas\u0131ndaki m\u00fcthi\u015f ihtil\u00e2flar\u0131n nedenleri Nasraniyet, \u0130sl\u00e2miyetin inki\u015faf\u0131na bundan sonra m\u00e2ni olmayacak m\u0131d\u0131r? Cerbeze nedir? Zamandan \u015fikayet Allah&#8217;\u0131n san&#8217;at\u0131na itiraz olmaz m\u0131? Zulm\u00fcn \u015fedit bir nev&#8217;i M\u00fcstehak bir ceza Hads\u00ee bir hakikat 8. HUTUVAT-I S\u0130TTE Takdim Birinci Hatve \u0130kinci Hatve \u00dc\u00e7\u00fcnc\u00fc Hatve D\u00f6rd\u00fcnc\u00fc Hatve Be\u015finci Hatve Alt\u0131nc\u0131 Hatve 9. HUTBE-\u0130 \u015eAM\u0130YE Arab\u00ee Hutbe-i \u015e\u00e2miye&#8217;nin Mukaddemesi Arab\u00ee Hutbe-i \u015e\u00e2miye eserinin terc\u00fcmesi Birinci Kelime \u0130kinci Kelime \u00dc\u00e7\u00fcnc\u00fc Kelime D\u00f6rd\u00fcnc\u00fc Kelime Be\u015finci Kelime Alt\u0131nc\u0131 Kelime Arab\u00ee Hutbe-i \u015e\u00e2miye&#8217;nin zeylinin k\u0131sa bir terc\u00fcmesi Hutbe-i \u015e\u00e2miye&#8217;nin Zeylinin Zeyli Ya\u015fas\u0131n \u015eeriat-\u0131 Garr\u00e2 Ya\u015fas\u0131n \u015eeriat-\u0131 Ahmed\u00ee Hakikat Sad\u00e2-y\u0131 Hakikat Redd\u00fc&#8217;l-Evham Hutbe-i \u015e\u00e2miye&#8217;nin birinci zeylinin zeylinden son par\u00e7ad\u0131r Kahraman askerlerimize Asakire Hitap Cemiyetlere ihtar-\u0131 m\u00fchim HAK\u0130KAT \u00c7EK\u0130RDEKLER\u0130 Hutbe-i \u015e\u00e2miye&#8217;nin \u0130kinci Zeylinin \u0130kinci K\u0131sm\u0131 S\u00fbre-i \u0130hl\u00e2s&#8217;\u0131n bir remzi 10. M\u00dcN\u00c2ZARAT \u0130fade-i Meram ve Uzunca Bir Mazeret Sualler ve cevaplar\u0131 11. D\u0130VAN-I HARB-\u0130 \u00d6RF\u00ce \u0130fade-i N\u00e2\u015fir \u0130ki Mekteb-i Musibetin \u015eehadetnamesi Mukaddime H\u00e2time Ya\u015fas\u0131n \u015eeriat-\u0131 Ahmed\u00ee Hakikat Sad\u00e2-y\u0131 Hakikat Ya\u015fas\u0131n Kur&#8217;\u00e2n-\u0131 Ker\u00eemin Kan\u00fbn-u Esas\u00eeleri H\u00fcrriyete Hitap<\/p>\n","protected":false},"excerpt":{"rendered":"<p>\u0130\u00c7\u0130NDEK\u0130LER Takdim \u00d6ns\u00f6z Giri\u015f 1. NUR&#8217;UN \u0130LK KAPISI Birinci ders \u0130kinci ders \u00dc\u00e7\u00fcnc\u00fc ders \u00dc\u00e7\u00fcnc\u00fc dersin zeyli D\u00f6rd\u00fcnc\u00fc ders Be\u015finci ders Alt\u0131nc\u0131 ders Yedinci ders Sekizinci<span class=\"excerpt-hellip\"> [\u2026]<\/span><\/p>\n","protected":false},"featured_media":0,"template":"","meta":{"_monsterinsights_skip_tracking":false,"_monsterinsights_sitenote_active":false,"_monsterinsights_sitenote_note":"","_monsterinsights_sitenote_category":0},"product_brand":[],"product_cat":[12718,12719,12720],"product_tag":[],"class_list":{"0":"post-747911","1":"product","2":"type-product","3":"status-publish","5":"product_cat-din","6":"product_cat-islam","7":"product_cat-tasavvuf-mezhepler-tarikatlar","8":"pa_cilt-ciltli","9":"pa_tur-kitap","10":"pa_yayinevi-soz-basim-yayin","11":"pa_yazar-bediuzzaman-said-i-nursi","13":"first","14":"instock","15":"sale","16":"shipping-taxable","17":"purchasable","18":"product-type-simple"},"_links":{"self":[{"href":"https:\/\/roveyayinevi.com.tr\/index.php\/wp-json\/wp\/v2\/product\/747911","targetHints":{"allow":["GET"]}}],"collection":[{"href":"https:\/\/roveyayinevi.com.tr\/index.php\/wp-json\/wp\/v2\/product"}],"about":[{"href":"https:\/\/roveyayinevi.com.tr\/index.php\/wp-json\/wp\/v2\/types\/product"}],"wp:attachment":[{"href":"https:\/\/roveyayinevi.com.tr\/index.php\/wp-json\/wp\/v2\/media?parent=747911"}],"wp:term":[{"taxonomy":"product_brand","embeddable":true,"href":"https:\/\/roveyayinevi.com.tr\/index.php\/wp-json\/wp\/v2\/product_brand?post=747911"},{"taxonomy":"product_cat","embeddable":true,"href":"https:\/\/roveyayinevi.com.tr\/index.php\/wp-json\/wp\/v2\/product_cat?post=747911"},{"taxonomy":"product_tag","embeddable":true,"href":"https:\/\/roveyayinevi.com.tr\/index.php\/wp-json\/wp\/v2\/product_tag?post=747911"}],"curies":[{"name":"wp","href":"https:\/\/api.w.org\/{rel}","templated":true}]}}