{"id":747893,"date":"2025-08-28T03:17:40","date_gmt":"2025-08-28T00:17:40","guid":{"rendered":"https:\/\/roveyayinevi.com.tr\/index.php\/urun\/simsekten-hizli\/"},"modified":"2026-04-16T03:00:37","modified_gmt":"2026-04-16T00:00:37","slug":"simsekten-hizli","status":"publish","type":"product","link":"https:\/\/roveyayinevi.com.tr\/index.php\/urun\/simsekten-hizli\/","title":{"rendered":"\u015eim\u015fekten H\u0131zl\u0131"},"content":{"rendered":"<p>Metehan, y\u00fcr\u00fcme engeli sebebiyle tekerlekli sandalyede olsa da e\u011fitime verdi\u011fi \u00f6nem ve hayata bak\u0131\u015f a\u00e7\u0131s\u0131 ile fark yaratan; \u00e7evresi taraf\u0131ndan sevilen, sayg\u0131l\u0131 ve bilime merakl\u0131 bir \u00e7ocuk. Evleri g\u00f6l kenar\u0131nda, s\u0131k a\u011fa\u00e7l\u0131klar\u0131n oldu\u011fu b\u00fcy\u00fck bir bah\u00e7eye sahipti. Metehan, g\u00f6l kenar\u0131nda kitap okumay\u0131 \u00e7ok severdi. O ak\u015fam, annesinden hava almak i\u00e7in izin isteyip g\u00f6l kenar\u0131na gitti. Tam hayal kurmaya ba\u015flam\u0131\u015ft\u0131 ki g\u00f6ky\u00fcz\u00fcnden gelen sesle g\u00f6zlerini a\u00e7t\u0131. O ak\u015fam ya\u015fad\u0131klar\u0131 Metehan\u2019\u0131n hayat\u0131n\u0131 tamamen de\u011fi\u015ftirecekti.    Metehan\u2019\u0131 oldu\u011fu ki\u015fiden s\u00fcper g\u00fc\u00e7lere sahip bir kahramana d\u00f6n\u00fc\u015ft\u00fcren neydi? Metehan ya\u015fayaca\u011f\u0131 maceralara haz\u0131rd\u0131 art\u0131k. Peki ya siz? Bu yolculukta bizimle beraber olmaya var m\u0131s\u0131n\u0131z?  <\/p>\n","protected":false},"excerpt":{"rendered":"<p>Metehan, y\u00fcr\u00fcme engeli sebebiyle tekerlekli sandalyede olsa da e\u011fitime verdi\u011fi \u00f6nem ve hayata bak\u0131\u015f a\u00e7\u0131s\u0131 ile fark yaratan; \u00e7evresi taraf\u0131ndan sevilen, sayg\u0131l\u0131 ve bilime merakl\u0131 bir<span class=\"excerpt-hellip\"> [\u2026]<\/span><\/p>\n","protected":false},"featured_media":0,"template":"","meta":{"_monsterinsights_skip_tracking":false,"_monsterinsights_sitenote_active":false,"_monsterinsights_sitenote_note":"","_monsterinsights_sitenote_category":0},"product_brand":[],"product_cat":[12689,12274],"product_tag":[],"class_list":{"0":"post-747893","1":"product","2":"type-product","3":"status-publish","5":"product_cat-cizgi-roman-cocuk-ve-genclik-kitaplari","6":"product_cat-cocuk-ve-genclik-kitaplari","7":"pa_cilt-ciltsiz","8":"pa_tur-kitap","9":"pa_yayinevi-fa-yayinlari","10":"pa_yazar-erkan-aksu","12":"first","13":"instock","14":"sale","15":"shipping-taxable","16":"purchasable","17":"product-type-simple"},"_links":{"self":[{"href":"https:\/\/roveyayinevi.com.tr\/index.php\/wp-json\/wp\/v2\/product\/747893","targetHints":{"allow":["GET"]}}],"collection":[{"href":"https:\/\/roveyayinevi.com.tr\/index.php\/wp-json\/wp\/v2\/product"}],"about":[{"href":"https:\/\/roveyayinevi.com.tr\/index.php\/wp-json\/wp\/v2\/types\/product"}],"wp:attachment":[{"href":"https:\/\/roveyayinevi.com.tr\/index.php\/wp-json\/wp\/v2\/media?parent=747893"}],"wp:term":[{"taxonomy":"product_brand","embeddable":true,"href":"https:\/\/roveyayinevi.com.tr\/index.php\/wp-json\/wp\/v2\/product_brand?post=747893"},{"taxonomy":"product_cat","embeddable":true,"href":"https:\/\/roveyayinevi.com.tr\/index.php\/wp-json\/wp\/v2\/product_cat?post=747893"},{"taxonomy":"product_tag","embeddable":true,"href":"https:\/\/roveyayinevi.com.tr\/index.php\/wp-json\/wp\/v2\/product_tag?post=747893"}],"curies":[{"name":"wp","href":"https:\/\/api.w.org\/{rel}","templated":true}]}}