{"id":747882,"date":"2025-08-28T03:17:26","date_gmt":"2025-08-28T00:17:26","guid":{"rendered":"https:\/\/roveyayinevi.com.tr\/index.php\/urun\/kuantum-ve-spirituellik\/"},"modified":"2026-04-12T03:03:50","modified_gmt":"2026-04-12T00:03:50","slug":"kuantum-ve-spirituellik","status":"publish","type":"product","link":"https:\/\/roveyayinevi.com.tr\/index.php\/urun\/kuantum-ve-spirituellik\/","title":{"rendered":"Kuantum ve Spiritu\u0308ellik"},"content":{"rendered":"<p>Kuantum teorisinin &#8220;nesnel ger\u00e7eklik&#8221; diye bir \u015feyin olmad\u0131\u011f\u0131n\u0131 ke\u015ffetmesi ne anlama geliyor? Bilincimiz arac\u0131l\u0131\u011f\u0131yla, kuantum teorisinin &#8220;r\u00fcya benzeri&#8221; olarak tan\u0131mlad\u0131\u011f\u0131 ger\u00e7eklik deneyimimizi yaratmaya nas\u0131l katk\u0131 sunuyoruz? Kuantum teorisinin ortaya koydu\u011fu gibi, ger\u00e7eklik dedi\u011fimiz \u015feyin bir r\u00fcyaya benzemesi, ne anlama geliyor? Kuantumun a\u00e7\u0131\u011fa \u00e7\u0131kard\u0131klar\u0131 ile Buddha&#8217;n\u0131n ayd\u0131nlanmas\u0131 aras\u0131nda nas\u0131l bir ba\u011flant\u0131 var? Kuantum fizi\u011finin ortaya \u00e7\u0131k\u0131\u015f\u0131yla, d\u00fcnyaya ve bize anlat\u0131lan ger\u00e7ekli\u011fe dair bildiklerimiz tamamen de\u011fi\u015fti. Bu, \u00f6yle bir de\u011fi\u015fiklikti ki, ne oldu\u011funu ke\u015ffetmek ve anlamak i\u00e7in insan bilincinin derinliklerine yap\u0131lacak bir yolculu\u011fu zorunlu k\u0131ld\u0131. Paul Levy, Kuantum ve Spirit\u00fcellik kitab\u0131nda, kuantum fizi\u011finin daha derin felsefi temelleri \u00fczerine kafa yoruyor, onun k\u0131\u015fk\u0131rtt\u0131\u011f\u0131 temel sorular\u0131 ara\u015ft\u0131r\u0131yor ve t\u00fcm bunlar\u0131, fizik bilmeyen okurlar\u0131n anlayabilece\u011fi bir dil ile aktar\u0131yor. Bu kitapta hem Albert Einstein, Niels Bohr, John Wheeler, Erwin Schr\u00f6dinger, Wolfgang Pauli, David Bohm, Richard Feynman ve Werner Heisenberg gibi son y\u00fczy\u0131l\u0131n en b\u00fcy\u00fck fizik\u00e7ilerinin bilgeli\u011fine hem de ger\u00e7ekli\u011fin derin do\u011fas\u0131na ili\u015fkin benzer bir g\u00f6r\u00fc\u015f\u00fcn dile getirilmesine kendilerine \u00f6zg\u00fc tarzlar\u0131yla katk\u0131da bulunan psikolog C. G. Jung, Dalai Lama ve bilimkurgu yazar\u0131 Philip K. Dick gibi fizik\u00e7i olmayan \u00f6nc\u00fclere ba\u015fvurdum. Sanki \u00e7\u0131lg\u0131n bir r\u00fcya g\u00f6r\u00fcyormu\u015fum gibi hissederken, bu b\u00fcy\u00fck d\u00fc\u015f\u00fcn\u00fcrler zihnimin i\u00e7inde \u201cr\u00fcya karakterleri\u201d h\u00e2line geldiler ve benim g\u00f6revim onlar\u0131n s\u00f6ylediklerini kendi deneyimimle bir \u015fekilde ba\u011fda\u015ft\u0131rmakt\u0131. <\/p>\n","protected":false},"excerpt":{"rendered":"<p>Kuantum teorisinin &#8220;nesnel ger\u00e7eklik&#8221; diye bir \u015feyin olmad\u0131\u011f\u0131n\u0131 ke\u015ffetmesi ne anlama geliyor? Bilincimiz arac\u0131l\u0131\u011f\u0131yla, kuantum teorisinin &#8220;r\u00fcya benzeri&#8221; olarak tan\u0131mlad\u0131\u011f\u0131 ger\u00e7eklik deneyimimizi yaratmaya nas\u0131l katk\u0131 sunuyoruz?<span class=\"excerpt-hellip\"> [\u2026]<\/span><\/p>\n","protected":false},"featured_media":0,"template":"","meta":{"_monsterinsights_skip_tracking":false,"_monsterinsights_sitenote_active":false,"_monsterinsights_sitenote_note":"","_monsterinsights_sitenote_category":0},"product_brand":[],"product_cat":[12364,12376],"product_tag":[],"class_list":{"0":"post-747882","1":"product","2":"type-product","3":"status-publish","5":"product_cat-genel-konular","6":"product_cat-kisisel-gelisim","7":"pa_cilt-ciltsiz","8":"pa_tur-kitap","9":"pa_yayinevi-omega","10":"pa_yazar-paul-levy","12":"first","13":"instock","14":"sale","15":"shipping-taxable","16":"purchasable","17":"product-type-simple"},"_links":{"self":[{"href":"https:\/\/roveyayinevi.com.tr\/index.php\/wp-json\/wp\/v2\/product\/747882","targetHints":{"allow":["GET"]}}],"collection":[{"href":"https:\/\/roveyayinevi.com.tr\/index.php\/wp-json\/wp\/v2\/product"}],"about":[{"href":"https:\/\/roveyayinevi.com.tr\/index.php\/wp-json\/wp\/v2\/types\/product"}],"wp:attachment":[{"href":"https:\/\/roveyayinevi.com.tr\/index.php\/wp-json\/wp\/v2\/media?parent=747882"}],"wp:term":[{"taxonomy":"product_brand","embeddable":true,"href":"https:\/\/roveyayinevi.com.tr\/index.php\/wp-json\/wp\/v2\/product_brand?post=747882"},{"taxonomy":"product_cat","embeddable":true,"href":"https:\/\/roveyayinevi.com.tr\/index.php\/wp-json\/wp\/v2\/product_cat?post=747882"},{"taxonomy":"product_tag","embeddable":true,"href":"https:\/\/roveyayinevi.com.tr\/index.php\/wp-json\/wp\/v2\/product_tag?post=747882"}],"curies":[{"name":"wp","href":"https:\/\/api.w.org\/{rel}","templated":true}]}}