{"id":747879,"date":"2025-08-28T03:17:22","date_gmt":"2025-08-28T00:17:22","guid":{"rendered":"https:\/\/roveyayinevi.com.tr\/index.php\/urun\/cagaster-5\/"},"modified":"2026-04-16T03:00:37","modified_gmt":"2026-04-16T00:00:37","slug":"cagaster-5","status":"publish","type":"product","link":"https:\/\/roveyayinevi.com.tr\/index.php\/urun\/cagaster-5\/","title":{"rendered":"Cagaster &#8211; 5"},"content":{"rendered":"<p>Kidow ve Ilie, Harb Adham\u2019\u0131n kontrol\u00fc tekrar ele ge\u00e7irmesine engel olmak i\u00e7in h\u0131zla taht odas\u0131na giderler. Gen\u00e7 k\u0131z, gelece\u011fine ili\u015fkin bir karar alabilmek i\u00e7in annesini g\u00f6rmek ister. E-05\u2019te de \u00e7at\u0131\u015fmalar \u015fiddetlenir, Bat\u0131 Portal\u0131\u2019n\u0131n savunmas\u0131 koalisyon ordusunun sald\u0131r\u0131s\u0131na daha fazla dayanamaz. Art\u0131k sakinlerin tek kurtulu\u015f umudu Azuria kentidir&#8230;     S\u00fcrpriz \u00f6yk\u00fc \u201cPrenses Butterfly\u2019\u0131n Maceras\u0131\u201d hediyesiyle!   <\/p>\n","protected":false},"excerpt":{"rendered":"<p>Kidow ve Ilie, Harb Adham\u2019\u0131n kontrol\u00fc tekrar ele ge\u00e7irmesine engel olmak i\u00e7in h\u0131zla taht odas\u0131na giderler. Gen\u00e7 k\u0131z, gelece\u011fine ili\u015fkin bir karar alabilmek i\u00e7in annesini g\u00f6rmek<span class=\"excerpt-hellip\"> [\u2026]<\/span><\/p>\n","protected":false},"featured_media":0,"template":"","meta":{"_monsterinsights_skip_tracking":false,"_monsterinsights_sitenote_active":false,"_monsterinsights_sitenote_note":"","_monsterinsights_sitenote_category":0},"product_brand":[],"product_cat":[12416,12291],"product_tag":[],"class_list":{"0":"post-747879","1":"product","2":"type-product","3":"status-publish","5":"product_cat-cizgi-roman","6":"product_cat-edebiyat","7":"pa_cilt-ciltsiz","8":"pa_tur-kitap","9":"pa_yayinevi-dex-yayinevi","10":"pa_yazar-kachou-hashimoto","12":"first","13":"instock","14":"sale","15":"shipping-taxable","16":"purchasable","17":"product-type-simple"},"_links":{"self":[{"href":"https:\/\/roveyayinevi.com.tr\/index.php\/wp-json\/wp\/v2\/product\/747879","targetHints":{"allow":["GET"]}}],"collection":[{"href":"https:\/\/roveyayinevi.com.tr\/index.php\/wp-json\/wp\/v2\/product"}],"about":[{"href":"https:\/\/roveyayinevi.com.tr\/index.php\/wp-json\/wp\/v2\/types\/product"}],"wp:attachment":[{"href":"https:\/\/roveyayinevi.com.tr\/index.php\/wp-json\/wp\/v2\/media?parent=747879"}],"wp:term":[{"taxonomy":"product_brand","embeddable":true,"href":"https:\/\/roveyayinevi.com.tr\/index.php\/wp-json\/wp\/v2\/product_brand?post=747879"},{"taxonomy":"product_cat","embeddable":true,"href":"https:\/\/roveyayinevi.com.tr\/index.php\/wp-json\/wp\/v2\/product_cat?post=747879"},{"taxonomy":"product_tag","embeddable":true,"href":"https:\/\/roveyayinevi.com.tr\/index.php\/wp-json\/wp\/v2\/product_tag?post=747879"}],"curies":[{"name":"wp","href":"https:\/\/api.w.org\/{rel}","templated":true}]}}