{"id":747850,"date":"2025-08-28T03:16:41","date_gmt":"2025-08-28T00:16:41","guid":{"rendered":"https:\/\/roveyayinevi.com.tr\/index.php\/urun\/hurufilik\/"},"modified":"2026-04-16T03:00:36","modified_gmt":"2026-04-16T00:00:36","slug":"hurufilik","status":"publish","type":"product","link":"https:\/\/roveyayinevi.com.tr\/index.php\/urun\/hurufilik\/","title":{"rendered":"Hurufilik"},"content":{"rendered":"<p>Hurufilik, Fazlullah taraf\u0131ndan 14. y\u00fczy\u0131l\u0131n \u0130ran\u2019\u0131nda kurulmu\u015f ve izleri, eserlerin istinsah\u0131 itibar\u0131yla 19. y\u00fczy\u0131la kadar Anadolu ve Balkanlar\u2019da takip edilebilen mistik ve felsefi bir ak\u0131md\u0131r. Hurufiler, t\u00fcm felsefelerini harfler \u00fczerine kurmalar\u0131 nedeniyle harflerden bir \u015fekilde bahsetmi\u015f olan di\u011fer felsefi-mistik ak\u0131mlardan ve harf\u00e7ilerden ayr\u0131l\u0131rlar. Bu a\u00e7\u0131dan d\u00fc\u015f\u00fcn\u00fcld\u00fc\u011f\u00fcnde Hurufilik \u0130slam d\u00fcnyas\u0131nda, belki de d\u00fcnya k\u00fclt\u00fcr tarihinde ayr\u0131cal\u0131kl\u0131 ve e\u015fsiz bir konumdad\u0131r. Mevcut harflerin t\u00fcm\u00fc 32 tanedir. Bu harfler yarat\u0131l\u0131\u015f\u0131n temel ara\u00e7lar\u0131 olmas\u0131ndan ziyade t\u00fcm varl\u0131\u011f\u0131n ve mevcudiyetin temelini olu\u015fturmaktad\u0131r. Ayn\u0131 harfler namaz, oru\u00e7, hac, k\u0131sacas\u0131 t\u00fcm ibadetlerin temeli ve gayesi olarak g\u00f6r\u00fclm\u00fc\u015ft\u00fcr. Bu geni\u015f yorum yelpazesinde Hurufiler harfler arac\u0131l\u0131\u011f\u0131yla \u0130ncil ve Tevrat ayetlerini de yorumlam\u0131\u015flard\u0131r.<\/p>\n","protected":false},"excerpt":{"rendered":"<p>Hurufilik, Fazlullah taraf\u0131ndan 14. y\u00fczy\u0131l\u0131n \u0130ran\u2019\u0131nda kurulmu\u015f ve izleri, eserlerin istinsah\u0131 itibar\u0131yla 19. y\u00fczy\u0131la kadar Anadolu ve Balkanlar\u2019da takip edilebilen mistik ve felsefi bir ak\u0131md\u0131r. Hurufiler,<span class=\"excerpt-hellip\"> [\u2026]<\/span><\/p>\n","protected":false},"featured_media":0,"template":"","meta":{"_monsterinsights_skip_tracking":false,"_monsterinsights_sitenote_active":false,"_monsterinsights_sitenote_note":"","_monsterinsights_sitenote_category":0},"product_brand":[],"product_cat":[16038,12388],"product_tag":[],"class_list":{"0":"post-747850","1":"product","2":"type-product","3":"status-publish","5":"product_cat-arastirma-inceleme-referans-felsefe","6":"product_cat-felsefe","7":"pa_cilt-ciltsiz","8":"pa_tur-kitap","9":"pa_yayinevi-alfa-yayinlari","10":"pa_yazar-fatih-usluer","12":"first","13":"instock","14":"sale","15":"shipping-taxable","16":"purchasable","17":"product-type-simple"},"_links":{"self":[{"href":"https:\/\/roveyayinevi.com.tr\/index.php\/wp-json\/wp\/v2\/product\/747850","targetHints":{"allow":["GET"]}}],"collection":[{"href":"https:\/\/roveyayinevi.com.tr\/index.php\/wp-json\/wp\/v2\/product"}],"about":[{"href":"https:\/\/roveyayinevi.com.tr\/index.php\/wp-json\/wp\/v2\/types\/product"}],"wp:attachment":[{"href":"https:\/\/roveyayinevi.com.tr\/index.php\/wp-json\/wp\/v2\/media?parent=747850"}],"wp:term":[{"taxonomy":"product_brand","embeddable":true,"href":"https:\/\/roveyayinevi.com.tr\/index.php\/wp-json\/wp\/v2\/product_brand?post=747850"},{"taxonomy":"product_cat","embeddable":true,"href":"https:\/\/roveyayinevi.com.tr\/index.php\/wp-json\/wp\/v2\/product_cat?post=747850"},{"taxonomy":"product_tag","embeddable":true,"href":"https:\/\/roveyayinevi.com.tr\/index.php\/wp-json\/wp\/v2\/product_tag?post=747850"}],"curies":[{"name":"wp","href":"https:\/\/api.w.org\/{rel}","templated":true}]}}