{"id":747830,"date":"2025-08-28T03:16:11","date_gmt":"2025-08-28T00:16:11","guid":{"rendered":"https:\/\/roveyayinevi.com.tr\/index.php\/urun\/dunya-klasikleri-40-kitap-takim\/"},"modified":"2026-04-16T03:00:35","modified_gmt":"2026-04-16T00:00:35","slug":"dunya-klasikleri-40-kitap-takim","status":"publish","type":"product","link":"https:\/\/roveyayinevi.com.tr\/index.php\/urun\/dunya-klasikleri-40-kitap-takim\/","title":{"rendered":"D\u00fcnya Klasikleri (40 Kitap Tak\u0131m)"},"content":{"rendered":"<p>Ge\u00e7mi\u015ften g\u00fcn\u00fcm\u00fcze ula\u015fm\u0131\u015f d\u00fcnya edebiyat\u0131n\u0131n b\u00fcy\u00fck yazarlar\u0131n\u0131n se\u00e7kin eserleri,40 kitapl\u0131k set h\u00e2linde haz\u0131rlanm\u0131\u015ft\u0131r.1-Nana \/ Em\u0131le Zola2-Su\u00e7 Ve Ceza \/ Dostoyevski3-Sokrates&#8217;in Savunmas\u0131 \/ Platon4-Madam Bovary \/ Gustave Flaubert5-Don Ki\u015fot \/ Cervantes6-Kamelyal\u0131 Kad\u0131n \/ Alexandre Dumas F\u0131ls7-Anna Karenina \/ Talstoy8-Devlet \/ Eflatun9-\u0130tirafalar\u0131m \/ Tolstoy10- Monte Kristo Kontu \/ Alexandre Dumas11-Benim \u00dcnversitelerim \/ Maksim Gorki12-Beyaz Zambaklar \u00dclkesinde \/ Gr\u0131gory Petrov13-Din Nedir \/ Tolstoy14-Beyaz Geceler \/ Dostoyevski15-Hayat \u00dczerine D\u00fc\u015f\u00fcnceler \/ Tolstoy16- Budala \/ Dostoyevski17-Ac\u0131mak \/ Stefan Zwe\u0131g18-Yeralt\u0131ndan Notlar \/ Dostoyevski19-\u00c7ocuklu\u011fum \/ Maksim Gorki20-\u0130nsan Ne ile Ya\u015far \/ Tolstoy21-Sefiller \/ V\u0131ctor Hugo22- B\u00fcy\u00fck Umutlar \/ Charles Dickens23-Ana \/ Maksim Gorki24-Vadideki Zambak \/ Balzac25-Beyaz Di\u015f \/ Jack London26- Denemeler \/ Michel de Montaigne27- Hac\u0131 Murat \/ Lev Nikolayevi\u00e7 Tolstoy28-Kelile ve Dimne \/ Beydaba29-Akdeniz \/ Panait Istrati30-K\u0131rm\u0131z\u0131 Ve siyah \/ Stendhal31- \u0130ki \u015eehrin Hikayesi \/ Charles Dickens32-Babalar Ve O\u011fullar \/ Turganyev33-Antikac\u0131 D\u00fckkan\u0131 \/ Charles D\u0131ckens34-Goriot Baba \/ Bazac35-Faust \/ Goethe36-B\u00f6yle Buyurdu Berd\u00fc\u015ft \/ Friedrich Wilhelm Nietzsche37-Arkada\u015f \/ Maksim Gorki38-Kumarbaz \/ Dostoyevski39-\u00d6l\u00fc Canlar \/ Gogol40-Siyah Lale\/Alexandre Dumas<\/p>\n","protected":false},"excerpt":{"rendered":"<p>Ge\u00e7mi\u015ften g\u00fcn\u00fcm\u00fcze ula\u015fm\u0131\u015f d\u00fcnya edebiyat\u0131n\u0131n b\u00fcy\u00fck yazarlar\u0131n\u0131n se\u00e7kin eserleri,40 kitapl\u0131k set h\u00e2linde haz\u0131rlanm\u0131\u015ft\u0131r.1-Nana \/ Em\u0131le Zola2-Su\u00e7 Ve Ceza \/ Dostoyevski3-Sokrates&#8217;in Savunmas\u0131 \/ Platon4-Madam Bovary \/ Gustave<span class=\"excerpt-hellip\"> [\u2026]<\/span><\/p>\n","protected":false},"featured_media":0,"template":"","meta":{"_monsterinsights_skip_tracking":false,"_monsterinsights_sitenote_active":false,"_monsterinsights_sitenote_note":"","_monsterinsights_sitenote_category":0},"product_brand":[],"product_cat":[12291,12866],"product_tag":[],"class_list":{"0":"post-747830","1":"product","2":"type-product","3":"status-publish","5":"product_cat-edebiyat","6":"product_cat-ingiliz-edebiyati","7":"pa_cilt-ciltsiz","8":"pa_tur-kitap","9":"pa_yayinevi-ema-kitap","10":"pa_yazar-kolektif","12":"first","13":"instock","14":"sale","15":"shipping-taxable","16":"purchasable","17":"product-type-simple"},"_links":{"self":[{"href":"https:\/\/roveyayinevi.com.tr\/index.php\/wp-json\/wp\/v2\/product\/747830","targetHints":{"allow":["GET"]}}],"collection":[{"href":"https:\/\/roveyayinevi.com.tr\/index.php\/wp-json\/wp\/v2\/product"}],"about":[{"href":"https:\/\/roveyayinevi.com.tr\/index.php\/wp-json\/wp\/v2\/types\/product"}],"wp:attachment":[{"href":"https:\/\/roveyayinevi.com.tr\/index.php\/wp-json\/wp\/v2\/media?parent=747830"}],"wp:term":[{"taxonomy":"product_brand","embeddable":true,"href":"https:\/\/roveyayinevi.com.tr\/index.php\/wp-json\/wp\/v2\/product_brand?post=747830"},{"taxonomy":"product_cat","embeddable":true,"href":"https:\/\/roveyayinevi.com.tr\/index.php\/wp-json\/wp\/v2\/product_cat?post=747830"},{"taxonomy":"product_tag","embeddable":true,"href":"https:\/\/roveyayinevi.com.tr\/index.php\/wp-json\/wp\/v2\/product_tag?post=747830"}],"curies":[{"name":"wp","href":"https:\/\/api.w.org\/{rel}","templated":true}]}}