{"id":747818,"date":"2025-08-28T03:15:47","date_gmt":"2025-08-28T00:15:47","guid":{"rendered":"https:\/\/roveyayinevi.com.tr\/index.php\/urun\/ergen-halleri\/"},"modified":"2026-02-03T03:13:12","modified_gmt":"2026-02-03T00:13:12","slug":"ergen-halleri","status":"publish","type":"product","link":"https:\/\/roveyayinevi.com.tr\/index.php\/urun\/ergen-halleri\/","title":{"rendered":"Ergen Halleri"},"content":{"rendered":"<p>Ergenlik, ergen ana babas\u0131 olmak, Z ku\u015fa\u011f\u0131\u2026 Malum, bunlar son y\u0131llar\u0131n epey m\u00fchim mevzular\u0131. Gergin \u00e7ocuklar\u0131n\u0131 \u015fa\u015fk\u0131nl\u0131kla seyreden ana babalar bir yanda, ergenler ve reng\u00e2renk dertleri di\u011fer yanda. \u00c7ocu\u011funuz muhtelif hormon ve duygunun bask\u0131s\u0131 alt\u0131ndad\u0131r, muhtemelen ba\u015fka birine d\u00f6n\u00fc\u015fmektedir, sizden ayr\u0131l\u0131rken k\u0131r\u0131p d\u00f6kmektedir. Hepsi kabul ve siz bu vakti nas\u0131l y\u00f6neteceksiniz, ki bu d\u00f6nem ho\u015f bir seda olarak an\u0131lar\u0131m\u0131zdaki yerini als\u0131n? Bizim i\u00e7in de, \u00e7ocuklar\u0131m\u0131z i\u00e7in de. Sevgili Sebla G\u00f6k\u00e7e ve Emir Er\u00fcnsal bu mevzularda bana epey destek oldular. \u015eimdi destek size gelsin. G\u00fclcan \u00d6zer, Herkes Kendi Hayat\u0131n\u0131n Kahraman\u0131 kitab\u0131n\u0131n yazar\u0131   Bu kitab\u0131n temel saptamalar\u0131: Ergenlik hayat\u0131n de\u011fi\u015fikliklerle dolu bir evresi, geli\u015fimin kritik bir a\u015famas\u0131. Ruh sa\u011fl\u0131\u011f\u0131 bu de\u011fi\u015fikliklerin gecikmesi ya da yolunu \u015fa\u015f\u0131rmas\u0131 gibi etkenlerle bozulabilen bir denge. Ergenlik a\u015famas\u0131nda tak\u0131l\u0131p tak\u0131lmayaca\u011f\u0131m\u0131z ise bu dengenin nas\u0131l korundu\u011funa ba\u011fl\u0131. Ergenleri ve anne babalar\u0131n\u0131 tan\u0131yan, bilimsel verileri anlay\u0131p yorumlayan Sebla G\u00f6k\u00e7e ve Emir Er\u00fcnsal rahat okunan, dolu dolu bir kitap yazm\u0131\u015flar. Yank\u0131 Yazgan, D\u00fc\u015fe Kalka B\u00fcy\u00fcmek ve \u00c7ocuklu Hayat kitaplar\u0131n\u0131n yazar\u0131   Aileler bir yandan kendi ergenlik d\u00f6nemlerini \u00f6zlerken, di\u011fer yandan \u00e7ocuklar\u0131n\u0131n ergenlik d\u00f6nemine ili\u015fkin kayg\u0131lar ya\u015farlar. Ergen ailesi olman\u0131n zorluklar\u0131 vard\u0131r ama asl\u0131nda ergen olmak da bir o kadar zordur. Hem ergen olman\u0131n zorluklar\u0131 hem de bir ergenle ya\u015faman\u0131n endi\u015fesiyle ba\u015f etmenin en iyi yolu, ergenlik hakk\u0131nda do\u011fru bilgiler edinmektir. Ergen Halleri aileler ve ergenler i\u00e7in do\u011fru bilgilenmenin iyi kaynaklar\u0131ndan biri olacakt\u0131r. Prof. Dr. Bengi Semerci   Ebeveynlerin ergenleri anlamas\u0131 i\u00e7in sade bir k\u0131lavuz niteli\u011findeki bu kitab\u0131n ergenler ile ebeveynlerinin ileti\u015fimini g\u00fc\u00e7lendirmede ayd\u0131nlat\u0131c\u0131 bir kaynak olaca\u011f\u0131n\u0131 d\u00fc\u015f\u00fcn\u00fcyorum. Prof. Dr. Emine Zinnur K\u0131l\u0131\u00e7 <\/p>\n","protected":false},"excerpt":{"rendered":"<p>Ergenlik, ergen ana babas\u0131 olmak, Z ku\u015fa\u011f\u0131\u2026 Malum, bunlar son y\u0131llar\u0131n epey m\u00fchim mevzular\u0131. Gergin \u00e7ocuklar\u0131n\u0131 \u015fa\u015fk\u0131nl\u0131kla seyreden ana babalar bir yanda, ergenler ve reng\u00e2renk dertleri<span class=\"excerpt-hellip\"> [\u2026]<\/span><\/p>\n","protected":false},"featured_media":0,"template":"","meta":{"_monsterinsights_skip_tracking":false,"_monsterinsights_sitenote_active":false,"_monsterinsights_sitenote_note":"","_monsterinsights_sitenote_category":0},"product_brand":[],"product_cat":[12357],"product_tag":[],"class_list":{"0":"post-747818","1":"product","2":"type-product","3":"status-publish","5":"product_cat-psikoloji","6":"pa_cilt-ciltsiz","7":"pa_tur-kitap","8":"pa_yayinevi-dogan-kitap","9":"pa_yazar-sebla-gokce-emir-erunsal","11":"first","12":"instock","13":"sale","14":"shipping-taxable","15":"purchasable","16":"product-type-simple"},"_links":{"self":[{"href":"https:\/\/roveyayinevi.com.tr\/index.php\/wp-json\/wp\/v2\/product\/747818","targetHints":{"allow":["GET"]}}],"collection":[{"href":"https:\/\/roveyayinevi.com.tr\/index.php\/wp-json\/wp\/v2\/product"}],"about":[{"href":"https:\/\/roveyayinevi.com.tr\/index.php\/wp-json\/wp\/v2\/types\/product"}],"wp:attachment":[{"href":"https:\/\/roveyayinevi.com.tr\/index.php\/wp-json\/wp\/v2\/media?parent=747818"}],"wp:term":[{"taxonomy":"product_brand","embeddable":true,"href":"https:\/\/roveyayinevi.com.tr\/index.php\/wp-json\/wp\/v2\/product_brand?post=747818"},{"taxonomy":"product_cat","embeddable":true,"href":"https:\/\/roveyayinevi.com.tr\/index.php\/wp-json\/wp\/v2\/product_cat?post=747818"},{"taxonomy":"product_tag","embeddable":true,"href":"https:\/\/roveyayinevi.com.tr\/index.php\/wp-json\/wp\/v2\/product_tag?post=747818"}],"curies":[{"name":"wp","href":"https:\/\/api.w.org\/{rel}","templated":true}]}}