{"id":747794,"date":"2025-08-28T03:15:20","date_gmt":"2025-08-28T00:15:20","guid":{"rendered":"https:\/\/roveyayinevi.com.tr\/index.php\/urun\/elmer\/"},"modified":"2026-04-16T03:00:33","modified_gmt":"2026-04-16T00:00:33","slug":"elmer","status":"publish","type":"product","link":"https:\/\/roveyayinevi.com.tr\/index.php\/urun\/elmer\/","title":{"rendered":"Elmer"},"content":{"rendered":"<p>Bir zamanlar, bir fil s\u00fcr\u00fcs\u00fc ya\u015farm\u0131\u015f.Hepsi ayn\u0131 renkteymi\u015f ve \u00e7ok mutlularm\u0131\u015f.Ama Elmer onlardan farkl\u0131ym\u0131\u015f.Fil renginde de\u011filmi\u015f Elmer, yamal\u0131 bir filmi\u015f.<\/p>\n","protected":false},"excerpt":{"rendered":"<p>Bir zamanlar, bir fil s\u00fcr\u00fcs\u00fc ya\u015farm\u0131\u015f.Hepsi ayn\u0131 renkteymi\u015f ve \u00e7ok mutlularm\u0131\u015f.Ama Elmer onlardan farkl\u0131ym\u0131\u015f.Fil renginde de\u011filmi\u015f Elmer, yamal\u0131 bir filmi\u015f.<\/p>\n","protected":false},"featured_media":0,"template":"","meta":{"_monsterinsights_skip_tracking":false,"_monsterinsights_sitenote_active":false,"_monsterinsights_sitenote_note":"","_monsterinsights_sitenote_category":0},"product_brand":[],"product_cat":[12274,12284],"product_tag":[],"class_list":{"0":"post-747794","1":"product","2":"type-product","3":"status-publish","5":"product_cat-cocuk-ve-genclik-kitaplari","6":"product_cat-hikayeler","7":"pa_cilt-ciltsiz","8":"pa_tur-kitap","9":"pa_yayinevi-mundi","10":"pa_yazar-david-mckee","12":"first","13":"instock","14":"sale","15":"shipping-taxable","16":"purchasable","17":"product-type-simple"},"_links":{"self":[{"href":"https:\/\/roveyayinevi.com.tr\/index.php\/wp-json\/wp\/v2\/product\/747794","targetHints":{"allow":["GET"]}}],"collection":[{"href":"https:\/\/roveyayinevi.com.tr\/index.php\/wp-json\/wp\/v2\/product"}],"about":[{"href":"https:\/\/roveyayinevi.com.tr\/index.php\/wp-json\/wp\/v2\/types\/product"}],"wp:attachment":[{"href":"https:\/\/roveyayinevi.com.tr\/index.php\/wp-json\/wp\/v2\/media?parent=747794"}],"wp:term":[{"taxonomy":"product_brand","embeddable":true,"href":"https:\/\/roveyayinevi.com.tr\/index.php\/wp-json\/wp\/v2\/product_brand?post=747794"},{"taxonomy":"product_cat","embeddable":true,"href":"https:\/\/roveyayinevi.com.tr\/index.php\/wp-json\/wp\/v2\/product_cat?post=747794"},{"taxonomy":"product_tag","embeddable":true,"href":"https:\/\/roveyayinevi.com.tr\/index.php\/wp-json\/wp\/v2\/product_tag?post=747794"}],"curies":[{"name":"wp","href":"https:\/\/api.w.org\/{rel}","templated":true}]}}