{"id":747783,"date":"2025-08-28T03:15:06","date_gmt":"2025-08-28T00:15:06","guid":{"rendered":"https:\/\/roveyayinevi.com.tr\/index.php\/urun\/catisma\/"},"modified":"2026-04-16T03:00:33","modified_gmt":"2026-04-16T00:00:33","slug":"catisma","status":"publish","type":"product","link":"https:\/\/roveyayinevi.com.tr\/index.php\/urun\/catisma\/","title":{"rendered":"\u00c7at\u0131\u015fma"},"content":{"rendered":"<p>Ya tart\u0131\u015f\u0131r\u0131z ya da tart\u0131\u015fmayarak hi\u00e7bir sonu\u00e7 almamay\u0131 tercih ederiz. Zehirli bir tart\u0131\u015fmadan daha k\u00f6t\u00fc olan tek \u015fey, hi\u00e7 tart\u0131\u015fmamakt\u0131r.   Farkl\u0131 g\u00f6r\u00fc\u015flere sahip insanlar\u0131n verimli bir \u015fekilde tart\u0131\u015fmakta zorland\u0131\u011f\u0131 ortada. Bug\u00fcnlerde \u00e7o\u011fumuz sadece toplum i\u00e7inde de\u011fil \u00f6zel hayatlar\u0131m\u0131zda da frene basmay\u0131 ak\u0131l edemiyor hatta zaman zaman a\u015f\u0131r\u0131 dozda h\u0131r\u00e7\u0131nla\u015fabiliyoruz. Fikir ayr\u0131l\u0131klar\u0131m\u0131zla ba\u015fa \u00e7\u0131kma beceriksizli\u011fimizse ilerlememizin \u00f6n\u00fcndeki b\u00fcy\u00fck engel.   Oysa fikir ayr\u0131l\u0131klar\u0131n\u0131n toplumlar\u0131n ilerlemesi konusunda \u00f6nemi \u00e7ok b\u00fcy\u00fck. Anla\u015fmazl\u0131k da, evlilikten ticarete hatta demokrasiye kadar herhangi bir ortak giri\u015fimin sa\u011fl\u0131\u011f\u0131 i\u00e7in gerekli olan en iyi d\u00fc\u015f\u00fcnce bi\u00e7imi.   Bu durumda akla gelen sorular \u015funlar: \u00c7eli\u015fen g\u00f6r\u00fc\u015flerimizi toksik tart\u0131\u015fmalara girmeden ifade edemez miyiz? Bizi engelleyen ne? Daha da \u00f6nemlisi aram\u0131zdaki \u00e7at\u0131\u015fmalar\u0131n bizi b\u00f6lmek yerine bir araya getirmesini nas\u0131l sa\u011flar\u0131z? Ian Leslie\u2019nin yazd\u0131\u011f\u0131 \u00c7at\u0131\u015fma, tam da bu konuda bize yol g\u00f6sterecek, verimli anla\u015fmazl\u0131k konusunda kendimizi geli\u015ftirmemizi sa\u011flayacak bir kitap.<\/p>\n","protected":false},"excerpt":{"rendered":"<p>Ya tart\u0131\u015f\u0131r\u0131z ya da tart\u0131\u015fmayarak hi\u00e7bir sonu\u00e7 almamay\u0131 tercih ederiz. Zehirli bir tart\u0131\u015fmadan daha k\u00f6t\u00fc olan tek \u015fey, hi\u00e7 tart\u0131\u015fmamakt\u0131r. Farkl\u0131 g\u00f6r\u00fc\u015flere sahip insanlar\u0131n verimli bir<span class=\"excerpt-hellip\"> [\u2026]<\/span><\/p>\n","protected":false},"featured_media":0,"template":"","meta":{"_monsterinsights_skip_tracking":false,"_monsterinsights_sitenote_active":false,"_monsterinsights_sitenote_note":"","_monsterinsights_sitenote_category":0},"product_brand":[],"product_cat":[52477],"product_tag":[],"class_list":{"0":"post-747783","1":"product","2":"type-product","3":"status-publish","5":"product_cat-arastirma","6":"pa_cilt-ciltsiz","7":"pa_tur-kitap","8":"pa_yayinevi-turkuvaz-kitap","9":"pa_yazar-ian-leslie","11":"first","12":"instock","13":"sale","14":"shipping-taxable","15":"purchasable","16":"product-type-simple"},"_links":{"self":[{"href":"https:\/\/roveyayinevi.com.tr\/index.php\/wp-json\/wp\/v2\/product\/747783","targetHints":{"allow":["GET"]}}],"collection":[{"href":"https:\/\/roveyayinevi.com.tr\/index.php\/wp-json\/wp\/v2\/product"}],"about":[{"href":"https:\/\/roveyayinevi.com.tr\/index.php\/wp-json\/wp\/v2\/types\/product"}],"wp:attachment":[{"href":"https:\/\/roveyayinevi.com.tr\/index.php\/wp-json\/wp\/v2\/media?parent=747783"}],"wp:term":[{"taxonomy":"product_brand","embeddable":true,"href":"https:\/\/roveyayinevi.com.tr\/index.php\/wp-json\/wp\/v2\/product_brand?post=747783"},{"taxonomy":"product_cat","embeddable":true,"href":"https:\/\/roveyayinevi.com.tr\/index.php\/wp-json\/wp\/v2\/product_cat?post=747783"},{"taxonomy":"product_tag","embeddable":true,"href":"https:\/\/roveyayinevi.com.tr\/index.php\/wp-json\/wp\/v2\/product_tag?post=747783"}],"curies":[{"name":"wp","href":"https:\/\/api.w.org\/{rel}","templated":true}]}}