{"id":747768,"date":"2025-08-28T03:14:45","date_gmt":"2025-08-28T00:14:45","guid":{"rendered":"https:\/\/roveyayinevi.com.tr\/index.php\/urun\/erisilmez-hizin-kosuculari\/"},"modified":"2026-04-16T03:00:32","modified_gmt":"2026-04-16T00:00:32","slug":"erisilmez-hizin-kosuculari","status":"publish","type":"product","link":"https:\/\/roveyayinevi.com.tr\/index.php\/urun\/erisilmez-hizin-kosuculari\/","title":{"rendered":"Eri\u015filmez H\u0131z\u0131n Ko\u015fucular\u0131"},"content":{"rendered":"<p>Birbirleriyle dans edercesine bazen zaman\u0131n i\u00e7inde bazen de mek\u00e2nlar aras\u0131 yolculuklar yapan s\u00f6zc\u00fckler\u2026 S\u00f6zc\u00fcklerin birbirlerinden etkile\u015fiminden, \u00e7eli\u015fmelerinden vb. yola \u00e7\u0131k\u0131larak yap\u0131lan diyalektik \u00e7\u00f6z\u00fcmlemeler\u2026 Ya\u015fam\u0131n ak\u0131\u015f\u0131 i\u00e7inde S\u00dcRE\u2019nin s\u0131n\u0131rlar\u0131n\u0131 zorlayan S\u00dcRE\u00c7LER\u2026 Yer yer MAKALE d\u00fczeyine y\u00fckselse de \u00e7o\u011funlukla g\u00fcnceli izleyen K\u00d6\u015eE YAZISI tad\u0131nda; kimi zaman da kavramlar\u0131n ruhuna, derinliklerine inip gezinen DENEME havas\u0131nda kaleme al\u0131nm\u0131\u015f G\u00dcNCELER ile bulu\u015fuyoruz kitapta\u2026<\/p>\n","protected":false},"excerpt":{"rendered":"<p>Birbirleriyle dans edercesine bazen zaman\u0131n i\u00e7inde bazen de mek\u00e2nlar aras\u0131 yolculuklar yapan s\u00f6zc\u00fckler\u2026 S\u00f6zc\u00fcklerin birbirlerinden etkile\u015fiminden, \u00e7eli\u015fmelerinden vb. yola \u00e7\u0131k\u0131larak yap\u0131lan diyalektik \u00e7\u00f6z\u00fcmlemeler\u2026 Ya\u015fam\u0131n ak\u0131\u015f\u0131 i\u00e7inde<span class=\"excerpt-hellip\"> [\u2026]<\/span><\/p>\n","protected":false},"featured_media":0,"template":"","meta":{"_monsterinsights_skip_tracking":false,"_monsterinsights_sitenote_active":false,"_monsterinsights_sitenote_note":"","_monsterinsights_sitenote_category":0},"product_brand":[],"product_cat":[12777,12291],"product_tag":[],"class_list":{"0":"post-747768","1":"product","2":"type-product","3":"status-publish","5":"product_cat-deneme","6":"product_cat-edebiyat","7":"pa_cilt-ciltsiz","8":"pa_tur-kitap","9":"pa_yayinevi-smirna-yayinlari","10":"pa_yazar-ertugrul-ozuaydin","12":"first","13":"instock","14":"sale","15":"shipping-taxable","16":"purchasable","17":"product-type-simple"},"_links":{"self":[{"href":"https:\/\/roveyayinevi.com.tr\/index.php\/wp-json\/wp\/v2\/product\/747768","targetHints":{"allow":["GET"]}}],"collection":[{"href":"https:\/\/roveyayinevi.com.tr\/index.php\/wp-json\/wp\/v2\/product"}],"about":[{"href":"https:\/\/roveyayinevi.com.tr\/index.php\/wp-json\/wp\/v2\/types\/product"}],"wp:attachment":[{"href":"https:\/\/roveyayinevi.com.tr\/index.php\/wp-json\/wp\/v2\/media?parent=747768"}],"wp:term":[{"taxonomy":"product_brand","embeddable":true,"href":"https:\/\/roveyayinevi.com.tr\/index.php\/wp-json\/wp\/v2\/product_brand?post=747768"},{"taxonomy":"product_cat","embeddable":true,"href":"https:\/\/roveyayinevi.com.tr\/index.php\/wp-json\/wp\/v2\/product_cat?post=747768"},{"taxonomy":"product_tag","embeddable":true,"href":"https:\/\/roveyayinevi.com.tr\/index.php\/wp-json\/wp\/v2\/product_tag?post=747768"}],"curies":[{"name":"wp","href":"https:\/\/api.w.org\/{rel}","templated":true}]}}