{"id":747764,"date":"2025-08-28T03:14:40","date_gmt":"2025-08-28T00:14:40","guid":{"rendered":"https:\/\/roveyayinevi.com.tr\/index.php\/urun\/esma-ul-husna-ve-kuranda-insan-yonetimi\/"},"modified":"2026-04-16T03:00:32","modified_gmt":"2026-04-16T00:00:32","slug":"esma-ul-husna-ve-kuranda-insan-yonetimi","status":"publish","type":"product","link":"https:\/\/roveyayinevi.com.tr\/index.php\/urun\/esma-ul-husna-ve-kuranda-insan-yonetimi\/","title":{"rendered":"Esma-\u00fcl H\u00fcsna ve  Kur\u2019an\u2019da \u0130nsan Y\u00f6netimi"},"content":{"rendered":"<p>\u0130slam\u2019da y\u00f6netim felsefesi, bizim taraf\u0131m\u0131zdan icat edilmi\u015f yeni bir felsefe de\u011fildir. As\u0131rlarca kullan\u0131lm\u0131\u015f ve ba\u015far\u0131s\u0131n\u0131, ink\u00e2r\u0131 m\u00fcmk\u00fcn olmayacak bir \u015fekilde ispat etmi\u015f, y\u0131llar boyu insanl\u0131\u011fa mutluluk ve huzur bah\u015fetmi\u015f fakat bir s\u00fcredir k\u0131ymeti unutularak tozlu raflara terkedilmi\u015f, tepeden t\u0131rna\u011fa merhamet, sevgi ve fayda merkezli, ger\u00e7ek\u00e7i bir y\u00f6netim felsefesidir. G\u00fcn\u00fcm\u00fcz \u00e7al\u0131\u015fma \u015fartlar\u0131nda g\u00fcn ge\u00e7tik\u00e7e zorla\u015fan kurumlar\u0131n y\u00f6netiminde, s\u0131k\u0131nt\u0131lara \u00e7\u00f6z\u00fcmler arayan lider ve y\u00f6neticiler i\u00e7in bu \u00e7al\u0131\u015fma bir terapi olacakt\u0131r. \u0130\u015flerin zorla\u015ft\u0131\u011f\u0131, kurumu sevk ve idarenin bunaltt\u0131\u011f\u0131 zamanlarda Y\u00fcce Mevla\u2019n\u0131n g\u00fczel isimlerini ve bunlar\u0131n ki\u015fili\u011fimizdeki izd\u00fc\u015f\u00fcmlerini hat\u0131rlamak, okumak ve tefekk\u00fcr etmek hem rahatlat\u0131c\u0131 hem de ufuk a\u00e7\u0131c\u0131 olacakt\u0131r. Bu \u00e7al\u0131\u015fmada, zaten mevcut olan bu felsefeyi g\u00fcncelleyip yeniden anla\u015f\u0131l\u0131r ve i\u015flevsel h\u00e2le getirmek ama\u00e7lanm\u0131\u015ft\u0131r. Bu kitap; lider ve y\u00f6neticilerin kar\u015f\u0131la\u015ft\u0131\u011f\u0131 pek \u00e7ok sorunun \u0130slam y\u00f6netim anlay\u0131\u015f\u0131 ile daha kolay \u00e7\u00f6z\u00fclebilece\u011fini ispat etme noktas\u0131nda \u00f6nemli bir rol \u00fcstleniyor.img src=&#8221;https:\/\/s3-eu-west-1.amazonaws.com\/dia\/kitadagitim\/ckeditor_assets\/pictures\/53\/content_1_original_original.jpg&#8221; alt=&#8221;Tan\u0131t\u0131m Metni&#8221; height=&#8221;15&#8243; width=&#8221;15&#8243; &gt;<span>Tan\u0131t\u0131m Metni<\/span><\/img><\/p>\n","protected":false},"excerpt":{"rendered":"<p>\u0130slam\u2019da y\u00f6netim felsefesi, bizim taraf\u0131m\u0131zdan icat edilmi\u015f yeni bir felsefe de\u011fildir. As\u0131rlarca kullan\u0131lm\u0131\u015f ve ba\u015far\u0131s\u0131n\u0131, ink\u00e2r\u0131 m\u00fcmk\u00fcn olmayacak bir \u015fekilde ispat etmi\u015f, y\u0131llar boyu insanl\u0131\u011fa mutluluk<span class=\"excerpt-hellip\"> [\u2026]<\/span><\/p>\n","protected":false},"featured_media":0,"template":"","meta":{"_monsterinsights_skip_tracking":false,"_monsterinsights_sitenote_active":false,"_monsterinsights_sitenote_note":"","_monsterinsights_sitenote_category":0},"product_brand":[],"product_cat":[13036,12718,12719],"product_tag":[],"class_list":{"0":"post-747764","1":"product","2":"type-product","3":"status-publish","5":"product_cat-arastirma-inceleme-islam","6":"product_cat-din","7":"product_cat-islam","8":"pa_cilt-ciltsiz","9":"pa_tur-kitap","10":"pa_yayinevi-hayat-yayinlari","11":"pa_yazar-ali-kemal-kastan","13":"first","14":"instock","15":"sale","16":"shipping-taxable","17":"purchasable","18":"product-type-simple"},"_links":{"self":[{"href":"https:\/\/roveyayinevi.com.tr\/index.php\/wp-json\/wp\/v2\/product\/747764","targetHints":{"allow":["GET"]}}],"collection":[{"href":"https:\/\/roveyayinevi.com.tr\/index.php\/wp-json\/wp\/v2\/product"}],"about":[{"href":"https:\/\/roveyayinevi.com.tr\/index.php\/wp-json\/wp\/v2\/types\/product"}],"wp:attachment":[{"href":"https:\/\/roveyayinevi.com.tr\/index.php\/wp-json\/wp\/v2\/media?parent=747764"}],"wp:term":[{"taxonomy":"product_brand","embeddable":true,"href":"https:\/\/roveyayinevi.com.tr\/index.php\/wp-json\/wp\/v2\/product_brand?post=747764"},{"taxonomy":"product_cat","embeddable":true,"href":"https:\/\/roveyayinevi.com.tr\/index.php\/wp-json\/wp\/v2\/product_cat?post=747764"},{"taxonomy":"product_tag","embeddable":true,"href":"https:\/\/roveyayinevi.com.tr\/index.php\/wp-json\/wp\/v2\/product_tag?post=747764"}],"curies":[{"name":"wp","href":"https:\/\/api.w.org\/{rel}","templated":true}]}}