{"id":747735,"date":"2025-08-28T03:13:58","date_gmt":"2025-08-28T00:13:58","guid":{"rendered":"https:\/\/roveyayinevi.com.tr\/index.php\/urun\/halden-alinma\/"},"modified":"2026-04-16T03:00:31","modified_gmt":"2026-04-16T00:00:31","slug":"halden-alinma","status":"publish","type":"product","link":"https:\/\/roveyayinevi.com.tr\/index.php\/urun\/halden-alinma\/","title":{"rendered":"Halden Al\u0131nma"},"content":{"rendered":"<p>Ba\u015f\u0131m\u0131n a\u011fr\u0131l\u0131 yerlerinde Y\u00fcksek rak\u0131ml\u0131 \u015fark\u0131lar geziniyor Gece karanl\u0131k, su bulan\u0131k, kuyu derin Halden al\u0131n\u0131yor herkes T\u00fcm k\u00f6t\u00fc an\u0131lar bo\u011fazdan kendini bat\u0131rarak ge\u00e7iyor Herkesin birbirine patika oldu\u011fu yerlerde Kay\u0131t d\u0131\u015f\u0131 yanlar\u0131m\u0131za dolgun \u00fccretle Daha derin kuyular aran\u0131yor tabelalarda Ak\u015fam pazarlar\u0131nda ucuzluyor giderayak Her halimiz Halden al\u0131nd\u0131k \u00e7ok fena al\u0131nd\u0131k biz&#8230;<\/p>\n","protected":false},"excerpt":{"rendered":"<p>Ba\u015f\u0131m\u0131n a\u011fr\u0131l\u0131 yerlerinde Y\u00fcksek rak\u0131ml\u0131 \u015fark\u0131lar geziniyor Gece karanl\u0131k, su bulan\u0131k, kuyu derin Halden al\u0131n\u0131yor herkes T\u00fcm k\u00f6t\u00fc an\u0131lar bo\u011fazdan kendini bat\u0131rarak ge\u00e7iyor Herkesin birbirine patika<span class=\"excerpt-hellip\"> [\u2026]<\/span><\/p>\n","protected":false},"featured_media":0,"template":"","meta":{"_monsterinsights_skip_tracking":false,"_monsterinsights_sitenote_active":false,"_monsterinsights_sitenote_note":"","_monsterinsights_sitenote_category":0},"product_brand":[],"product_cat":[12291,12509],"product_tag":[],"class_list":{"0":"post-747735","1":"product","2":"type-product","3":"status-publish","5":"product_cat-edebiyat","6":"product_cat-siir","7":"pa_cilt-ciltsiz","8":"pa_tur-kitap","9":"pa_yayinevi-herdem-kitap","10":"pa_yazar-gulhan-meric","12":"first","13":"instock","14":"sale","15":"shipping-taxable","16":"purchasable","17":"product-type-simple"},"_links":{"self":[{"href":"https:\/\/roveyayinevi.com.tr\/index.php\/wp-json\/wp\/v2\/product\/747735","targetHints":{"allow":["GET"]}}],"collection":[{"href":"https:\/\/roveyayinevi.com.tr\/index.php\/wp-json\/wp\/v2\/product"}],"about":[{"href":"https:\/\/roveyayinevi.com.tr\/index.php\/wp-json\/wp\/v2\/types\/product"}],"wp:attachment":[{"href":"https:\/\/roveyayinevi.com.tr\/index.php\/wp-json\/wp\/v2\/media?parent=747735"}],"wp:term":[{"taxonomy":"product_brand","embeddable":true,"href":"https:\/\/roveyayinevi.com.tr\/index.php\/wp-json\/wp\/v2\/product_brand?post=747735"},{"taxonomy":"product_cat","embeddable":true,"href":"https:\/\/roveyayinevi.com.tr\/index.php\/wp-json\/wp\/v2\/product_cat?post=747735"},{"taxonomy":"product_tag","embeddable":true,"href":"https:\/\/roveyayinevi.com.tr\/index.php\/wp-json\/wp\/v2\/product_tag?post=747735"}],"curies":[{"name":"wp","href":"https:\/\/api.w.org\/{rel}","templated":true}]}}