{"id":747653,"date":"2025-08-28T03:11:50","date_gmt":"2025-08-28T00:11:50","guid":{"rendered":"https:\/\/roveyayinevi.com.tr\/index.php\/urun\/yunus-emre\/"},"modified":"2026-04-16T03:00:27","modified_gmt":"2026-04-16T00:00:27","slug":"yunus-emre","status":"publish","type":"product","link":"https:\/\/roveyayinevi.com.tr\/index.php\/urun\/yunus-emre\/","title":{"rendered":"Yunus Emre"},"content":{"rendered":"<p>As\u0131rlard\u0131r ilahileriyle g\u00f6n\u00fcl kubbemimizi \u00e7\u0131nlatan Yunus Emre, anadolu\u2019yu \u0130slamla\u015ft\u0131ran manevi g\u00fcne\u015flerden. Allah a\u015fk\u0131yla yumu\u015fam\u0131\u015f, erimi\u015f, melekle\u015fmi\u015f olan Yunus, \u0130slam ahlak\u0131n\u0131n b\u00fct\u00fcn esaslar\u0131n\u0131 ya\u015fam\u0131\u015f ve s\u00f6ylemi\u015f, asla benlik ve bencillik tuza\u011f\u0131na d\u00fc\u015fmemi\u015f bir g\u00f6n\u00fcl sultan\u0131. Kibirlenmemeyi ve toprak gibi m\u00fctevazi olmay\u0131 \u00f6nce kendine \u00f6\u011f\u00fctlemi\u015f, nefsini yerden yere vurmu\u015f, adeta Allah a\u015fk\u0131yla erimi\u015f, yok olmu\u015f. Ezel ve Ebed Sultan\u0131n\u0131n muhabbetiyle kendinden ge\u00e7mi\u015f, sadece d\u00fcnyay\u0131 de\u011fil, Cenneti bile istememi\u015f ve &#8220;Bana Seni Gerek Seni&#8221; diye inlemi\u015f. Ne yaz\u0131k ki, do\u011fru anlat\u0131lamam\u0131\u015f, do\u011fru anla\u015f\u0131lamam\u0131\u015f bir \u0130slam b\u00fcy\u00fc\u011f\u00fc&#8230; \u015eiirleri birer mana umman\u0131 olup, \u00e7a\u011flayan bu veli \u015fairimizin her t\u00fcrl\u00fc yanl\u0131\u015ftan, hurafeden, istismardan, dedikodudan uzak tertemiz hayat\u0131, ki\u015fili\u011fi, edeb\u00ee anlay\u0131\u015f\u0131, tasavvuf\u00ee y\u00f6n\u00fc ve \u015fiirleri yepyeni bir d\u00fczenlemeyle yeniden haz\u0131rland\u0131. Onun hayat\u0131, eserleri ve \u015fiirleriyle ilgili geni\u015f bilgiler, belgelere dayan\u0131larak ele al\u0131nd\u0131 ve ortaya Yunus Emre eseri \u00e7\u0131kt\u0131.<\/p>\n","protected":false},"excerpt":{"rendered":"<p>As\u0131rlard\u0131r ilahileriyle g\u00f6n\u00fcl kubbemimizi \u00e7\u0131nlatan Yunus Emre, anadolu\u2019yu \u0130slamla\u015ft\u0131ran manevi g\u00fcne\u015flerden. Allah a\u015fk\u0131yla yumu\u015fam\u0131\u015f, erimi\u015f, melekle\u015fmi\u015f olan Yunus, \u0130slam ahlak\u0131n\u0131n b\u00fct\u00fcn esaslar\u0131n\u0131 ya\u015fam\u0131\u015f ve s\u00f6ylemi\u015f, asla<span class=\"excerpt-hellip\"> [\u2026]<\/span><\/p>\n","protected":false},"featured_media":0,"template":"","meta":{"_monsterinsights_skip_tracking":false,"_monsterinsights_sitenote_active":false,"_monsterinsights_sitenote_note":"","_monsterinsights_sitenote_category":0},"product_brand":[],"product_cat":[14009,12291],"product_tag":[],"class_list":{"0":"post-747653","1":"product","2":"type-product","3":"status-publish","5":"product_cat-biyografi-otobiyografi-edebiyat","6":"product_cat-edebiyat","7":"pa_cilt-ciltsiz","8":"pa_tur-kitap","9":"pa_yayinevi-nesil-yayinlari","10":"pa_yazar-vehbi-vakkasoglu","12":"first","13":"instock","14":"sale","15":"shipping-taxable","16":"purchasable","17":"product-type-simple"},"_links":{"self":[{"href":"https:\/\/roveyayinevi.com.tr\/index.php\/wp-json\/wp\/v2\/product\/747653","targetHints":{"allow":["GET"]}}],"collection":[{"href":"https:\/\/roveyayinevi.com.tr\/index.php\/wp-json\/wp\/v2\/product"}],"about":[{"href":"https:\/\/roveyayinevi.com.tr\/index.php\/wp-json\/wp\/v2\/types\/product"}],"wp:attachment":[{"href":"https:\/\/roveyayinevi.com.tr\/index.php\/wp-json\/wp\/v2\/media?parent=747653"}],"wp:term":[{"taxonomy":"product_brand","embeddable":true,"href":"https:\/\/roveyayinevi.com.tr\/index.php\/wp-json\/wp\/v2\/product_brand?post=747653"},{"taxonomy":"product_cat","embeddable":true,"href":"https:\/\/roveyayinevi.com.tr\/index.php\/wp-json\/wp\/v2\/product_cat?post=747653"},{"taxonomy":"product_tag","embeddable":true,"href":"https:\/\/roveyayinevi.com.tr\/index.php\/wp-json\/wp\/v2\/product_tag?post=747653"}],"curies":[{"name":"wp","href":"https:\/\/api.w.org\/{rel}","templated":true}]}}