{"id":747630,"date":"2025-08-28T03:11:16","date_gmt":"2025-08-28T00:11:16","guid":{"rendered":"https:\/\/roveyayinevi.com.tr\/index.php\/urun\/uluslararasi-yeni-is-bolumu-ve-uzmanlasma-turkiyenin-konumu\/"},"modified":"2026-04-16T03:00:27","modified_gmt":"2026-04-16T00:00:27","slug":"uluslararasi-yeni-is-bolumu-ve-uzmanlasma-turkiyenin-konumu","status":"publish","type":"product","link":"https:\/\/roveyayinevi.com.tr\/index.php\/urun\/uluslararasi-yeni-is-bolumu-ve-uzmanlasma-turkiyenin-konumu\/","title":{"rendered":"Uluslararas\u0131 Yeni \u0130\u015f B\u00f6l\u00fcm\u00fc ve Uzmanla\u015fma T\u00fcrkiye\u2019nin Konumu"},"content":{"rendered":"<p>G\u00fcn\u00fcm\u00fcz k\u00fcresel ticaret sisteminde, uluslararas\u0131 i\u015f b\u00f6l\u00fcm\u00fc ve uzmanla\u015fman\u0131n de\u011fi\u015fen yap\u0131s\u0131n\u0131 ortaya koymak ve bu yap\u0131n\u0131n en temel unsuru olan i\u015fg\u00fcc\u00fcn\u00fcn \u00fclkelerin uluslararas\u0131 ticaretteki konumlar\u0131n\u0131 belirlemede nas\u0131l etkili oldu\u011funu g\u00f6stermek, bu \u00e7al\u0131\u015fman\u0131n temel amac\u0131d\u0131r. \u00dclkelerin sahip olduklar\u0131 i\u015fg\u00fcc\u00fcn\u00fcn \u00f6zellikleri onlar\u0131n hangi sekt\u00f6rlerde uluslararas\u0131 i\u015f b\u00f6l\u00fcm\u00fcne dahil olup uzmanla\u015facaklar\u0131n\u0131 belirledi\u011fi gibi, o sekt\u00f6rlerin d\u0131\u015f ticaret i\u00e7indeki \u00f6nemi ve \u00fclkenin uluslararas\u0131 \u00fcretim zincirindeki konumu da i\u015fg\u00fcc\u00fc istihdam yap\u0131s\u0131n\u0131 etkilemektedir. Bu nedenle, uluslararas\u0131 i\u015f b\u00f6l\u00fcm\u00fcn\u00fcn temel unsuru olan i\u015fg\u00fcc\u00fc hem k\u00fcresel ticaret yap\u0131s\u0131n\u0131 belirleyen hem de bu yap\u0131dan etkilenen bir unsur olarak incelenmektedir. T\u00fcrkiye\u2019nin de esas itibariyle, uluslararas\u0131 ticarette, \u00fcretim zincirleri \u00fczerinden ger\u00e7ekle\u015fen uzmanla\u015fmas\u0131n\u0131n yeni i\u015f b\u00f6l\u00fcm\u00fcne g\u00f6re olu\u015ftu\u011fu d\u00fc\u015f\u00fcn\u00fclmektedir. Bu hipotezi do\u011frulayabilmek i\u00e7in kitapta a\u015fa\u011f\u0131daki sorulara yan\u0131t aranm\u0131\u015ft\u0131r:   \u00b7         T\u00fcrkiye\u2019nin sekt\u00f6rlerin uluslararas\u0131 \u00fcretim zincirlerindeki konumu nedir? Bu konumun belirleyicileri nelerdir? \u00b7         T\u00fcrkiye\u2019nin uluslararas\u0131 \u00fcretim zincirlerindeki konumu, T\u00fcrkiye\u2019deki i\u015fg\u00fcc\u00fc istihdam\u0131n\u0131n hangi \u00f6zelliklerine g\u00f6re belirlenmektedir? \u00b7         Bu \u00e7al\u0131\u015fman\u0131n bulgular\u0131na g\u00f6re \u00fcretimin \u00fclkeler aras\u0131nda uluslararas\u0131 yeni i\u015f b\u00f6l\u00fcm\u00fcne g\u00f6re payla\u015f\u0131ld\u0131\u011f\u0131 s\u00f6ylenebilir mi? \u00b7            Uluslararas\u0131 yeni i\u015f b\u00f6l\u00fcm\u00fcne dayal\u0131 d\u0131\u015f ticaret yap\u0131s\u0131 T\u00fcrkiye i\u00e7in de ge\u00e7erli midir? Kitapta giyim, otomotiv, g\u0131da, in\u015faat, elektrik-elektronik, mobilya, k\u00e2\u011f\u0131t ve lojistik sekt\u00f6rleri i\u00e7in olu\u015fturulan sekiz adet \u00fcretim zincirinde yukar\u0131da sorulan sorular \u00e7er\u00e7evesinde kapsaml\u0131 bir analiz yap\u0131lm\u0131\u015ft\u0131r. Bulgular T\u00fcrkiye\u2019nin uluslararas\u0131 \u00fcretim zincirindeki konumunu \u00e7ok net ortaya koymaktad\u0131r. Dolay\u0131s\u0131yla T\u00fcrkiye\u2019nin mevcut konumlanmas\u0131n\u0131n i\u015fg\u00fcc\u00fc istihdam\u0131 \u00fczerindeki etkileri de g\u00f6zlenebilir olmaktad\u0131r.<\/p>\n","protected":false},"excerpt":{"rendered":"<p>G\u00fcn\u00fcm\u00fcz k\u00fcresel ticaret sisteminde, uluslararas\u0131 i\u015f b\u00f6l\u00fcm\u00fc ve uzmanla\u015fman\u0131n de\u011fi\u015fen yap\u0131s\u0131n\u0131 ortaya koymak ve bu yap\u0131n\u0131n en temel unsuru olan i\u015fg\u00fcc\u00fcn\u00fcn \u00fclkelerin uluslararas\u0131 ticaretteki konumlar\u0131n\u0131 belirlemede<span class=\"excerpt-hellip\"> [\u2026]<\/span><\/p>\n","protected":false},"featured_media":0,"template":"","meta":{"_monsterinsights_skip_tracking":false,"_monsterinsights_sitenote_active":false,"_monsterinsights_sitenote_note":"","_monsterinsights_sitenote_category":0},"product_brand":[],"product_cat":[13043,17647],"product_tag":[],"class_list":{"0":"post-747630","1":"product","2":"type-product","3":"status-publish","5":"product_cat-ekonomi","6":"product_cat-is-dunyasi","7":"pa_cilt-ciltsiz","8":"pa_tur-kitap","9":"pa_yayinevi-efil-yayinevi","10":"pa_yazar-seren-savaci-dilek-aykut-seymen","12":"first","13":"instock","14":"sale","15":"shipping-taxable","16":"purchasable","17":"product-type-simple"},"_links":{"self":[{"href":"https:\/\/roveyayinevi.com.tr\/index.php\/wp-json\/wp\/v2\/product\/747630","targetHints":{"allow":["GET"]}}],"collection":[{"href":"https:\/\/roveyayinevi.com.tr\/index.php\/wp-json\/wp\/v2\/product"}],"about":[{"href":"https:\/\/roveyayinevi.com.tr\/index.php\/wp-json\/wp\/v2\/types\/product"}],"wp:attachment":[{"href":"https:\/\/roveyayinevi.com.tr\/index.php\/wp-json\/wp\/v2\/media?parent=747630"}],"wp:term":[{"taxonomy":"product_brand","embeddable":true,"href":"https:\/\/roveyayinevi.com.tr\/index.php\/wp-json\/wp\/v2\/product_brand?post=747630"},{"taxonomy":"product_cat","embeddable":true,"href":"https:\/\/roveyayinevi.com.tr\/index.php\/wp-json\/wp\/v2\/product_cat?post=747630"},{"taxonomy":"product_tag","embeddable":true,"href":"https:\/\/roveyayinevi.com.tr\/index.php\/wp-json\/wp\/v2\/product_tag?post=747630"}],"curies":[{"name":"wp","href":"https:\/\/api.w.org\/{rel}","templated":true}]}}