{"id":747610,"date":"2025-08-28T03:10:40","date_gmt":"2025-08-28T00:10:40","guid":{"rendered":"https:\/\/roveyayinevi.com.tr\/index.php\/urun\/hititler-bin-tanrili-halk\/"},"modified":"2026-04-16T03:00:26","modified_gmt":"2026-04-16T00:00:26","slug":"hititler-bin-tanrili-halk","status":"publish","type":"product","link":"https:\/\/roveyayinevi.com.tr\/index.php\/urun\/hititler-bin-tanrili-halk\/","title":{"rendered":"Hititler &#8211; Bin Tanr\u0131l\u0131 Halk"},"content":{"rendered":"<p>M\u00d6 18. y\u00fczy\u0131l ortalar\u0131na gelindi\u011finde Anadolu\u2019da ilk kez geni\u015f \u00e7apl\u0131 siyasal birlik kurma \u00e7abas\u0131 i\u00e7indeki Hititli krallar\u0131 g\u00f6rmekteyiz. \u015eehir devletlerinin h\u00fck\u00fcm s\u00fcrd\u00fckleri g\u00f6r\u00fcl\u00fcr. Bu \u015fehir devletlerini bir otorite alt\u0131nda toplamak i\u00e7in ilk hareketler, belgelere g\u00f6re Ku\u015f\u015fara krallar\u0131 Pithana ve Anitta taraf\u0131ndan yap\u0131lm\u0131\u015f olarak ortaya \u00e7\u0131kar. Anitta Metni olarak adland\u0131r\u0131lan bir Hitit \u00e7ivi yaz\u0131s\u0131yla yaz\u0131lm\u0131\u015f belge, M\u00d6 18. yy. ortalar\u0131ndan Hitit Devleti\u2019nin as\u0131l kurucusu diyebilece\u011fimiz I. Hattu\u015fili zaman\u0131na kadar olan Hitit tarihine ili\u015fkin bilgi edinebilece\u011fimiz tek yaz\u0131l\u0131 kaynakt\u0131r. Bundan ba\u015fka do\u011frudan bu d\u00f6neme ili\u015fkin bilgi veren yaz\u0131l\u0131 belge yoktur. Zaten bu metni i\u00e7eren \u00e7iviyaz\u0131l\u0131 tabletler de olaylar\u0131n ge\u00e7ti\u011fi zamana de\u011fil, \u00e7ok daha sonraki y\u00fczy\u0131llara, M\u00d6 16. ve 13. y\u00fczy\u0131llara aittirler.<\/p>\n","protected":false},"excerpt":{"rendered":"<p>M\u00d6 18. y\u00fczy\u0131l ortalar\u0131na gelindi\u011finde Anadolu\u2019da ilk kez geni\u015f \u00e7apl\u0131 siyasal birlik kurma \u00e7abas\u0131 i\u00e7indeki Hititli krallar\u0131 g\u00f6rmekteyiz. \u015eehir devletlerinin h\u00fck\u00fcm s\u00fcrd\u00fckleri g\u00f6r\u00fcl\u00fcr. Bu \u015fehir devletlerini<span class=\"excerpt-hellip\"> [\u2026]<\/span><\/p>\n","protected":false},"featured_media":0,"template":"","meta":{"_monsterinsights_skip_tracking":false,"_monsterinsights_sitenote_active":false,"_monsterinsights_sitenote_note":"","_monsterinsights_sitenote_category":0},"product_brand":[],"product_cat":[12370,12304],"product_tag":[],"class_list":{"0":"post-747610","1":"product","2":"type-product","3":"status-publish","5":"product_cat-arastirma-inceleme","6":"product_cat-tarih","7":"pa_cilt-ciltsiz","8":"pa_tur-kitap","9":"pa_yayinevi-parola-yayinlari","10":"pa_yazar-turan-tektas","12":"first","13":"instock","14":"sale","15":"shipping-taxable","16":"purchasable","17":"product-type-simple"},"_links":{"self":[{"href":"https:\/\/roveyayinevi.com.tr\/index.php\/wp-json\/wp\/v2\/product\/747610","targetHints":{"allow":["GET"]}}],"collection":[{"href":"https:\/\/roveyayinevi.com.tr\/index.php\/wp-json\/wp\/v2\/product"}],"about":[{"href":"https:\/\/roveyayinevi.com.tr\/index.php\/wp-json\/wp\/v2\/types\/product"}],"wp:attachment":[{"href":"https:\/\/roveyayinevi.com.tr\/index.php\/wp-json\/wp\/v2\/media?parent=747610"}],"wp:term":[{"taxonomy":"product_brand","embeddable":true,"href":"https:\/\/roveyayinevi.com.tr\/index.php\/wp-json\/wp\/v2\/product_brand?post=747610"},{"taxonomy":"product_cat","embeddable":true,"href":"https:\/\/roveyayinevi.com.tr\/index.php\/wp-json\/wp\/v2\/product_cat?post=747610"},{"taxonomy":"product_tag","embeddable":true,"href":"https:\/\/roveyayinevi.com.tr\/index.php\/wp-json\/wp\/v2\/product_tag?post=747610"}],"curies":[{"name":"wp","href":"https:\/\/api.w.org\/{rel}","templated":true}]}}