{"id":747606,"date":"2025-08-28T03:10:36","date_gmt":"2025-08-28T00:10:36","guid":{"rendered":"https:\/\/roveyayinevi.com.tr\/index.php\/urun\/yunus-emre-tarihte-iz-birakanlar\/"},"modified":"2026-04-16T03:00:26","modified_gmt":"2026-04-16T00:00:26","slug":"yunus-emre-tarihte-iz-birakanlar","status":"publish","type":"product","link":"https:\/\/roveyayinevi.com.tr\/index.php\/urun\/yunus-emre-tarihte-iz-birakanlar\/","title":{"rendered":"Yunus Emre &#8211; Tarihte \u0130z B\u0131rakanlar"},"content":{"rendered":"<p>Ya\u015fad\u0131\u011f\u0131 d\u00f6nemden bu yana Anadolu halk\u0131 Yunus Emre\u2019yi her \u00e7a\u011fda ba\u011fr\u0131na basm\u0131\u015f, kendinden bilmi\u015f ve hatta kendi g\u00f6n\u00fcl d\u00fcnyas\u0131na terc\u00fcman k\u0131lm\u0131\u015ft\u0131r. Bu y\u00fczden rahat\u00e7a s\u00f6yleyebiliriz ki, insanlar onun ger\u00e7ek hayat\u0131n\u0131 ne merak etmi\u015f ne de bunu \u00f6\u011frenmeye ihtiya\u00e7 duymu\u015ftur. Kendisinin eserlerinde belirtti\u011fi kadar\u0131n\u0131 bilmek yaln\u0131zca Anadolu insan\u0131na de\u011fil t\u00fcm d\u00fcnya insanl\u0131\u011f\u0131na yetmi\u015ftir, diyebiliriz. Bu sayede Yunus Emre evrensel bir m\u00fctefekkir olmu\u015f ve her zamanda varl\u0131\u011f\u0131n\u0131 korumu\u015ftur.\u015eiirindeki samimiyet neticesinde onu okuyanlar, hayat\u0131n\u0131 de\u011fil daha \u00e7ok s\u00f6ylediklerini merak etmi\u015f; ne ya\u015fam\u0131\u015f sorusundan ziyade neler s\u00f6ylemi\u015f, sorusunu sormu\u015flard\u0131r. Sonu\u00e7 itibar\u0131yla gerek kendi s\u00f6zlerinden gerekse nesilden nesle, kulaktan kula\u011fa intikal eden menk\u0131belerden yola \u00e7\u0131karak, halk zaten Yunus Emre\u2019ye destans\u0131 bir hayat hik\u00e2yesi olu\u015fturmu\u015ftur.<\/p>\n","protected":false},"excerpt":{"rendered":"<p>Ya\u015fad\u0131\u011f\u0131 d\u00f6nemden bu yana Anadolu halk\u0131 Yunus Emre\u2019yi her \u00e7a\u011fda ba\u011fr\u0131na basm\u0131\u015f, kendinden bilmi\u015f ve hatta kendi g\u00f6n\u00fcl d\u00fcnyas\u0131na terc\u00fcman k\u0131lm\u0131\u015ft\u0131r. Bu y\u00fczden rahat\u00e7a s\u00f6yleyebiliriz ki,<span class=\"excerpt-hellip\"> [\u2026]<\/span><\/p>\n","protected":false},"featured_media":0,"template":"","meta":{"_monsterinsights_skip_tracking":false,"_monsterinsights_sitenote_active":false,"_monsterinsights_sitenote_note":"","_monsterinsights_sitenote_category":0},"product_brand":[],"product_cat":[13946,12304],"product_tag":[],"class_list":{"0":"post-747606","1":"product","2":"type-product","3":"status-publish","5":"product_cat-biyografi-otobiyografi","6":"product_cat-tarih","7":"pa_cilt-ciltsiz","8":"pa_tur-kitap","9":"pa_yayinevi-parola-yayinlari","10":"pa_yazar-turan-tektas","12":"first","13":"instock","14":"sale","15":"shipping-taxable","16":"purchasable","17":"product-type-simple"},"_links":{"self":[{"href":"https:\/\/roveyayinevi.com.tr\/index.php\/wp-json\/wp\/v2\/product\/747606","targetHints":{"allow":["GET"]}}],"collection":[{"href":"https:\/\/roveyayinevi.com.tr\/index.php\/wp-json\/wp\/v2\/product"}],"about":[{"href":"https:\/\/roveyayinevi.com.tr\/index.php\/wp-json\/wp\/v2\/types\/product"}],"wp:attachment":[{"href":"https:\/\/roveyayinevi.com.tr\/index.php\/wp-json\/wp\/v2\/media?parent=747606"}],"wp:term":[{"taxonomy":"product_brand","embeddable":true,"href":"https:\/\/roveyayinevi.com.tr\/index.php\/wp-json\/wp\/v2\/product_brand?post=747606"},{"taxonomy":"product_cat","embeddable":true,"href":"https:\/\/roveyayinevi.com.tr\/index.php\/wp-json\/wp\/v2\/product_cat?post=747606"},{"taxonomy":"product_tag","embeddable":true,"href":"https:\/\/roveyayinevi.com.tr\/index.php\/wp-json\/wp\/v2\/product_tag?post=747606"}],"curies":[{"name":"wp","href":"https:\/\/api.w.org\/{rel}","templated":true}]}}