{"id":747591,"date":"2025-08-28T03:10:16","date_gmt":"2025-08-28T00:10:16","guid":{"rendered":"https:\/\/roveyayinevi.com.tr\/index.php\/urun\/anneanne-ile-frieder-okul-yolunda\/"},"modified":"2026-04-16T03:00:25","modified_gmt":"2026-04-16T00:00:25","slug":"anneanne-ile-frieder-okul-yolunda","status":"publish","type":"product","link":"https:\/\/roveyayinevi.com.tr\/index.php\/urun\/anneanne-ile-frieder-okul-yolunda\/","title":{"rendered":"Anneanne ile Frieder Okul Yolunda"},"content":{"rendered":"<p>Frieder okula ba\u015flamay\u0131 iple \u00e7eker. Fakat b\u00fcy\u00fck g\u00fcn gelip \u00e7att\u0131\u011f\u0131nda hi\u00e7bir \u015fey istedi\u011fi gibi gitmez. \u00d6nce, kahvalt\u0131da yeni okul pantolonuna re\u00e7el d\u00f6ker, ard\u0131ndan \u015fekerlemeyle dolu okul k\u00fclah\u0131n\u0131 bir t\u00fcrl\u00fc bulamaz. Peki ya sonra?.. Okulun kap\u0131s\u0131 neden kilitlidir ki? \u0130\u015fte o an, Frieder g\u00f6zya\u015flar\u0131n\u0131 tutamaz. Tabii her zamanki gibi anneannesine g\u00fcvenmelidir, \u00e7\u00fcnk\u00fc onun sayesinde okulun ilk g\u00fcn\u00fc Frieder\u2019in hayal etti\u011finden de g\u00fczel ge\u00e7ecektir. Her ya\u015ftan okurun g\u00f6nl\u00fcne taht kuran Anneanne ile Frieder\u2019in son maceras\u0131 yine \u00e7ok muzip ve sevgi dolu! <\/p>\n","protected":false},"excerpt":{"rendered":"<p>Frieder okula ba\u015flamay\u0131 iple \u00e7eker. Fakat b\u00fcy\u00fck g\u00fcn gelip \u00e7att\u0131\u011f\u0131nda hi\u00e7bir \u015fey istedi\u011fi gibi gitmez. \u00d6nce, kahvalt\u0131da yeni okul pantolonuna re\u00e7el d\u00f6ker, ard\u0131ndan \u015fekerlemeyle dolu okul<span class=\"excerpt-hellip\"> [\u2026]<\/span><\/p>\n","protected":false},"featured_media":0,"template":"","meta":{"_monsterinsights_skip_tracking":false,"_monsterinsights_sitenote_active":false,"_monsterinsights_sitenote_note":"","_monsterinsights_sitenote_category":0},"product_brand":[],"product_cat":[12274,12284],"product_tag":[],"class_list":{"0":"post-747591","1":"product","2":"type-product","3":"status-publish","5":"product_cat-cocuk-ve-genclik-kitaplari","6":"product_cat-hikayeler","7":"pa_cilt-ciltsiz","8":"pa_tur-kitap","9":"pa_yayinevi-can-yayinlari","10":"pa_yazar-gudrun-mebs","12":"first","13":"instock","14":"sale","15":"shipping-taxable","16":"purchasable","17":"product-type-simple"},"_links":{"self":[{"href":"https:\/\/roveyayinevi.com.tr\/index.php\/wp-json\/wp\/v2\/product\/747591","targetHints":{"allow":["GET"]}}],"collection":[{"href":"https:\/\/roveyayinevi.com.tr\/index.php\/wp-json\/wp\/v2\/product"}],"about":[{"href":"https:\/\/roveyayinevi.com.tr\/index.php\/wp-json\/wp\/v2\/types\/product"}],"wp:attachment":[{"href":"https:\/\/roveyayinevi.com.tr\/index.php\/wp-json\/wp\/v2\/media?parent=747591"}],"wp:term":[{"taxonomy":"product_brand","embeddable":true,"href":"https:\/\/roveyayinevi.com.tr\/index.php\/wp-json\/wp\/v2\/product_brand?post=747591"},{"taxonomy":"product_cat","embeddable":true,"href":"https:\/\/roveyayinevi.com.tr\/index.php\/wp-json\/wp\/v2\/product_cat?post=747591"},{"taxonomy":"product_tag","embeddable":true,"href":"https:\/\/roveyayinevi.com.tr\/index.php\/wp-json\/wp\/v2\/product_tag?post=747591"}],"curies":[{"name":"wp","href":"https:\/\/api.w.org\/{rel}","templated":true}]}}