{"id":747581,"date":"2025-08-28T03:09:59","date_gmt":"2025-08-28T00:09:59","guid":{"rendered":"https:\/\/roveyayinevi.com.tr\/index.php\/urun\/kizil-sorusturma-sherlock-holmes-2\/"},"modified":"2026-04-16T03:00:25","modified_gmt":"2026-04-16T00:00:25","slug":"kizil-sorusturma-sherlock-holmes-2","status":"publish","type":"product","link":"https:\/\/roveyayinevi.com.tr\/index.php\/urun\/kizil-sorusturma-sherlock-holmes-2\/","title":{"rendered":"K\u0131z\u0131l Soru\u015fturma &#8211; Sherlock Holmes"},"content":{"rendered":"<p>\u0130ngiliz yazar Arthur Conan Doyle\u2019un kaleme ald\u0131\u011f\u0131 d\u00f6rt Sherlock Holmes macera roman\u0131 dizisinin ilki olma \u00f6zelli\u011fini ta\u015f\u0131r.Yay\u0131nland\u0131\u011f\u0131 d\u00f6nemde \u0130ngiltere\u2019de oldu\u011fu kadar, yay\u0131nland\u0131\u011f\u0131 ba\u015fka \u00fclkelerde de \u00e7ok b\u00fcy\u00fck bir okuyucu kitlesinin ola\u011fan\u00fcst\u00fc ilgisini g\u00f6ren K\u0131z\u0131l Soru\u015fturma\u2019n\u0131n en belirgin \u00f6zelli\u011fi \u00fcnl\u00fc Dedektif Sherlock Holmes\u2019un en yak\u0131n dostu ve olaylar\u0131 \u00e7\u00f6zme i\u015finde amat\u00f6rce de olsa yard\u0131mlar\u0131n\u0131 g\u00f6rd\u00fc\u011f\u00fc Doktor Watson ile tan\u0131\u015fmas\u0131d\u0131r.K\u0131z\u0131l Soru\u015fturma b\u00fct\u00fcn d\u00fcnyada h\u00e2l\u00e2 b\u00fcy\u00fck ilgi g\u00f6r\u00fcrken, sizlerin de be\u011fenisini kazanacakt\u0131r.<\/p>\n","protected":false},"excerpt":{"rendered":"<p>\u0130ngiliz yazar Arthur Conan Doyle\u2019un kaleme ald\u0131\u011f\u0131 d\u00f6rt Sherlock Holmes macera roman\u0131 dizisinin ilki olma \u00f6zelli\u011fini ta\u015f\u0131r.Yay\u0131nland\u0131\u011f\u0131 d\u00f6nemde \u0130ngiltere\u2019de oldu\u011fu kadar, yay\u0131nland\u0131\u011f\u0131 ba\u015fka \u00fclkelerde de \u00e7ok<span class=\"excerpt-hellip\"> [\u2026]<\/span><\/p>\n","protected":false},"featured_media":0,"template":"","meta":{"_monsterinsights_skip_tracking":false,"_monsterinsights_sitenote_active":false,"_monsterinsights_sitenote_note":"","_monsterinsights_sitenote_category":0},"product_brand":[],"product_cat":[12291,12711],"product_tag":[],"class_list":{"0":"post-747581","1":"product","2":"type-product","3":"status-publish","5":"product_cat-edebiyat","6":"product_cat-roman-oyku","7":"pa_cilt-ciltsiz","8":"pa_tur-kitap","9":"pa_yayinevi-parola-yayinlari","10":"pa_yazar-sir-arthur-conan-doyle","12":"first","13":"instock","14":"sale","15":"shipping-taxable","16":"purchasable","17":"product-type-simple"},"_links":{"self":[{"href":"https:\/\/roveyayinevi.com.tr\/index.php\/wp-json\/wp\/v2\/product\/747581","targetHints":{"allow":["GET"]}}],"collection":[{"href":"https:\/\/roveyayinevi.com.tr\/index.php\/wp-json\/wp\/v2\/product"}],"about":[{"href":"https:\/\/roveyayinevi.com.tr\/index.php\/wp-json\/wp\/v2\/types\/product"}],"wp:attachment":[{"href":"https:\/\/roveyayinevi.com.tr\/index.php\/wp-json\/wp\/v2\/media?parent=747581"}],"wp:term":[{"taxonomy":"product_brand","embeddable":true,"href":"https:\/\/roveyayinevi.com.tr\/index.php\/wp-json\/wp\/v2\/product_brand?post=747581"},{"taxonomy":"product_cat","embeddable":true,"href":"https:\/\/roveyayinevi.com.tr\/index.php\/wp-json\/wp\/v2\/product_cat?post=747581"},{"taxonomy":"product_tag","embeddable":true,"href":"https:\/\/roveyayinevi.com.tr\/index.php\/wp-json\/wp\/v2\/product_tag?post=747581"}],"curies":[{"name":"wp","href":"https:\/\/api.w.org\/{rel}","templated":true}]}}