{"id":747573,"date":"2025-08-28T03:09:47","date_gmt":"2025-08-28T00:09:47","guid":{"rendered":"https:\/\/roveyayinevi.com.tr\/index.php\/urun\/muzik-okuma-antolojisi-2\/"},"modified":"2025-12-30T11:04:23","modified_gmt":"2025-12-30T08:04:23","slug":"muzik-okuma-antolojisi-2","status":"publish","type":"product","link":"https:\/\/roveyayinevi.com.tr\/index.php\/urun\/muzik-okuma-antolojisi-2\/","title":{"rendered":"M\u00fczik Okuma Antolojisi -2"},"content":{"rendered":"<p>M\u00fczik e\u011fitimindeki en \u00f6nemli \u00f6gelerden m\u00fczik okuman\u0131n (solfej) m\u00fczik edebiyat\u0131ndan se\u00e7ilen \u00f6rneklerle keyifli bi\u00e7imde yap\u0131labilmesi amac\u0131yla haz\u0131rlanan, M\u00fczik Okuma Antolojisi\u2019nin ikinci cildi olan bu \u00e7al\u0131\u015fma, farkl\u0131 d\u00f6nemlerden se\u00e7ilen ve orijinal e\u015flikleriyle kullan\u0131lan 50 par\u00e7a i\u00e7ermektedir. Se\u00e7ilen m\u00fcziklerin teknik, stil ve co\u011frafya ba\u011flam\u0131nda \u00e7e\u015fitlilik i\u00e7ermesine \u00f6zen g\u00f6sterilmi\u015ftir. Par\u00e7alar seviye g\u00f6zetilerek s\u0131ralanm\u0131\u015f, yeni dizi ve \u00f6geler kullan\u0131ld\u0131\u011f\u0131 zaman bunlar par\u00e7alar\u0131n \u00fczerinde g\u00f6sterilmi\u015ftir. Par\u00e7alardaki orijinal g\u00fcrl\u00fck i\u015faretleri korunmaya \u00e7al\u0131\u015f\u0131lm\u0131\u015f, gerekli g\u00f6r\u00fclen yerlerde ise ufak de\u011fi\u015fiklikler yap\u0131lm\u0131\u015ft\u0131r. M\u00fcziklerin orijinal h\u0131z de\u011ferlerine sad\u0131k kal\u0131nm\u0131\u015f, fakat baz\u0131 \u00e7alg\u0131 m\u00fcziklerinin h\u0131zlar\u0131 bu antoloji i\u00e7in tekrar d\u00fc\u015f\u00fcn\u00fclerek yakla\u015f\u0131k olarak (circa: ca.) belirtilmi\u015ftir. Par\u00e7alarda kullan\u0131lan ba\u011flar m\u00fczikal c\u00fcmle ve nefes alma yerlerini g\u00f6stermektedir. Antolojideki par\u00e7alar\u0131n e\u015flikleriyle bir b\u00fct\u00fcn olarak \u00e7al\u0131\u015f\u0131lmas\u0131n\u0131n, bestecilerin ses d\u00fcnyas\u0131 ve m\u00fczik dilinin ke\u015ffedilmesi a\u00e7\u0131s\u0131ndan \u00f6nemli oldu\u011funu d\u00fc\u015f\u00fcn\u00fcyorum. Bu par\u00e7alar \u00e7al\u0131nabilir veya e\u015flikleriyle birlikte farkl\u0131 \u015fekillerde \u00e7al\u0131\u015f\u0131labilir. Par\u00e7alar\u0131n e\u015fliklerine kitab\u0131n arka kapa\u011f\u0131nda bulunan QR kodu okutularak ula\u015f\u0131labilir.This study, second volume of Music Reading Anthology, includes 50 pieces selected from different periods, which are used with their original accompaniments. The anthology was prepared in order to read music (solfeggio), one of the most important elements in music education, using examples selected from music literature in an enjoyable way. Care has been taken to ensure that the selected music displays diversity in terms of technique, style, and geography.The pieces are arranged according to the level, and when new topics and elements are used, they are indicated on each piece. While trying to preserve the original dynamics used in the music, minor changes were made where necessary. When possible, the original tempos of the music have been kept, but the tempo of some instrumental music has been reconsidered for this anthology and given as an approximation (circa: ca.). The slurs used in each piece show the musical phrases and the breathing places.I think that studying the pieces in the anthology as a whole with their accompaniments is important in terms of discovering the sound world and musical language of the composers. These pieces may be played or studied in different ways with their accompaniments.The accompaniments of the pieces can be accessed by scanning the QR code on the back cover of the book.ARKA KAPAKDil \u00f6\u011frenmenin en iyi yolu, o dilin edebiyat\u0131ndan yararlanmaktan ve edebi metinlerin \u00f6\u011fretim metodolojisinde yer almas\u0131ndan ge\u00e7er kan\u0131mca. \u0130\u015fte bu d\u00fc\u015f\u00fcnceden hareketle, \u00d6nder \u00d6zko\u00e7\u2019un tasarlay\u0131p hayata ge\u00e7irdi\u011fi M\u00fczik Okuma Antolojisi kitab\u0131n\u0131n da m\u00fczik dilini m\u00fczik edebiyat\u0131n\u0131n \u00f6\u011fretime uygun par\u00e7alar\u0131ndan se\u00e7erek yapm\u0131\u015f olmas\u0131 \u00f6\u011frenciler i\u00e7in hem zevkli hem ger\u00e7ek\u00e7i hem de \u00f6\u011fretici olmas\u0131n\u0131 sa\u011flayacakt\u0131r. Ayr\u0131ca \u00d6zko\u00e7\u2019un kendi m\u00fczi\u011fimizin \u00f6rneklerini, \u00fcstelik yak\u0131n zaman\u0131 da kapsayarak ele almas\u0131 da kayda de\u011ferdir. M\u00fczik dilini \u00e7\u00f6zmek isteyen b\u00fct\u00fcn \u00f6\u011frencilere bu yay\u0131n\u0131 sal\u0131k veririm.Turgay Erdener<\/p>\n","protected":false},"excerpt":{"rendered":"<p>M\u00fczik e\u011fitimindeki en \u00f6nemli \u00f6gelerden m\u00fczik okuman\u0131n (solfej) m\u00fczik edebiyat\u0131ndan se\u00e7ilen \u00f6rneklerle keyifli bi\u00e7imde yap\u0131labilmesi amac\u0131yla haz\u0131rlanan, M\u00fczik Okuma Antolojisi\u2019nin ikinci cildi olan bu \u00e7al\u0131\u015fma, farkl\u0131<span class=\"excerpt-hellip\"> [\u2026]<\/span><\/p>\n","protected":false},"featured_media":0,"template":"","meta":{"_monsterinsights_skip_tracking":false,"_monsterinsights_sitenote_active":false,"_monsterinsights_sitenote_note":"","_monsterinsights_sitenote_category":0},"product_brand":[],"product_cat":[14556,14557],"product_tag":[],"class_list":{"0":"post-747573","1":"product","2":"type-product","3":"status-publish","5":"product_cat-muzik","6":"product_cat-nota-kitaplari","7":"pa_cilt-ciltsiz","8":"pa_tur-kitap","9":"pa_yayinevi-kitapol-yayinlari","10":"pa_yazar-onder-ozkoc","12":"first","13":"instock","14":"sale","15":"shipping-taxable","16":"purchasable","17":"product-type-simple"},"_links":{"self":[{"href":"https:\/\/roveyayinevi.com.tr\/index.php\/wp-json\/wp\/v2\/product\/747573","targetHints":{"allow":["GET"]}}],"collection":[{"href":"https:\/\/roveyayinevi.com.tr\/index.php\/wp-json\/wp\/v2\/product"}],"about":[{"href":"https:\/\/roveyayinevi.com.tr\/index.php\/wp-json\/wp\/v2\/types\/product"}],"wp:attachment":[{"href":"https:\/\/roveyayinevi.com.tr\/index.php\/wp-json\/wp\/v2\/media?parent=747573"}],"wp:term":[{"taxonomy":"product_brand","embeddable":true,"href":"https:\/\/roveyayinevi.com.tr\/index.php\/wp-json\/wp\/v2\/product_brand?post=747573"},{"taxonomy":"product_cat","embeddable":true,"href":"https:\/\/roveyayinevi.com.tr\/index.php\/wp-json\/wp\/v2\/product_cat?post=747573"},{"taxonomy":"product_tag","embeddable":true,"href":"https:\/\/roveyayinevi.com.tr\/index.php\/wp-json\/wp\/v2\/product_tag?post=747573"}],"curies":[{"name":"wp","href":"https:\/\/api.w.org\/{rel}","templated":true}]}}