{"id":747555,"date":"2025-08-28T03:09:18","date_gmt":"2025-08-28T00:09:18","guid":{"rendered":"https:\/\/roveyayinevi.com.tr\/index.php\/urun\/sinirsiz-4\/"},"modified":"2026-04-16T03:00:24","modified_gmt":"2026-04-16T00:00:24","slug":"sinirsiz-4","status":"publish","type":"product","link":"https:\/\/roveyayinevi.com.tr\/index.php\/urun\/sinirsiz-4\/","title":{"rendered":"S\u0131n\u0131rs\u0131z"},"content":{"rendered":"<p>Bu kitapla, s\u0131n\u0131rlar\u0131ndan kurtulan yeni benli\u011finizle tan\u0131\u015facaks\u0131n\u0131z! \u00dcnl\u00fc Beyin Ko\u00e7u Jim Kwik, 25 y\u0131l\u0131 a\u015fk\u0131n bir s\u00fcredir, ger\u00e7ek yeteneklerini ortaya \u00e7\u0131karmak \u00fczere hayat\u0131n her alan\u0131ndan insanlarla \u00e7al\u0131\u015ft\u0131. Alan\u0131nda \u00e7\u0131\u011f\u0131r a\u00e7an bu kitab\u0131nda; d\u00fcnyada en iyi performanslar\u0131 sergileyen ki\u015filerin \u00f6\u011frenmelerini h\u0131zland\u0131rmak i\u00e7in kulland\u0131klar\u0131 bilime dayal\u0131 uygulamalar\u0131 ve test edilmi\u015f teknikleri ortaya koyuyor. &#8220;Beynimiz d\u00fcnyadaki en g\u00fc\u00e7l\u00fc teknolojidir ama kullan\u0131m k\u0131lavuzu yoktur. Ancak bu, art\u0131k de\u011fi\u015fiyor. Bundan b\u00f6yle s\u0131n\u0131rlamalar olmayacak. Ba\u015fkalar\u0131 ne s\u00f6ylerse s\u00f6ylesin, siz beyninizi nas\u0131l kullanaca\u011f\u0131n\u0131z\u0131 bilirseniz potansiyeliniz sonsuz olur. S\u0131n\u0131rs\u0131z kitab\u0131n\u0131n kalbinde, hayat\u0131n\u0131z\u0131 de\u011fi\u015ftirecek bir s\u0131r yat\u0131yor: En verimli \u015fekilde nas\u0131l \u00f6\u011frenilece\u011fini \u00f6\u011frendi\u011finizde, s\u0131n\u0131rlay\u0131c\u0131 inan\u00e7lardan kurtulabilir, yeni ba\u015far\u0131 seviyelerine ula\u015fabilirsiniz. Bu kitap teoriden ibaret de\u011fildir; i\u00e7inizde var olan s\u0131n\u0131rs\u0131z g\u00fc\u00e7lerinizi ortaya \u00e7\u0131karabilmeniz i\u00e7in tam olarak ne yapman\u0131z gerekti\u011fini g\u00f6steren pratik, kolay ve kan\u0131tlanm\u0131\u015f bir pland\u0131r. S\u0131n\u0131rs\u0131z oldu\u011funuzda, s\u0131n\u0131rs\u0131z bir d\u00fc\u015f\u00fcnce yap\u0131s\u0131na sahip olacaks\u0131n\u0131z. S\u0131n\u0131rlamalar\u0131n\u0131z\u0131 ortadan kald\u0131rd\u0131\u011f\u0131n\u0131z i\u00e7in, beyninizin daha \u00f6nce hayal etti\u011finizden \u00e7ok daha g\u00fc\u00e7l\u00fc bir ara\u00e7 oldu\u011funu ve zihninizi \u00f6\u011frenmek istedi\u011finiz her neyse onu \u00f6\u011frenmeye odaklayarak hemen hemen her beceriyi kazanabilece\u011finizi anl\u0131yorsunuz. K\u00fc\u00e7\u00fck bir ad\u0131m at\u0131n ama bir yerden ba\u015flay\u0131n. Herhangi bir yerden! Bunu yapt\u0131\u011f\u0131n\u0131zda, kendinizle ilgili ke\u015ffettikleriniz kar\u015f\u0131s\u0131nda \u015fa\u015fk\u0131na d\u00f6neceksiniz. S\u0131n\u0131rs\u0131z olan benli\u011finiz, ger\u00e7ekten oldu\u011funuz ve \u015fu anda hayal edemeyece\u011finiz \u015feyleri yapacak ki\u015fidir.&#8221; Kendinizi tan\u0131y\u0131n. Kendinize g\u00fcvenin. Kendinizi sevin. Kendiniz olun. S\u0131n\u0131rs\u0131z olun.<\/p>\n","protected":false},"excerpt":{"rendered":"<p>Bu kitapla, s\u0131n\u0131rlar\u0131ndan kurtulan yeni benli\u011finizle tan\u0131\u015facaks\u0131n\u0131z! \u00dcnl\u00fc Beyin Ko\u00e7u Jim Kwik, 25 y\u0131l\u0131 a\u015fk\u0131n bir s\u00fcredir, ger\u00e7ek yeteneklerini ortaya \u00e7\u0131karmak \u00fczere hayat\u0131n her alan\u0131ndan insanlarla<span class=\"excerpt-hellip\"> [\u2026]<\/span><\/p>\n","protected":false},"featured_media":0,"template":"","meta":{"_monsterinsights_skip_tracking":false,"_monsterinsights_sitenote_active":false,"_monsterinsights_sitenote_note":"","_monsterinsights_sitenote_category":0},"product_brand":[],"product_cat":[12364,12376],"product_tag":[],"class_list":{"0":"post-747555","1":"product","2":"type-product","3":"status-publish","5":"product_cat-genel-konular","6":"product_cat-kisisel-gelisim","7":"pa_cilt-ciltsiz","8":"pa_tur-kitap","9":"pa_yayinevi-parola-yayinlari","10":"pa_yazar-jim-kwik","12":"first","13":"instock","14":"sale","15":"shipping-taxable","16":"purchasable","17":"product-type-simple"},"_links":{"self":[{"href":"https:\/\/roveyayinevi.com.tr\/index.php\/wp-json\/wp\/v2\/product\/747555","targetHints":{"allow":["GET"]}}],"collection":[{"href":"https:\/\/roveyayinevi.com.tr\/index.php\/wp-json\/wp\/v2\/product"}],"about":[{"href":"https:\/\/roveyayinevi.com.tr\/index.php\/wp-json\/wp\/v2\/types\/product"}],"wp:attachment":[{"href":"https:\/\/roveyayinevi.com.tr\/index.php\/wp-json\/wp\/v2\/media?parent=747555"}],"wp:term":[{"taxonomy":"product_brand","embeddable":true,"href":"https:\/\/roveyayinevi.com.tr\/index.php\/wp-json\/wp\/v2\/product_brand?post=747555"},{"taxonomy":"product_cat","embeddable":true,"href":"https:\/\/roveyayinevi.com.tr\/index.php\/wp-json\/wp\/v2\/product_cat?post=747555"},{"taxonomy":"product_tag","embeddable":true,"href":"https:\/\/roveyayinevi.com.tr\/index.php\/wp-json\/wp\/v2\/product_tag?post=747555"}],"curies":[{"name":"wp","href":"https:\/\/api.w.org\/{rel}","templated":true}]}}