{"id":747512,"date":"2025-08-28T03:08:08","date_gmt":"2025-08-28T00:08:08","guid":{"rendered":"https:\/\/roveyayinevi.com.tr\/index.php\/urun\/karl-marx-dusunurler\/"},"modified":"2026-04-16T03:00:22","modified_gmt":"2026-04-16T00:00:22","slug":"karl-marx-dusunurler","status":"publish","type":"product","link":"https:\/\/roveyayinevi.com.tr\/index.php\/urun\/karl-marx-dusunurler\/","title":{"rendered":"Karl Marx -D\u00fc\u015f\u00fcn\u00fcrler"},"content":{"rendered":"<p>Karl Marx, Yahudi as\u0131ll\u0131 Alman filozof, politik ekonomisttir. Kom\u00fcnizmin manifestosunu yazm\u0131\u015ft\u0131r. \u00d6l\u00fcm\u00fcne en \u00e7ok dostu ve \u00f6l\u00fcm\u00fcne en \u00e7ok d\u00fc\u015fman\u0131 olan fikir adam\u0131d\u0131r. Marx&#8217;\u0131n ekonomi alan\u0131ndaki \u00e7al\u0131\u015fmalar\u0131, g\u00fcn\u00fcm\u00fczde eme\u011fi, emek-sermaye ili\u015fkisini ve bunlar\u0131 takip eden ekonomi d\u00fc\u015f\u00fcncesini kavraman\u0131n b\u00fcy\u00fck bir k\u0131sm\u0131 i\u00e7in temel olu\u015fturmu\u015ftur. Sosyoloji ve sosyal bilimleri ba\u015flatan isimler aras\u0131nda ilk s\u0131rada yer al\u0131r. En fazla kitap onun hakk\u0131nda yaz\u0131lm\u0131\u015ft\u0131r. Marx, kom\u00fcnist devrimin Fransa, Almanya ve Birle\u015fik Krall\u0131k gibi ileri derecede sanayile\u015fmi\u015f \u00fclkelerden ba\u015flayaca\u011f\u0131n\u0131 d\u00fc\u015f\u00fcn\u00fcyordu. Kapitalizmin i\u00e7inde burjuvazi ve proletarya aras\u0131ndaki s\u0131n\u0131f \u00e7eli\u015fkilerinin \u00e7al\u0131\u015fan s\u0131n\u0131f\u0131n siyas\u00ee zaferi ve bunun sonucu kurulacak s\u0131n\u0131fs\u0131z bir toplumla kom\u00fcnizmin ger\u00e7ekle\u015fece\u011fini iddia eder. Marx d\u00fc\u015f\u00fcncelerinin hayata ge\u00e7mesi i\u00e7in b\u00fcy\u00fck m\u00fccadele verdi. \u0130\u015f\u00e7i s\u0131n\u0131f\u0131n\u0131n, kapitalizmin y\u0131k\u0131lmas\u0131 ve sosyo-ekonomik bir de\u011fi\u015fimin ge\u00e7irilmesi faal olmas\u0131 gerekti\u011fini savundu.Karl Marx&#8217;\u0131n g\u00f6r\u00fc\u015fleri, \u00f6zellikle \u00f6l\u00fcm\u00fcnden sonra, Marksizm genel ba\u015fl\u0131\u011f\u0131 alt\u0131nda incelenmi\u015ftir ve tart\u0131\u015f\u0131lm\u0131\u015ft\u0131r. Marx\u2019\u0131 anlamak noktas\u0131nda kitab\u0131m\u0131zda, kar\u015f\u0131 g\u00f6r\u00fc\u015fe de, araya girmeden, geni\u015f yer verdik. New York Trib\u00fcne gazetesinde on yol boyunca, Avrupa ve Asya\u2019daki politik olaylar\u0131 ele alan haftal\u0131k makaleler yazm\u0131\u015ft\u0131r. Marx T\u00fcrkiye \u00fczerine tezlerini \u00e7oklukla bu gazetede i\u015flemi\u015ftir.<\/p>\n","protected":false},"excerpt":{"rendered":"<p>Karl Marx, Yahudi as\u0131ll\u0131 Alman filozof, politik ekonomisttir. Kom\u00fcnizmin manifestosunu yazm\u0131\u015ft\u0131r. \u00d6l\u00fcm\u00fcne en \u00e7ok dostu ve \u00f6l\u00fcm\u00fcne en \u00e7ok d\u00fc\u015fman\u0131 olan fikir adam\u0131d\u0131r. Marx&#8217;\u0131n ekonomi alan\u0131ndaki<span class=\"excerpt-hellip\"> [\u2026]<\/span><\/p>\n","protected":false},"featured_media":0,"template":"","meta":{"_monsterinsights_skip_tracking":false,"_monsterinsights_sitenote_active":false,"_monsterinsights_sitenote_note":"","_monsterinsights_sitenote_category":0},"product_brand":[],"product_cat":[14009,12291],"product_tag":[],"class_list":{"0":"post-747512","1":"product","2":"type-product","3":"status-publish","5":"product_cat-biyografi-otobiyografi-edebiyat","6":"product_cat-edebiyat","7":"pa_cilt-ciltsiz","8":"pa_tur-kitap","9":"pa_yayinevi-parola-yayinlari","10":"pa_yazar-ahmet-uzumcuoglu","12":"first","13":"instock","14":"sale","15":"shipping-taxable","16":"purchasable","17":"product-type-simple"},"_links":{"self":[{"href":"https:\/\/roveyayinevi.com.tr\/index.php\/wp-json\/wp\/v2\/product\/747512","targetHints":{"allow":["GET"]}}],"collection":[{"href":"https:\/\/roveyayinevi.com.tr\/index.php\/wp-json\/wp\/v2\/product"}],"about":[{"href":"https:\/\/roveyayinevi.com.tr\/index.php\/wp-json\/wp\/v2\/types\/product"}],"wp:attachment":[{"href":"https:\/\/roveyayinevi.com.tr\/index.php\/wp-json\/wp\/v2\/media?parent=747512"}],"wp:term":[{"taxonomy":"product_brand","embeddable":true,"href":"https:\/\/roveyayinevi.com.tr\/index.php\/wp-json\/wp\/v2\/product_brand?post=747512"},{"taxonomy":"product_cat","embeddable":true,"href":"https:\/\/roveyayinevi.com.tr\/index.php\/wp-json\/wp\/v2\/product_cat?post=747512"},{"taxonomy":"product_tag","embeddable":true,"href":"https:\/\/roveyayinevi.com.tr\/index.php\/wp-json\/wp\/v2\/product_tag?post=747512"}],"curies":[{"name":"wp","href":"https:\/\/api.w.org\/{rel}","templated":true}]}}