{"id":747507,"date":"2025-08-28T03:08:00","date_gmt":"2025-08-28T00:08:00","guid":{"rendered":"https:\/\/roveyayinevi.com.tr\/index.php\/urun\/descartes-dusunurler\/"},"modified":"2026-04-16T03:00:22","modified_gmt":"2026-04-16T00:00:22","slug":"descartes-dusunurler","status":"publish","type":"product","link":"https:\/\/roveyayinevi.com.tr\/index.php\/urun\/descartes-dusunurler\/","title":{"rendered":"Descartes &#8211; D\u00fc\u015f\u00fcn\u00fcrler"},"content":{"rendered":"<p>\u201cD\u00fc\u015f\u00fcn\u00fcyorum \u00f6yleyse var\u0131m.\u201d s\u00f6z\u00fcyle tan\u0131nan Descartes, 17. y\u00fczy\u0131l felsefesine damgas\u0131n\u0131 vurmu\u015f bir filozoftur. Descartes, Kartezyanizmin kurucusudur. Kartezyan \u201cDescartes ile ilgili\u201d anlam\u0131ndaki s\u0131fat \u201cCart\u00e9sien\u201d s\u0131fat\u0131ndan gelir. Geometrik analizi ortaya atan Descartes\u2019in amac\u0131 matematikte kullan\u0131lan metodu felsefeye uygulamak ve bunu felsefenin y\u00f6ntemi yapmakt\u0131. Descartes\u2019in metodu, \u00f6nce kavram analiziyle karma\u015f\u0131k olgular\u0131 basit unsurlara ay\u0131r\u0131p sonra bu unsurlar\u0131n birbirleriyle ili\u015fkilerini g\u00f6rerek ger\u00e7e\u011fin yap\u0131s\u0131n\u0131 b\u00fct\u00fcn\u00fcyle alg\u0131lamaya ve birle\u015ftirmeye dayanan temelde ak\u0131c\u0131 bir metottur. 17. y\u00fczy\u0131l metafizi\u011finin kurucular\u0131ndan olan Descartes&#8217;in dine kar\u015f\u0131 besledi\u011fi duygular samimi g\u00f6r\u00fcl\u00fcr. Onun hayat\u0131, yaz\u0131\u015fmalar\u0131, bu konudaki tutumunu apa\u00e7\u0131k olarak ortaya koymaktad\u0131r. \u0130sve\u00e7 krali\u00e7esi gibi Protestanlarla yaz\u0131\u015fmalar\u0131nda dogmalar konusunda hi\u00e7bir taviz vermemi\u015f ve Krali\u00e7e, Katolikli\u011fi Descartes&#8217;in etkisiyle kabul etti\u011fini s\u00f6ylemi\u015ftir. Descartes&#8217;e g\u00f6re; ger\u00e7ek ancak her insanda var olan sa\u011fduyu ve ak\u0131l arac\u0131l\u0131\u011f\u0131yla bulunabilir. Bu yolla filozof, ba\u015fl\u0131ca niteli\u011fi evrensellik olan akla iyi bir metot bulmaya \u00e7al\u0131\u015fm\u0131\u015ft\u0131r. Descartes, kendisinden sonra gelen hemen b\u00fct\u00fcn d\u00fc\u015f\u00fcn\u00fcrleri etkilemi\u015ftir.<\/p>\n","protected":false},"excerpt":{"rendered":"<p>\u201cD\u00fc\u015f\u00fcn\u00fcyorum \u00f6yleyse var\u0131m.\u201d s\u00f6z\u00fcyle tan\u0131nan Descartes, 17. y\u00fczy\u0131l felsefesine damgas\u0131n\u0131 vurmu\u015f bir filozoftur. Descartes, Kartezyanizmin kurucusudur. Kartezyan \u201cDescartes ile ilgili\u201d anlam\u0131ndaki s\u0131fat \u201cCart\u00e9sien\u201d s\u0131fat\u0131ndan gelir. Geometrik<span class=\"excerpt-hellip\"> [\u2026]<\/span><\/p>\n","protected":false},"featured_media":0,"template":"","meta":{"_monsterinsights_skip_tracking":false,"_monsterinsights_sitenote_active":false,"_monsterinsights_sitenote_note":"","_monsterinsights_sitenote_category":0},"product_brand":[],"product_cat":[14009,12291],"product_tag":[],"class_list":{"0":"post-747507","1":"product","2":"type-product","3":"status-publish","5":"product_cat-biyografi-otobiyografi-edebiyat","6":"product_cat-edebiyat","7":"pa_cilt-ciltsiz","8":"pa_tur-kitap","9":"pa_yayinevi-parola-yayinlari","10":"pa_yazar-ahmet-uzumcuoglu","12":"first","13":"instock","14":"sale","15":"shipping-taxable","16":"purchasable","17":"product-type-simple"},"_links":{"self":[{"href":"https:\/\/roveyayinevi.com.tr\/index.php\/wp-json\/wp\/v2\/product\/747507","targetHints":{"allow":["GET"]}}],"collection":[{"href":"https:\/\/roveyayinevi.com.tr\/index.php\/wp-json\/wp\/v2\/product"}],"about":[{"href":"https:\/\/roveyayinevi.com.tr\/index.php\/wp-json\/wp\/v2\/types\/product"}],"wp:attachment":[{"href":"https:\/\/roveyayinevi.com.tr\/index.php\/wp-json\/wp\/v2\/media?parent=747507"}],"wp:term":[{"taxonomy":"product_brand","embeddable":true,"href":"https:\/\/roveyayinevi.com.tr\/index.php\/wp-json\/wp\/v2\/product_brand?post=747507"},{"taxonomy":"product_cat","embeddable":true,"href":"https:\/\/roveyayinevi.com.tr\/index.php\/wp-json\/wp\/v2\/product_cat?post=747507"},{"taxonomy":"product_tag","embeddable":true,"href":"https:\/\/roveyayinevi.com.tr\/index.php\/wp-json\/wp\/v2\/product_tag?post=747507"}],"curies":[{"name":"wp","href":"https:\/\/api.w.org\/{rel}","templated":true}]}}