{"id":747479,"date":"2025-08-28T03:07:28","date_gmt":"2025-08-28T00:07:28","guid":{"rendered":"https:\/\/roveyayinevi.com.tr\/index.php\/urun\/cumhuriyetle-ozdes-bir-yasam-ozden-toker-ismet-inonunun-kizi-anlatiyor\/"},"modified":"2026-04-16T03:00:21","modified_gmt":"2026-04-16T00:00:21","slug":"cumhuriyetle-ozdes-bir-yasam-ozden-toker-ismet-inonunun-kizi-anlatiyor","status":"publish","type":"product","link":"https:\/\/roveyayinevi.com.tr\/index.php\/urun\/cumhuriyetle-ozdes-bir-yasam-ozden-toker-ismet-inonunun-kizi-anlatiyor\/","title":{"rendered":"Cumhuriyet\u2019le \u00d6zde\u015f Bir Ya\u015fam: \u00d6zden Toker &#8211; \u0130smet \u0130n\u00f6n\u00fc\u2019n\u00fcn K\u0131z\u0131 Anlat\u0131yor"},"content":{"rendered":"<p>\u201cHik\u00e2yem uzun&#8230; Cumhuriyet\u2019le ya\u015f\u0131t&#8230;Hep tekrarlad\u0131\u011f\u0131m gibi Cumhuriyet\u2019in ilk on y\u0131l\u0131nda do\u011fan bir \u00e7ocu\u011fun ser\u00fcveni&#8230;\u201dBu kitap, \u00d6zden Toker\u2019in Mehmet \u00d6. Alkan\u2019a, 7 Aral\u0131k 2018-19 Nisan 2019 tarihleri aras\u0131nda, Pembe K\u00f6\u015fk\u2019te yapt\u0131klar\u0131 s\u00f6yle\u015filerde anlatt\u0131klar\u0131ndan olu\u015fuyor. \u00d6zden Toker, \u0130kinci Cumhurba\u015fkan\u0131 \u0130smet \u0130n\u00f6n\u00fc\u2019n\u00fcn k\u0131z\u0131 ve Gazeteci Metin Toker\u2019in e\u015fi olarak yak\u0131n tarihimizin d\u00f6n\u00fcm noktalar\u0131na tan\u0131kl\u0131k etmi\u015f; Atat\u00fcrk\u2019\u00fc ve Cumhuriyet\u2019in ilk y\u0131llar\u0131n\u0131n etkin devlet adamlar\u0131n\u0131 tan\u0131m\u0131\u015f, d\u00f6nemin siyasetinde \u00f6nemli bir i\u015flevesahip olan Pembe K\u00f6\u015fk\u2019te ya\u015fam\u0131\u015f, \u00f6zel hayat\u0131 T\u00fcrkiye\u2019nin siyasal hayat\u0131yla b\u00fct\u00fcnle\u015fmi\u015f. Kendi deyi\u015fiyle b\u00fct\u00fcn bunlara \u201chem i\u00e7inde hem de d\u0131\u015f\u0131nda olarak tan\u0131kl\u0131k etmi\u015f\u201d. Bu tan\u0131kl\u0131\u011f\u0131n kayda ge\u00e7irilmesi bak\u0131m\u0131ndan \u00f6zel bir de\u011fer ta\u015f\u0131yan bukitapta \u00d6zden Toker ya\u015fad\u0131klar\u0131n\u0131 ve duyduklar\u0131n\u0131 i\u00e7tenlikle anlat\u0131yor, hik\u00e2yesini okurla payla\u015f\u0131yor. Baz\u0131lar\u0131 ilk kez yay\u0131mlanan foto\u011fraflarla ve siyasetten e\u011fitime,        k\u00fclt\u00fcrden sanata \u00fclkede ya\u015fanan \u00f6nemli geli\u015fmelere de\u011finen renkli i\u00e7eri\u011fiylekitap, okurlar\u0131 Cumhuriyet tarihine tan\u0131kl\u0131k etmeye davet ediyor.<\/p>\n","protected":false},"excerpt":{"rendered":"<p>\u201cHik\u00e2yem uzun&#8230; Cumhuriyet\u2019le ya\u015f\u0131t&#8230;Hep tekrarlad\u0131\u011f\u0131m gibi Cumhuriyet\u2019in ilk on y\u0131l\u0131nda do\u011fan bir \u00e7ocu\u011fun ser\u00fcveni&#8230;\u201dBu kitap, \u00d6zden Toker\u2019in Mehmet \u00d6. Alkan\u2019a, 7 Aral\u0131k 2018-19 Nisan 2019 tarihleri<span class=\"excerpt-hellip\"> [\u2026]<\/span><\/p>\n","protected":false},"featured_media":0,"template":"","meta":{"_monsterinsights_skip_tracking":false,"_monsterinsights_sitenote_active":false,"_monsterinsights_sitenote_note":"","_monsterinsights_sitenote_category":0},"product_brand":[],"product_cat":[12291,30969],"product_tag":[],"class_list":{"0":"post-747479","1":"product","2":"type-product","3":"status-publish","5":"product_cat-edebiyat","6":"product_cat-soylesi-edebiyat","7":"pa_cilt-ciltsiz","8":"pa_tur-kitap","9":"pa_yayinevi-yapi-kredi-yayinlari","10":"pa_yazar-ozden-toker-mehmet-o-alkan","12":"first","13":"instock","14":"sale","15":"shipping-taxable","16":"purchasable","17":"product-type-simple"},"_links":{"self":[{"href":"https:\/\/roveyayinevi.com.tr\/index.php\/wp-json\/wp\/v2\/product\/747479","targetHints":{"allow":["GET"]}}],"collection":[{"href":"https:\/\/roveyayinevi.com.tr\/index.php\/wp-json\/wp\/v2\/product"}],"about":[{"href":"https:\/\/roveyayinevi.com.tr\/index.php\/wp-json\/wp\/v2\/types\/product"}],"wp:attachment":[{"href":"https:\/\/roveyayinevi.com.tr\/index.php\/wp-json\/wp\/v2\/media?parent=747479"}],"wp:term":[{"taxonomy":"product_brand","embeddable":true,"href":"https:\/\/roveyayinevi.com.tr\/index.php\/wp-json\/wp\/v2\/product_brand?post=747479"},{"taxonomy":"product_cat","embeddable":true,"href":"https:\/\/roveyayinevi.com.tr\/index.php\/wp-json\/wp\/v2\/product_cat?post=747479"},{"taxonomy":"product_tag","embeddable":true,"href":"https:\/\/roveyayinevi.com.tr\/index.php\/wp-json\/wp\/v2\/product_tag?post=747479"}],"curies":[{"name":"wp","href":"https:\/\/api.w.org\/{rel}","templated":true}]}}