{"id":747476,"date":"2025-08-28T03:07:24","date_gmt":"2025-08-28T00:07:24","guid":{"rendered":"https:\/\/roveyayinevi.com.tr\/index.php\/urun\/duse-kalka\/"},"modified":"2026-04-16T03:00:21","modified_gmt":"2026-04-16T00:00:21","slug":"duse-kalka","status":"publish","type":"product","link":"https:\/\/roveyayinevi.com.tr\/index.php\/urun\/duse-kalka\/","title":{"rendered":"D\u00fc\u015fe Kalka"},"content":{"rendered":"<p>Asl\u0131 Akarsakarya ilk kitab\u0131 D\u00fc\u015fe Kalka\u2019daki \u00f6yk\u00fclerinde toplumun her kademesinden bask\u0131lanan ki\u015filere, ki\u015filiklere, duygulara yo\u011funla\u015f\u0131yor. Kimi zaman \u015fiirsel, kimi zaman e\u011flenceli, kimi zaman da ac\u0131tan bir \u00fcslupla kaleme ald\u0131\u011f\u0131 \u00f6yk\u00fclerde, s\u00f6ylenenler kadar s\u00f6ylenmeyenleri de \u00f6nemli k\u0131lan \u00f6zg\u00fcn bir dilin pe\u015fine d\u00fc\u015f\u00fcyor yazar. 2009 Ya\u015far Nabi Nay\u0131r \u00d6yk\u00fc \u00d6d\u00fcl\u00fc\u2019n\u00fc alan D\u00fc\u015fe Kalka, zengin konu, karakter ve anlat\u0131m bi\u00e7imleriyle her \u00f6yk\u00fcde masaldan ger\u00e7e\u011fe, kurgudan r\u00fcyaya okuru bamba\u015fka iklimlere ta\u015f\u0131yor.\u0130nsana verilmi\u015f en b\u00fcy\u00fck arma\u011fan oldu\u011funu d\u00fc\u015f\u00fcn\u00fcyorum \u00f6lece\u011fi g\u00fcn\u00fc bilmemenin. Faniyiz, bunu ink\u00e2r eden yok. Ama belleksizli\u011fimize s\u0131\u011f\u0131n\u0131p i\u00e7imizden birisi \u00f6ld\u00fc\u011f\u00fcnde \u015fa\u015f\u0131rabiliyoruz. Ger\u00e7ekten t\u00fcm varl\u0131\u011f\u0131m\u0131zla \u015fa\u015f\u0131r\u0131yoruz. Unutkanl\u0131\u011f\u0131 ink\u00e2rla birlikte \u00f6zenle kulland\u0131\u011f\u0131m\u0131zda, felaketleri daha rahat atlat\u0131yoruz. Ama bir sonrakine tepki verirken, b\u00fct\u00fcn anlam aray\u0131\u015f\u0131m\u0131za yeni ba\u015ftan ba\u015fl\u0131yoruz, tabii isyan\u0131m\u0131z da cabas\u0131. Neyse, zarar\u0131 yok, her seferinde \u015fa\u015f\u0131ral\u0131m.<\/p>\n","protected":false},"excerpt":{"rendered":"<p>Asl\u0131 Akarsakarya ilk kitab\u0131 D\u00fc\u015fe Kalka\u2019daki \u00f6yk\u00fclerinde toplumun her kademesinden bask\u0131lanan ki\u015filere, ki\u015filiklere, duygulara yo\u011funla\u015f\u0131yor. Kimi zaman \u015fiirsel, kimi zaman e\u011flenceli, kimi zaman da ac\u0131tan bir<span class=\"excerpt-hellip\"> [\u2026]<\/span><\/p>\n","protected":false},"featured_media":0,"template":"","meta":{"_monsterinsights_skip_tracking":false,"_monsterinsights_sitenote_active":false,"_monsterinsights_sitenote_note":"","_monsterinsights_sitenote_category":0},"product_brand":[],"product_cat":[12291,18202],"product_tag":[],"class_list":{"0":"post-747476","1":"product","2":"type-product","3":"status-publish","5":"product_cat-edebiyat","6":"product_cat-hikaye","7":"pa_cilt-ciltsiz","8":"pa_tur-kitap","9":"pa_yayinevi-yapi-kredi-yayinlari","10":"pa_yazar-asli-akarsakarya","12":"first","13":"instock","14":"sale","15":"shipping-taxable","16":"purchasable","17":"product-type-simple"},"_links":{"self":[{"href":"https:\/\/roveyayinevi.com.tr\/index.php\/wp-json\/wp\/v2\/product\/747476","targetHints":{"allow":["GET"]}}],"collection":[{"href":"https:\/\/roveyayinevi.com.tr\/index.php\/wp-json\/wp\/v2\/product"}],"about":[{"href":"https:\/\/roveyayinevi.com.tr\/index.php\/wp-json\/wp\/v2\/types\/product"}],"wp:attachment":[{"href":"https:\/\/roveyayinevi.com.tr\/index.php\/wp-json\/wp\/v2\/media?parent=747476"}],"wp:term":[{"taxonomy":"product_brand","embeddable":true,"href":"https:\/\/roveyayinevi.com.tr\/index.php\/wp-json\/wp\/v2\/product_brand?post=747476"},{"taxonomy":"product_cat","embeddable":true,"href":"https:\/\/roveyayinevi.com.tr\/index.php\/wp-json\/wp\/v2\/product_cat?post=747476"},{"taxonomy":"product_tag","embeddable":true,"href":"https:\/\/roveyayinevi.com.tr\/index.php\/wp-json\/wp\/v2\/product_tag?post=747476"}],"curies":[{"name":"wp","href":"https:\/\/api.w.org\/{rel}","templated":true}]}}