{"id":747473,"date":"2025-08-28T03:07:20","date_gmt":"2025-08-28T00:07:20","guid":{"rendered":"https:\/\/roveyayinevi.com.tr\/index.php\/urun\/komplo\/"},"modified":"2026-04-16T03:00:21","modified_gmt":"2026-04-16T00:00:21","slug":"komplo","status":"publish","type":"product","link":"https:\/\/roveyayinevi.com.tr\/index.php\/urun\/komplo\/","title":{"rendered":"Komplo"},"content":{"rendered":"<p>Bir devrimin fitilini yakmaya hevesli, haris felsefe \u00f6\u011frencisi Rosenthal, devrimci saiklerle yola \u00e7\u0131kan d\u00f6rt genci hem budalaca hem de \u00f6l\u00fcmc\u00fcl bir komplonun i\u00e7ine \u00e7eker.B\u00fct\u00fcnl\u00fckl\u00fc bir programdan yoksun, k\u00fc\u00e7\u00fck burjuva karakterli bu &#8220;ba\u011f\u0131ms\u0131z&#8221; yolun \u00e7\u0131k\u0131\u015fs\u0131zl\u0131\u011f\u0131 daha ba\u015f\u0131ndan belliyken, kendisi de \u00f6rg\u00fctl\u00fc bir kom\u00fcnist olan Paul Nizan, gen\u00e7li\u011fin \u00f6zg\u00fcrl\u00fck aray\u0131\u015f\u0131n\u0131n, topluma ve kendisine kar\u015f\u0131 isyan\u0131n\u0131n toplumsal ger\u00e7eklerle bulu\u015fmad\u0131\u011f\u0131 ve ideolojik bir bilin\u00e7le yo\u011frulmad\u0131\u011f\u0131 m\u00fcddet\u00e7e nas\u0131l sorumsuz sonu\u00e7lar do\u011furabilece\u011fini derin bir i\u00e7g\u00f6r\u00fc ve deneyimden faydalanarak ortaya koyar.Jean-Paul Sartre&#8217;\u0131n, kalemini bir silah gibi kulland\u0131\u011f\u0131n\u0131 s\u00f6yledi\u011fi Nizan&#8217;\u0131n ba\u015fyap\u0131t\u0131 olarak de\u011ferlendirilen Komplo, ad\u0131m ad\u0131m yozla\u015f\u0131p fosille\u015fen idealist d\u00fc\u015f\u00fcnceler, varolu\u015f, ahlak, erdem, gen\u00e7lik, kad\u0131nlar ve pek tabii erkekler, hasmane ili\u015fkiler, zaaf ve entrikalar\u0131 derinlemesine sorgulayan bir tereke&#8230;<\/p>\n","protected":false},"excerpt":{"rendered":"<p>Bir devrimin fitilini yakmaya hevesli, haris felsefe \u00f6\u011frencisi Rosenthal, devrimci saiklerle yola \u00e7\u0131kan d\u00f6rt genci hem budalaca hem de \u00f6l\u00fcmc\u00fcl bir komplonun i\u00e7ine \u00e7eker.B\u00fct\u00fcnl\u00fckl\u00fc bir programdan<span class=\"excerpt-hellip\"> [\u2026]<\/span><\/p>\n","protected":false},"featured_media":0,"template":"","meta":{"_monsterinsights_skip_tracking":false,"_monsterinsights_sitenote_active":false,"_monsterinsights_sitenote_note":"","_monsterinsights_sitenote_category":0},"product_brand":[],"product_cat":[12291,12711],"product_tag":[],"class_list":{"0":"post-747473","1":"product","2":"type-product","3":"status-publish","5":"product_cat-edebiyat","6":"product_cat-roman-oyku","7":"pa_cilt-ciltsiz","8":"pa_tur-kitap","9":"pa_yayinevi-sel-yayincilik","10":"pa_yazar-paul-nizan","12":"first","13":"instock","14":"sale","15":"shipping-taxable","16":"purchasable","17":"product-type-simple"},"_links":{"self":[{"href":"https:\/\/roveyayinevi.com.tr\/index.php\/wp-json\/wp\/v2\/product\/747473","targetHints":{"allow":["GET"]}}],"collection":[{"href":"https:\/\/roveyayinevi.com.tr\/index.php\/wp-json\/wp\/v2\/product"}],"about":[{"href":"https:\/\/roveyayinevi.com.tr\/index.php\/wp-json\/wp\/v2\/types\/product"}],"wp:attachment":[{"href":"https:\/\/roveyayinevi.com.tr\/index.php\/wp-json\/wp\/v2\/media?parent=747473"}],"wp:term":[{"taxonomy":"product_brand","embeddable":true,"href":"https:\/\/roveyayinevi.com.tr\/index.php\/wp-json\/wp\/v2\/product_brand?post=747473"},{"taxonomy":"product_cat","embeddable":true,"href":"https:\/\/roveyayinevi.com.tr\/index.php\/wp-json\/wp\/v2\/product_cat?post=747473"},{"taxonomy":"product_tag","embeddable":true,"href":"https:\/\/roveyayinevi.com.tr\/index.php\/wp-json\/wp\/v2\/product_tag?post=747473"}],"curies":[{"name":"wp","href":"https:\/\/api.w.org\/{rel}","templated":true}]}}