{"id":747469,"date":"2025-08-28T03:07:15","date_gmt":"2025-08-28T00:07:15","guid":{"rendered":"https:\/\/roveyayinevi.com.tr\/index.php\/urun\/senin-hikayen-hangisi\/"},"modified":"2026-04-16T03:00:21","modified_gmt":"2026-04-16T00:00:21","slug":"senin-hikayen-hangisi","status":"publish","type":"product","link":"https:\/\/roveyayinevi.com.tr\/index.php\/urun\/senin-hikayen-hangisi\/","title":{"rendered":"Senin Hikayen Hangisi?"},"content":{"rendered":"<p>Senin Hik\u00e2yen Hangisi, yolunu bulmaya \u00e7al\u0131\u015f\u0131rken t\u00fcrl\u00fc olumsuzluklara kar\u015f\u0131n vazge\u00e7memi\u015f, i\u015fin kolay\u0131na ka\u00e7mam\u0131\u015f, kimseye k\u00fcsmemi\u015f, hayata ve t\u00fcm engellere meydan okumu\u015f, daima yeniden ba\u015flam\u0131\u015f insanlar\u0131n \u00f6yk\u00fclerini anlat\u0131yor.  Bu insanlar her g\u00fcn kar\u015f\u0131la\u015ft\u0131\u011f\u0131n\u0131z ya da hayat\u0131n\u0131z\u0131n herhangi bir an\u0131nda yan\u0131n\u0131zdan gelip ge\u00e7en, sizin gibi, benim gibi kendi hayatlar\u0131n\u0131n yolunda y\u00fcr\u00fcyen insanlar.  Bu yolun sonunda kimi \u00fcniversite kurmu\u015f, kimi insanlar\u0131n hayat\u0131n\u0131 kurtaracak ilac\u0131 bulmu\u015f, kimi y\u00fczlerce y\u0131l sonras\u0131na kalacak an\u0131tlar in\u015fa etmi\u015f, kimi kendi engeliyle m\u00fccadele ederken ba\u015fka insanlara engellerin nas\u0131l a\u015f\u0131laca\u011f\u0131n\u0131 g\u00f6stermi\u015f. Her g\u00fcn, her an, her dakika yeniden ba\u015flamak m\u00fcmk\u00fcn ve yar\u0131n, geri kalan \u00f6mr\u00fcn\u00fcz\u00fcn ilk g\u00fcn\u00fc! \u015eimdi kendi \u00f6yk\u00fcn\u00fcz\u00fc yaratma zaman\u0131! Senin Hik\u00e2yen Hangisi, hayat yolculu\u011funuza rehber olacak bir kitap.  <\/p>\n","protected":false},"excerpt":{"rendered":"<p>Senin Hik\u00e2yen Hangisi, yolunu bulmaya \u00e7al\u0131\u015f\u0131rken t\u00fcrl\u00fc olumsuzluklara kar\u015f\u0131n vazge\u00e7memi\u015f, i\u015fin kolay\u0131na ka\u00e7mam\u0131\u015f, kimseye k\u00fcsmemi\u015f, hayata ve t\u00fcm engellere meydan okumu\u015f, daima yeniden ba\u015flam\u0131\u015f insanlar\u0131n \u00f6yk\u00fclerini<span class=\"excerpt-hellip\"> [\u2026]<\/span><\/p>\n","protected":false},"featured_media":0,"template":"","meta":{"_monsterinsights_skip_tracking":false,"_monsterinsights_sitenote_active":false,"_monsterinsights_sitenote_note":"","_monsterinsights_sitenote_category":0},"product_brand":[],"product_cat":[12357],"product_tag":[],"class_list":{"0":"post-747469","1":"product","2":"type-product","3":"status-publish","5":"product_cat-psikoloji","6":"pa_cilt-ciltsiz","7":"pa_tur-kitap","8":"pa_yayinevi-nemesis-kitap","9":"pa_yazar-serap-duygulu","11":"first","12":"instock","13":"sale","14":"shipping-taxable","15":"purchasable","16":"product-type-simple"},"_links":{"self":[{"href":"https:\/\/roveyayinevi.com.tr\/index.php\/wp-json\/wp\/v2\/product\/747469","targetHints":{"allow":["GET"]}}],"collection":[{"href":"https:\/\/roveyayinevi.com.tr\/index.php\/wp-json\/wp\/v2\/product"}],"about":[{"href":"https:\/\/roveyayinevi.com.tr\/index.php\/wp-json\/wp\/v2\/types\/product"}],"wp:attachment":[{"href":"https:\/\/roveyayinevi.com.tr\/index.php\/wp-json\/wp\/v2\/media?parent=747469"}],"wp:term":[{"taxonomy":"product_brand","embeddable":true,"href":"https:\/\/roveyayinevi.com.tr\/index.php\/wp-json\/wp\/v2\/product_brand?post=747469"},{"taxonomy":"product_cat","embeddable":true,"href":"https:\/\/roveyayinevi.com.tr\/index.php\/wp-json\/wp\/v2\/product_cat?post=747469"},{"taxonomy":"product_tag","embeddable":true,"href":"https:\/\/roveyayinevi.com.tr\/index.php\/wp-json\/wp\/v2\/product_tag?post=747469"}],"curies":[{"name":"wp","href":"https:\/\/api.w.org\/{rel}","templated":true}]}}