{"id":747463,"date":"2025-08-28T03:07:06","date_gmt":"2025-08-28T00:07:06","guid":{"rendered":"https:\/\/roveyayinevi.com.tr\/index.php\/urun\/bank\/"},"modified":"2026-04-16T03:00:20","modified_gmt":"2026-04-16T00:00:20","slug":"bank","status":"publish","type":"product","link":"https:\/\/roveyayinevi.com.tr\/index.php\/urun\/bank\/","title":{"rendered":"Bank"},"content":{"rendered":"<p>\u0130\u015fte bu senin bank\u0131n, Burada b\u00fcy\u00fck sevin\u00e7ler tadacaks\u0131n . . . Sussex D\u00fc\u015fesi Meghan Markle\u2019\u0131n kendi, e\u015fi ve \u00e7ocu\u011funun ili\u015fkisinden esinlenerek kaleme ald\u0131\u011f\u0131 ilk resimli \u00e7ocuk kitab\u0131 Bank, Alt\u0131n Kitaplar etiketiyle okurlarla bulu\u015ftu. Sussex D\u00fc\u015fesi Meghan\u2019\u0131n kaleme ald\u0131\u011f\u0131 Bank, zamanla b\u00fcy\u00fcy\u00fcp zenginle\u015fen bir baba o\u011ful ili\u015fkisinin ince ayr\u0131nt\u0131lar\u0131n\u0131 s\u0131cac\u0131k bir dille anlat\u0131yor. Bank, dokunakl\u0131 yakla\u015f\u0131m\u0131yla baba ve o\u011ful aras\u0131nda ge\u00e7en g\u00fcven, huzur, ke\u015ffetme, \u00f6\u011frenme ve sevgiyle yo\u011frulmu\u015f unutulmaz anlara k\u00fc\u00e7\u00fck bir pencere a\u00e7arken bize modern bir ailede sevginin bir\u00e7ok ifade yolu oldu\u011funu hat\u0131rlat\u0131yor. Bank\u2019\u0131n hik\u00e2ye ile b\u00fct\u00fcnle\u015fen etkileyici \u00e7izimleri Caldecott Onur \u00d6d\u00fcl\u00fc ve Coretta Scott Krall\u0131k Onur \u00d6d\u00fcl\u00fc\u2019n\u00fcn sahibi ill\u00fcstrat\u00f6r Christian Robinson imzas\u0131n\u0131 ta\u015f\u0131yor. Robinson, baba sevgisinin g\u00fczelli\u011fini, ne\u015fesini ve \u015fefkatini bir annenin g\u00f6z\u00fcnden yans\u0131tarak sayfalar\u0131 renklendiriyor. Sevginin evrenselli\u011fini anlatan bu y\u00fcrek \u0131s\u0131tan \u00f6yk\u00fc nesiller boyunca okunacak.<\/p>\n","protected":false},"excerpt":{"rendered":"<p>\u0130\u015fte bu senin bank\u0131n, Burada b\u00fcy\u00fck sevin\u00e7ler tadacaks\u0131n . . . Sussex D\u00fc\u015fesi Meghan Markle\u2019\u0131n kendi, e\u015fi ve \u00e7ocu\u011funun ili\u015fkisinden esinlenerek kaleme ald\u0131\u011f\u0131 ilk resimli \u00e7ocuk<span class=\"excerpt-hellip\"> [\u2026]<\/span><\/p>\n","protected":false},"featured_media":0,"template":"","meta":{"_monsterinsights_skip_tracking":false,"_monsterinsights_sitenote_active":false,"_monsterinsights_sitenote_note":"","_monsterinsights_sitenote_category":0},"product_brand":[],"product_cat":[12274,12284],"product_tag":[],"class_list":{"0":"post-747463","1":"product","2":"type-product","3":"status-publish","5":"product_cat-cocuk-ve-genclik-kitaplari","6":"product_cat-hikayeler","7":"pa_cilt-ciltsiz","8":"pa_tur-kitap","9":"pa_yayinevi-altin-kitaplar","10":"pa_yazar-meghan-markle","12":"first","13":"instock","14":"sale","15":"shipping-taxable","16":"purchasable","17":"product-type-simple"},"_links":{"self":[{"href":"https:\/\/roveyayinevi.com.tr\/index.php\/wp-json\/wp\/v2\/product\/747463","targetHints":{"allow":["GET"]}}],"collection":[{"href":"https:\/\/roveyayinevi.com.tr\/index.php\/wp-json\/wp\/v2\/product"}],"about":[{"href":"https:\/\/roveyayinevi.com.tr\/index.php\/wp-json\/wp\/v2\/types\/product"}],"wp:attachment":[{"href":"https:\/\/roveyayinevi.com.tr\/index.php\/wp-json\/wp\/v2\/media?parent=747463"}],"wp:term":[{"taxonomy":"product_brand","embeddable":true,"href":"https:\/\/roveyayinevi.com.tr\/index.php\/wp-json\/wp\/v2\/product_brand?post=747463"},{"taxonomy":"product_cat","embeddable":true,"href":"https:\/\/roveyayinevi.com.tr\/index.php\/wp-json\/wp\/v2\/product_cat?post=747463"},{"taxonomy":"product_tag","embeddable":true,"href":"https:\/\/roveyayinevi.com.tr\/index.php\/wp-json\/wp\/v2\/product_tag?post=747463"}],"curies":[{"name":"wp","href":"https:\/\/api.w.org\/{rel}","templated":true}]}}