{"id":747449,"date":"2025-08-28T03:06:46","date_gmt":"2025-08-28T00:06:46","guid":{"rendered":"https:\/\/roveyayinevi.com.tr\/index.php\/urun\/komedi-mi-trajedi-mi\/"},"modified":"2026-04-16T03:00:05","modified_gmt":"2026-04-16T00:00:05","slug":"komedi-mi-trajedi-mi","status":"publish","type":"product","link":"https:\/\/roveyayinevi.com.tr\/index.php\/urun\/komedi-mi-trajedi-mi\/","title":{"rendered":"Komedi mi? Trajedi mi?"},"content":{"rendered":"<p>Thomas Bernhard\u2019\u0131n bu se\u00e7mede yer alan \u00f6yk\u00fcleri, 1960 y\u0131l\u0131nda yay\u0131mlanan \u201cInnsbrucklu Bir Bakkal O\u011flunun Su\u00e7u\u201dndan, 1971 y\u0131l\u0131nda yay\u0131mlanan \u201cOrtler\u2019in Ete\u011finde\u201dye uzanan d\u00f6nemi kaps\u0131yor. Bu \u00f6yk\u00fclerde yazar\u0131n dilsel yarat\u0131m g\u00fcc\u00fc; her t\u00fcrl\u00fc tezi ve antitezi, her bir anlam \u00e7ekirde\u011fi par\u00e7alanana dek birbirine kar\u015f\u0131 oyuna s\u00fcren ve y\u00f6nlendiren c\u00fcmlelerde a\u00e7\u0131\u011fa \u00e7\u0131k\u0131yor. B\u00f6ylelikle \u2013anlat\u0131lan \u00e7\u00f6k\u00fc\u015f, umutsuzluk ve \u00f6l\u00fcme ra\u011fmen\u2013, dilin bu d\u00fcnyada hayatta kalman\u0131n yolu oldu\u011fu izlenimi olu\u015fuyor; \u00fcstelik sadece hayatta kalman\u0131n de\u011fil, komedinin de.   Bernhard\u2019\u0131n su\u00e7, ka\u00e7\u0131kl\u0131k\/delilik, yaln\u0131zl\u0131k, intihar temalar\u0131n\u0131 oda\u011fa alan k\u0131sa \u00f6yk\u00fclerinde, s\u00fcrekli hareket halinde karakterlerin dairesel bir \u00e7izgide betimlenen huzursuzlu\u011fu Dil\u2019in rejisiyle daima ba\u015frolde.   \u201cVarolu\u015fum, varolu\u015fuma olan ilgimin \u00f6tesinde s\u00fcrerse, aradaki zamanda \u00f6l\u00fcden ba\u015fka bir \u015fey olmam.\u201d   \u201cG\u00fcn\u00fcm\u00fczde dilsel devinimi b\u00f6ylesine muazzam c\u00fcmleler ve ustal\u0131kla yap\u0131land\u0131r\u0131lm\u0131\u015f zorlu bile\u015fik c\u00fcmlelerle ifade edebilen ba\u015fka bir anlat\u0131c\u0131 yoktur. Bu ayn\u0131 zamanda i\u00e7eri\u011fin de hareketidir: Ba\u015f\u0131 sonu olmayan, dairesel bir hat; sanki Bernhard, Edgar Allan Poe\u2019nun \u2018Girdaba \u0130ni\u015f\u2019 \u00f6yk\u00fcs\u00fcn\u00fcn i\u00e7indeymi\u015f ve a\u015fa\u011f\u0131da \u00f6l\u00fcmc\u00fcl bir girdap tehdidi varken yukar\u0131da sadece g\u00f6ky\u00fcz\u00fc \u0131\u015f\u0131k veriyormu\u015f gibi.\u201d Ulrich Greiner <\/p>\n","protected":false},"excerpt":{"rendered":"<p>Thomas Bernhard\u2019\u0131n bu se\u00e7mede yer alan \u00f6yk\u00fcleri, 1960 y\u0131l\u0131nda yay\u0131mlanan \u201cInnsbrucklu Bir Bakkal O\u011flunun Su\u00e7u\u201dndan, 1971 y\u0131l\u0131nda yay\u0131mlanan \u201cOrtler\u2019in Ete\u011finde\u201dye uzanan d\u00f6nemi kaps\u0131yor. Bu \u00f6yk\u00fclerde yazar\u0131n<span class=\"excerpt-hellip\"> [\u2026]<\/span><\/p>\n","protected":false},"featured_media":0,"template":"","meta":{"_monsterinsights_skip_tracking":false,"_monsterinsights_sitenote_active":false,"_monsterinsights_sitenote_note":"","_monsterinsights_sitenote_category":0},"product_brand":[],"product_cat":[12291,12711],"product_tag":[],"class_list":{"0":"post-747449","1":"product","2":"type-product","3":"status-publish","5":"product_cat-edebiyat","6":"product_cat-roman-oyku","7":"pa_cilt-ciltsiz","8":"pa_tur-kitap","9":"pa_yayinevi-yapi-kredi-yayinlari","10":"pa_yazar-thomas-bernhard","12":"first","13":"instock","14":"sale","15":"shipping-taxable","16":"purchasable","17":"product-type-simple"},"_links":{"self":[{"href":"https:\/\/roveyayinevi.com.tr\/index.php\/wp-json\/wp\/v2\/product\/747449","targetHints":{"allow":["GET"]}}],"collection":[{"href":"https:\/\/roveyayinevi.com.tr\/index.php\/wp-json\/wp\/v2\/product"}],"about":[{"href":"https:\/\/roveyayinevi.com.tr\/index.php\/wp-json\/wp\/v2\/types\/product"}],"wp:attachment":[{"href":"https:\/\/roveyayinevi.com.tr\/index.php\/wp-json\/wp\/v2\/media?parent=747449"}],"wp:term":[{"taxonomy":"product_brand","embeddable":true,"href":"https:\/\/roveyayinevi.com.tr\/index.php\/wp-json\/wp\/v2\/product_brand?post=747449"},{"taxonomy":"product_cat","embeddable":true,"href":"https:\/\/roveyayinevi.com.tr\/index.php\/wp-json\/wp\/v2\/product_cat?post=747449"},{"taxonomy":"product_tag","embeddable":true,"href":"https:\/\/roveyayinevi.com.tr\/index.php\/wp-json\/wp\/v2\/product_tag?post=747449"}],"curies":[{"name":"wp","href":"https:\/\/api.w.org\/{rel}","templated":true}]}}