{"id":747441,"date":"2025-08-28T03:06:37","date_gmt":"2025-08-28T00:06:37","guid":{"rendered":"https:\/\/roveyayinevi.com.tr\/index.php\/urun\/muhasebe-ve-finans-alaninda-guncel-calismalar\/"},"modified":"2026-04-16T03:00:04","modified_gmt":"2026-04-16T00:00:04","slug":"muhasebe-ve-finans-alaninda-guncel-calismalar","status":"publish","type":"product","link":"https:\/\/roveyayinevi.com.tr\/index.php\/urun\/muhasebe-ve-finans-alaninda-guncel-calismalar\/","title":{"rendered":"Muhasebe ve Finans Alan\u0131nda G\u00fcncel \u00c7al\u0131\u015fmalar"},"content":{"rendered":"<p>1.      B\u00d6L\u00dcM KR\u0130PTO PARALARIN ORTAYA \u00c7IKI\u015eI VE \u00d6NEM\u0130   2.      B\u00d6L\u00dcM D\u00dcNYADA KR\u0130PTO PARANIN VERG\u0130LEND\u0130R\u0130LMES\u0130 UYGULAMALARI   3.      B\u00d6L\u00dcM EFFECT OF BALTIC DRY INDEX, VIX INDEX AND DOLLAR INDEX ON CAPITAL MARKETS: STRUCTURAL VAR MODEL APPROACH   4.      B\u00d6L\u00dcM TEKNOLOJ\u0130K GEL\u0130\u015eMELER\u0130N ENTEGRE RAPORLAMAYA ETK\u0130S\u0130   5.      B\u00d6L\u00dcM TFRS 16 K\u0130RALAMALAR STANDARDININ GET\u0130RD\u0130\u011e\u0130 YEN\u0130L\u0130KLER\u0130N F\u0130NANSAL TABLOLARA YANSIMASI: BIST ULA\u015eTIRMA VE DEPOLAMA SEKT\u00d6R\u00dcNDE \u0130NCELEME   6.      B\u00d6L\u00dcM MUHASEBE AKADEM\u0130SYENLER\u0130N\u0130N \u00c7EVR\u0130M\u0130\u00c7\u0130 E\u011e\u0130T\u0130M YETERL\u0130L\u0130KLER\u0130N\u0130N UZAKTAN E\u011e\u0130T\u0130M\u0130N\u0130N ETK\u0130NL\u0130\u011e\u0130 \u00dcZER\u0130NDEK\u0130 ETK\u0130S\u0130 7.      B\u00d6L\u00dcM ANALYSIS OF THE RELATIONSHIP BETWEEN BITCOIN PRICES AND BORSA ISTANBUL (BIST)-100, BIST INFORMATION TECHNOLOGY INDEX   8.      B\u00d6L\u00dcM B\u0130TCO\u0130N F\u0130YATLARI \u0130LE KIYMETL\u0130 METAL F\u0130YATLARI ARASINDAK\u0130 \u0130L\u0130\u015eK\u0130S\u0130N\u0130N \u0130NCELENMES\u0130   9.      B\u00d6L\u00dcM PANDEM\u0130 D\u00d6NEM\u0130NDE MUHASEBE DERSLER\u0130N\u0130N UZAKTAN E\u011e\u0130T\u0130M \u015eEKL\u0130NDE ANLATILMASINDA \u00d6\u011eRENC\u0130 G\u00d6R\u00dc\u015eLER\u0130 \u00dcZER\u0130NE B\u0130R ARA\u015eTIRMA 10.      B\u00d6L\u00dcM F\u0130NANSAL BA\u015eARISIZLIK TAHM\u0130N MODELLER\u0130N\u0130N KAR\u015eILA\u015eTIRILMASI AIR BERLIN \u00d6RNE\u011e\u0130   11.      B\u00d6L\u00dcM BORSA ENDEKSLER\u0130 \u0130LE KORKU ENDEKS\u0130 (VIX) ARASINDAK\u0130 \u0130L\u0130\u015eK\u0130S\u0130N\u0130N \u0130NCELENMES\u0130: E7   12.      B\u00d6L\u00dcM BLOCKCHAIN (BLOKZ\u0130NC\u0130R) TEKNOLOJ\u0130S\u0130 VE MUHASEBE   13.      B\u00d6L\u00dcM COVID-19\u2019UN SEKT\u00d6RLER\u0130N F\u0130NANSAL PERFORMANSLARINA ETK\u0130S\u0130N\u0130N EKONOM\u0130K KONJONKT\u00dcRDE DE\u011eERLEND\u0130R\u0130LMES\u0130: BIST100 VE \u0130SO 500 \u015e\u0130RKETLER\u0130 \u00dcZER\u0130NDE B\u0130R UYGULAMA   14.      B\u00d6L\u00dcM YATIRIM ARACI OLARAK KIYMETL\u0130 MADENLER\u0130N MEVDUAT VE KATILIM BANKACILI\u011eINDA DE\u011eERLEND\u0130R\u0130LMES\u0130   15.      B\u00d6L\u00dcM BIST\u2019TE \u0130\u015eLEM G\u00d6REN BANKALARIN CRITIC TABANLI EDAS Y\u00d6NTEM\u0130YLE F\u0130NANSAL PERFORMANSLARININ ANAL\u0130Z\u0130   16.      B\u00d6L\u00dcM PROFITABILITY AND LIQUIDITY OF TURKISH ISLAMIC BANKS AND THE GLOBAL FINANCIAL CRISIS   17.      B\u00d6L\u00dcM E-T\u0130CARET\u0130N YAYGINLA\u015eMASIYLA M\u00dc\u015eTER\u0130 MUHASEBES\u0130N\u0130N ARTAN \u00d6NEM\u0130 <\/p>\n","protected":false},"excerpt":{"rendered":"<p>1. B\u00d6L\u00dcM KR\u0130PTO PARALARIN ORTAYA \u00c7IKI\u015eI VE \u00d6NEM\u0130 2. B\u00d6L\u00dcM D\u00dcNYADA KR\u0130PTO PARANIN VERG\u0130LEND\u0130R\u0130LMES\u0130 UYGULAMALARI 3. B\u00d6L\u00dcM EFFECT OF BALTIC DRY INDEX, VIX INDEX AND DOLLAR<span class=\"excerpt-hellip\"> [\u2026]<\/span><\/p>\n","protected":false},"featured_media":0,"template":"","meta":{"_monsterinsights_skip_tracking":false,"_monsterinsights_sitenote_active":false,"_monsterinsights_sitenote_note":"","_monsterinsights_sitenote_category":0},"product_brand":[],"product_cat":[20333,13043],"product_tag":[],"class_list":{"0":"post-747441","1":"product","2":"type-product","3":"status-publish","5":"product_cat-diger-ekonomi","6":"product_cat-ekonomi","7":"pa_cilt-ciltsiz","8":"pa_tur-kitap","9":"pa_yayinevi-gazi-kitabevi","10":"pa_yazar-kolektif","12":"first","13":"instock","14":"sale","15":"shipping-taxable","16":"purchasable","17":"product-type-simple"},"_links":{"self":[{"href":"https:\/\/roveyayinevi.com.tr\/index.php\/wp-json\/wp\/v2\/product\/747441","targetHints":{"allow":["GET"]}}],"collection":[{"href":"https:\/\/roveyayinevi.com.tr\/index.php\/wp-json\/wp\/v2\/product"}],"about":[{"href":"https:\/\/roveyayinevi.com.tr\/index.php\/wp-json\/wp\/v2\/types\/product"}],"wp:attachment":[{"href":"https:\/\/roveyayinevi.com.tr\/index.php\/wp-json\/wp\/v2\/media?parent=747441"}],"wp:term":[{"taxonomy":"product_brand","embeddable":true,"href":"https:\/\/roveyayinevi.com.tr\/index.php\/wp-json\/wp\/v2\/product_brand?post=747441"},{"taxonomy":"product_cat","embeddable":true,"href":"https:\/\/roveyayinevi.com.tr\/index.php\/wp-json\/wp\/v2\/product_cat?post=747441"},{"taxonomy":"product_tag","embeddable":true,"href":"https:\/\/roveyayinevi.com.tr\/index.php\/wp-json\/wp\/v2\/product_tag?post=747441"}],"curies":[{"name":"wp","href":"https:\/\/api.w.org\/{rel}","templated":true}]}}