{"id":747437,"date":"2025-08-28T03:06:32","date_gmt":"2025-08-28T00:06:32","guid":{"rendered":"https:\/\/roveyayinevi.com.tr\/index.php\/urun\/cinsiyetlendirilmis-bedenler\/"},"modified":"2026-04-16T03:00:04","modified_gmt":"2026-04-16T00:00:04","slug":"cinsiyetlendirilmis-bedenler","status":"publish","type":"product","link":"https:\/\/roveyayinevi.com.tr\/index.php\/urun\/cinsiyetlendirilmis-bedenler\/","title":{"rendered":"Cinsiyetlendirilmi\u015f Bedenler"},"content":{"rendered":"<p>Cinsiyetler ger\u00e7ekten biyolojik, fizyolojik, \u2018do\u011fal\u2019 \u015feyler midir? Yoksa toplumsal olarak yaz\u0131lan, k\u00fclt\u00fcrel \u00fcretimin vetoplumsal cinsiyet normlar\u0131n\u0131n \u015fekillendirdi\u011fi ili\u015fkilerin meyvesi midir? Do\u011fumhane \u00f6n\u00fcnde (veya nadiren de olsa i\u00e7inde)bekleyen yak\u0131nlar\u0131 ve hem\u015firenin mu\u015ftusunu hayal edin: \u201cK\u0131z\/erkek oldu!\u201d Bu s\u00f6z asl\u0131nda bir ger\u00e7e\u011fin ifadesi de\u011fil,\u2018k\u0131zla\u015fma\/erkekle\u015fme\u2019 (yani cinsiyetlendirme) s\u00fcrecini ba\u015flatan bir edimdir. B\u00f6ylece erkek ve kad\u0131n aras\u0131nda alg\u0131lanan vea\u015f\u0131lanan farkl\u0131l\u0131klara dayanan s\u00fcre\u00e7 ba\u015flam\u0131\u015f olur. K\u0131sacas\u0131 beden, s\u00f6ylemsel olarak in\u015fa edilen bir anlamland\u0131rma prati\u011fide\u011fil midir?Bu kitap, Butler\u2019\u0131n g\u00f6r\u00fc\u015flerini kuramsal ve felsefi a\u00e7\u0131dan belirli bir ba\u011flama yerle\u015ftirir. Yazar bizlere Butler d\u00fc\u015f\u00fcncesininevrimini hayranl\u0131k verici bir \u00fcslupla sunar: Hegelci k\u00f6kenlerinden ba\u015flayarak, Freud ve Lacan\u2019\u0131n psikanalizine, Austin\u2019ins\u00f6z edimleri kuram\u0131na neler bor\u00e7lu oldu\u011funu ele al\u0131r. Koj\u00e8ve, Hyppolite, Althusser, Sartre, Foucault ve Derrida okumalar\u0131n\u0131,bunlar\u0131n teorisinin olu\u015fumdaki etkisini ve bu d\u00fc\u015f\u00fcn\u00fcrlerle hesapla\u015fmas\u0131n\u0131 ortaya koyar. K\u0131sacas\u0131 fenomenolojiden \u2018kad\u0131nl\u0131k\u2019durumuna kadar Butler d\u00fc\u015f\u00fcncesinin izini s\u00fcrer. Butler\u2019\u0131n Simone de Beauvoir okumas\u0131, Nussbaum ve Fraser\u2019\u0131n kendisiney\u00f6neltti\u011fi ele\u015ftiriler de yine k\u0131saca bu kitapta ele al\u0131nan konulard\u0131r.Politik felsefe, dil ve psikanalizin, teorisinin olu\u015fumundaki yerinin yan\u0131nda, \u00f6zne, performatiflik, kimlik ve \u00f6tekikavramlar\u0131n\u0131n ele\u015ftirel bir bak\u0131\u015fla ele al\u0131nd\u0131\u011f\u0131 bu eser, Butler d\u00fc\u015f\u00fcncesine ve kuir teoriye giri\u015f niteli\u011findedir.<\/p>\n","protected":false},"excerpt":{"rendered":"<p>Cinsiyetler ger\u00e7ekten biyolojik, fizyolojik, \u2018do\u011fal\u2019 \u015feyler midir? Yoksa toplumsal olarak yaz\u0131lan, k\u00fclt\u00fcrel \u00fcretimin vetoplumsal cinsiyet normlar\u0131n\u0131n \u015fekillendirdi\u011fi ili\u015fkilerin meyvesi midir? Do\u011fumhane \u00f6n\u00fcnde (veya nadiren de olsa<span class=\"excerpt-hellip\"> [\u2026]<\/span><\/p>\n","protected":false},"featured_media":0,"template":"","meta":{"_monsterinsights_skip_tracking":false,"_monsterinsights_sitenote_active":false,"_monsterinsights_sitenote_note":"","_monsterinsights_sitenote_category":0},"product_brand":[],"product_cat":[12388],"product_tag":[],"class_list":{"0":"post-747437","1":"product","2":"type-product","3":"status-publish","5":"product_cat-felsefe","6":"pa_cilt-ciltsiz","7":"pa_tur-kitap","8":"pa_yayinevi-fol-kitap","9":"pa_yazar-sara-salih","11":"first","12":"instock","13":"sale","14":"shipping-taxable","15":"purchasable","16":"product-type-simple"},"_links":{"self":[{"href":"https:\/\/roveyayinevi.com.tr\/index.php\/wp-json\/wp\/v2\/product\/747437","targetHints":{"allow":["GET"]}}],"collection":[{"href":"https:\/\/roveyayinevi.com.tr\/index.php\/wp-json\/wp\/v2\/product"}],"about":[{"href":"https:\/\/roveyayinevi.com.tr\/index.php\/wp-json\/wp\/v2\/types\/product"}],"wp:attachment":[{"href":"https:\/\/roveyayinevi.com.tr\/index.php\/wp-json\/wp\/v2\/media?parent=747437"}],"wp:term":[{"taxonomy":"product_brand","embeddable":true,"href":"https:\/\/roveyayinevi.com.tr\/index.php\/wp-json\/wp\/v2\/product_brand?post=747437"},{"taxonomy":"product_cat","embeddable":true,"href":"https:\/\/roveyayinevi.com.tr\/index.php\/wp-json\/wp\/v2\/product_cat?post=747437"},{"taxonomy":"product_tag","embeddable":true,"href":"https:\/\/roveyayinevi.com.tr\/index.php\/wp-json\/wp\/v2\/product_tag?post=747437"}],"curies":[{"name":"wp","href":"https:\/\/api.w.org\/{rel}","templated":true}]}}