{"id":747434,"date":"2025-08-28T03:06:28","date_gmt":"2025-08-28T00:06:28","guid":{"rendered":"https:\/\/roveyayinevi.com.tr\/index.php\/urun\/sanal-ve-gercek-cikmazi\/"},"modified":"2026-04-16T03:00:04","modified_gmt":"2026-04-16T00:00:04","slug":"sanal-ve-gercek-cikmazi","status":"publish","type":"product","link":"https:\/\/roveyayinevi.com.tr\/index.php\/urun\/sanal-ve-gercek-cikmazi\/","title":{"rendered":"Sanal ve Ger\u00e7ek \u00c7\u0131kmaz\u0131"},"content":{"rendered":"<p>\u201cBundan sonra meraklanmana gerek yok anne, seni \u00fczmemek i\u00e7in elimden geleni yapaca\u011f\u0131m,\u201d diye kar\u015f\u0131l\u0131k verdi gen\u00e7 adam.   Kendi hayat\u0131na pek de\u011fer vermese de ailesinin hayat\u0131 onun i\u00e7in \u00e7ok de\u011ferliydi. Bu y\u00fczden ger\u00e7ek hayata tutunmaya s\u00f6z verdi kendi kendine. Ancak yapmas\u0131 gereken son bir \u015fey daha vard\u0131. Odas\u0131n\u0131 toplad\u0131, bir \u015feyler at\u0131\u015ft\u0131rd\u0131 ve son kez yemye\u015fil ormanlarla kapl\u0131, ge\u00e7it vermez da\u011flarla \u00e7evrili, b\u00fcy\u00fcl\u00fc kent Delucia\u2019n\u0131n yolunu tuttu.<\/p>\n","protected":false},"excerpt":{"rendered":"<p>\u201cBundan sonra meraklanmana gerek yok anne, seni \u00fczmemek i\u00e7in elimden geleni yapaca\u011f\u0131m,\u201d diye kar\u015f\u0131l\u0131k verdi gen\u00e7 adam. Kendi hayat\u0131na pek de\u011fer vermese de ailesinin hayat\u0131 onun<span class=\"excerpt-hellip\"> [\u2026]<\/span><\/p>\n","protected":false},"featured_media":0,"template":"","meta":{"_monsterinsights_skip_tracking":false,"_monsterinsights_sitenote_active":false,"_monsterinsights_sitenote_note":"","_monsterinsights_sitenote_category":0},"product_brand":[],"product_cat":[12540,12291],"product_tag":[],"class_list":{"0":"post-747434","1":"product","2":"type-product","3":"status-publish","5":"product_cat-bilim-kurgu","6":"product_cat-edebiyat","7":"pa_cilt-ciltsiz","8":"pa_tur-kitap","9":"pa_yayinevi-luna-yayinlari","10":"pa_yazar-mehmet-canpolat","12":"first","13":"instock","14":"sale","15":"shipping-taxable","16":"purchasable","17":"product-type-simple"},"_links":{"self":[{"href":"https:\/\/roveyayinevi.com.tr\/index.php\/wp-json\/wp\/v2\/product\/747434","targetHints":{"allow":["GET"]}}],"collection":[{"href":"https:\/\/roveyayinevi.com.tr\/index.php\/wp-json\/wp\/v2\/product"}],"about":[{"href":"https:\/\/roveyayinevi.com.tr\/index.php\/wp-json\/wp\/v2\/types\/product"}],"wp:attachment":[{"href":"https:\/\/roveyayinevi.com.tr\/index.php\/wp-json\/wp\/v2\/media?parent=747434"}],"wp:term":[{"taxonomy":"product_brand","embeddable":true,"href":"https:\/\/roveyayinevi.com.tr\/index.php\/wp-json\/wp\/v2\/product_brand?post=747434"},{"taxonomy":"product_cat","embeddable":true,"href":"https:\/\/roveyayinevi.com.tr\/index.php\/wp-json\/wp\/v2\/product_cat?post=747434"},{"taxonomy":"product_tag","embeddable":true,"href":"https:\/\/roveyayinevi.com.tr\/index.php\/wp-json\/wp\/v2\/product_tag?post=747434"}],"curies":[{"name":"wp","href":"https:\/\/api.w.org\/{rel}","templated":true}]}}