{"id":747423,"date":"2025-08-28T03:06:07","date_gmt":"2025-08-28T00:06:07","guid":{"rendered":"https:\/\/roveyayinevi.com.tr\/index.php\/urun\/intihar-ormani\/"},"modified":"2026-04-16T03:00:04","modified_gmt":"2026-04-16T00:00:04","slug":"intihar-ormani","status":"publish","type":"product","link":"https:\/\/roveyayinevi.com.tr\/index.php\/urun\/intihar-ormani\/","title":{"rendered":"\u0130ntihar Orman\u0131"},"content":{"rendered":"<p>\u201c\u015e\u0130MD\u0130 AN\u0130DEN \u00d6LSEM OTOPS\u0130 RAPORUMDA B\u0130NLERCE C\u00dcMLE \u00c7IKAR, S\u00d6YLEMEY\u0130P \u0130\u00c7\u0130ME ATTI\u011eIM. SUSMAK DA B\u0130R \u00c7E\u015e\u0130T \u0130NT\u0130HARMI\u015e ME\u011eER.\u201d   D\u00fc\u015f\u00fcncesine dahi katlanamay\u0131p ba\u015f\u0131na gelirse \u00f6lece\u011fini sand\u0131\u011f\u0131 her \u015feye al\u0131\u015f\u0131yor insan. Dayanamam dedi\u011fin ne varsa aya\u011f\u0131na yar\u0131m numara k\u00fc\u00e7\u00fck bir ayakkab\u0131yla uzun mesafe y\u00fcr\u00fcmek kadar can\u0131n\u0131 ac\u0131t\u0131yor en fazla. \u00d6l\u00fcm\u00fcn en onursuz \u015fekli belki de ac\u0131ya al\u0131\u015fmak. Ac\u0131ya direnmekten bahsetmiyorum. Direnmek, ac\u0131n\u0131n varl\u0131\u011f\u0131n\u0131 kabullenmeyi gerektirir. Oysa al\u0131\u015ft\u0131\u011f\u0131n \u015feyin varl\u0131\u011f\u0131n\u0131 da kan\u0131ksars\u0131n. M\u00fccadele yoktur direnmekteki gibi. Boyun e\u011fersin.   Hatta bir zaman gelir, varl\u0131\u011f\u0131n\u0131 umursamazs\u0131n bile. Ben bu ac\u0131ya al\u0131\u015fmak yerine k\u0131vranarak \u00f6lmeyi dilerdim.   <\/p>\n","protected":false},"excerpt":{"rendered":"<p>\u201c\u015e\u0130MD\u0130 AN\u0130DEN \u00d6LSEM OTOPS\u0130 RAPORUMDA B\u0130NLERCE C\u00dcMLE \u00c7IKAR, S\u00d6YLEMEY\u0130P \u0130\u00c7\u0130ME ATTI\u011eIM. SUSMAK DA B\u0130R \u00c7E\u015e\u0130T \u0130NT\u0130HARMI\u015e ME\u011eER.\u201d D\u00fc\u015f\u00fcncesine dahi katlanamay\u0131p ba\u015f\u0131na gelirse \u00f6lece\u011fini sand\u0131\u011f\u0131 her \u015feye<span class=\"excerpt-hellip\"> [\u2026]<\/span><\/p>\n","protected":false},"featured_media":0,"template":"","meta":{"_monsterinsights_skip_tracking":false,"_monsterinsights_sitenote_active":false,"_monsterinsights_sitenote_note":"","_monsterinsights_sitenote_category":0},"product_brand":[],"product_cat":[12291,12711],"product_tag":[],"class_list":{"0":"post-747423","1":"product","2":"type-product","3":"status-publish","5":"product_cat-edebiyat","6":"product_cat-roman-oyku","7":"pa_cilt-ciltsiz","8":"pa_tur-kitap","9":"pa_yayinevi-destek-yayinlari","10":"pa_yazar-ezgi-durmus","12":"first","13":"instock","14":"sale","15":"shipping-taxable","16":"purchasable","17":"product-type-simple"},"_links":{"self":[{"href":"https:\/\/roveyayinevi.com.tr\/index.php\/wp-json\/wp\/v2\/product\/747423","targetHints":{"allow":["GET"]}}],"collection":[{"href":"https:\/\/roveyayinevi.com.tr\/index.php\/wp-json\/wp\/v2\/product"}],"about":[{"href":"https:\/\/roveyayinevi.com.tr\/index.php\/wp-json\/wp\/v2\/types\/product"}],"wp:attachment":[{"href":"https:\/\/roveyayinevi.com.tr\/index.php\/wp-json\/wp\/v2\/media?parent=747423"}],"wp:term":[{"taxonomy":"product_brand","embeddable":true,"href":"https:\/\/roveyayinevi.com.tr\/index.php\/wp-json\/wp\/v2\/product_brand?post=747423"},{"taxonomy":"product_cat","embeddable":true,"href":"https:\/\/roveyayinevi.com.tr\/index.php\/wp-json\/wp\/v2\/product_cat?post=747423"},{"taxonomy":"product_tag","embeddable":true,"href":"https:\/\/roveyayinevi.com.tr\/index.php\/wp-json\/wp\/v2\/product_tag?post=747423"}],"curies":[{"name":"wp","href":"https:\/\/api.w.org\/{rel}","templated":true}]}}