{"id":747418,"date":"2025-08-28T03:05:59","date_gmt":"2025-08-28T00:05:59","guid":{"rendered":"https:\/\/roveyayinevi.com.tr\/index.php\/urun\/dunyalilar\/"},"modified":"2026-04-12T03:03:22","modified_gmt":"2026-04-12T00:03:22","slug":"dunyalilar","status":"publish","type":"product","link":"https:\/\/roveyayinevi.com.tr\/index.php\/urun\/dunyalilar\/","title":{"rendered":"D\u00fcnyal\u0131lar"},"content":{"rendered":"<p>Uluslararas\u0131 \u00e7oksatan Kasiyer\u2019in yazar\u0131 Sayaka Murata\u2019dan normlara, travmalara ve yabanc\u0131la\u015fmaya dair sars\u0131c\u0131 bir roman: D\u00fcnyal\u0131lar.   Natsuki di\u011fer k\u0131zlar gibi de\u011fil. Bir asas\u0131 ve d\u00f6n\u00fc\u015f\u00fcm aynas\u0131 var. Cad\u0131 ya da uzayl\u0131 oldu\u011funu d\u00fc\u015f\u00fcn\u00fcyor. Kuzeni Yu\u2019yla birlikte yazlar\u0131n\u0131 Nagano\u2019nun da\u011flar\u0131nda uzak gezegenlerin hayalini kurarak ge\u00e7iriyor. Korkun\u00e7 bir dizi olay iki \u00e7ocu\u011fu sonsuza dek ay\u0131r\u0131nca birbirlerine s\u00f6z veriyorlar: Ne olursa olsun hayatta kal\u0131nacak.   Y\u0131llar ge\u00e7iyor. Natsuki bir yeti\u015fkin art\u0131k. Aseks\u00fcel kocas\u0131yla sakin bir ya\u015fam\u0131 var, normalmi\u015f gibi davranarak elinden geldi\u011fince hayatta kalmaya \u00e7al\u0131\u015f\u0131yor. Ancak Natsuki\u2019nin ailesinin talepleri art\u0131yor, arkada\u015flar\u0131 neden h\u00e2l\u00e2 bir \u00e7ocuk do\u011furmad\u0131\u011f\u0131n\u0131 sorguluyor ve Natsuki\u2019nin k\u00fc\u00e7\u00fckl\u00fc\u011f\u00fcnden kalan travmalar yava\u015f yava\u015f g\u00fcn y\u00fcz\u00fcne \u00e7\u0131k\u0131yor. Nagano\u2019ya d\u00f6nmek i\u00e7in \u015fehirden ayr\u0131lan Natsuki, Yu\u2019yla yeniden bir araya gelmeye haz\u0131rlan\u0131rken akl\u0131nda tek bir d\u00fc\u015f\u00fcnce var: D\u00fcnyal\u0131lardan ka\u00e7mak m\u00fcmk\u00fcn m\u00fc?   \u201c\u015eoke edici ve trajikomik. Sayaka Murata abs\u00fcrd fantazi ve kat\u0131 realizmi ustal\u0131kla ve \u00f6zg\u00fcnce bir araya getiriyor.\u201d \u2013Financial Times   \u201cBu kitab\u0131 \u00e7ok sevdim! Uyum sa\u011flamak ve hayatta kalmak i\u00e7in i\u00e7selle\u015ftirdi\u011fimiz sa\u00e7mal\u0131klara sert, co\u015fkulu, y\u00fcrek burkan fikirlerle yakla\u015f\u0131yor.\u201d \u2013Elif Batuman   Yeti\u015fkin okurlara tavsiye olunur. <\/p>\n","protected":false},"excerpt":{"rendered":"<p>Uluslararas\u0131 \u00e7oksatan Kasiyer\u2019in yazar\u0131 Sayaka Murata\u2019dan normlara, travmalara ve yabanc\u0131la\u015fmaya dair sars\u0131c\u0131 bir roman: D\u00fcnyal\u0131lar. Natsuki di\u011fer k\u0131zlar gibi de\u011fil. Bir asas\u0131 ve d\u00f6n\u00fc\u015f\u00fcm aynas\u0131 var.<span class=\"excerpt-hellip\"> [\u2026]<\/span><\/p>\n","protected":false},"featured_media":0,"template":"","meta":{"_monsterinsights_skip_tracking":false,"_monsterinsights_sitenote_active":false,"_monsterinsights_sitenote_note":"","_monsterinsights_sitenote_category":0},"product_brand":[],"product_cat":[12291,12711],"product_tag":[],"class_list":{"0":"post-747418","1":"product","2":"type-product","3":"status-publish","5":"product_cat-edebiyat","6":"product_cat-roman-oyku","7":"pa_cilt-ciltsiz","8":"pa_tur-kitap","9":"pa_yayinevi-ithaki-yayinlari","10":"pa_yazar-sayaka-murata","12":"first","13":"instock","14":"sale","15":"shipping-taxable","16":"purchasable","17":"product-type-simple"},"_links":{"self":[{"href":"https:\/\/roveyayinevi.com.tr\/index.php\/wp-json\/wp\/v2\/product\/747418","targetHints":{"allow":["GET"]}}],"collection":[{"href":"https:\/\/roveyayinevi.com.tr\/index.php\/wp-json\/wp\/v2\/product"}],"about":[{"href":"https:\/\/roveyayinevi.com.tr\/index.php\/wp-json\/wp\/v2\/types\/product"}],"wp:attachment":[{"href":"https:\/\/roveyayinevi.com.tr\/index.php\/wp-json\/wp\/v2\/media?parent=747418"}],"wp:term":[{"taxonomy":"product_brand","embeddable":true,"href":"https:\/\/roveyayinevi.com.tr\/index.php\/wp-json\/wp\/v2\/product_brand?post=747418"},{"taxonomy":"product_cat","embeddable":true,"href":"https:\/\/roveyayinevi.com.tr\/index.php\/wp-json\/wp\/v2\/product_cat?post=747418"},{"taxonomy":"product_tag","embeddable":true,"href":"https:\/\/roveyayinevi.com.tr\/index.php\/wp-json\/wp\/v2\/product_tag?post=747418"}],"curies":[{"name":"wp","href":"https:\/\/api.w.org\/{rel}","templated":true}]}}