{"id":747406,"date":"2025-08-28T03:05:42","date_gmt":"2025-08-28T00:05:42","guid":{"rendered":"https:\/\/roveyayinevi.com.tr\/index.php\/urun\/dokunmanin-buyusu\/"},"modified":"2026-04-16T03:00:03","modified_gmt":"2026-04-16T00:00:03","slug":"dokunmanin-buyusu","status":"publish","type":"product","link":"https:\/\/roveyayinevi.com.tr\/index.php\/urun\/dokunmanin-buyusu\/","title":{"rendered":"Dokunman\u0131n B\u00fcy\u00fcs\u00fc"},"content":{"rendered":"<p>Deriden sinirlere ve beyne kadar, v\u00fccudun dokunma devrelerinin organizasyonu hayat\u0131m\u0131z\u0131 g\u00fc\u00e7l\u00fc bir \u015fekilde etkiler; t\u00fcketici se\u00e7iminden cinsel ili\u015fkiye, alet kullan\u0131m\u0131ndan dilin k\u00f6kenlerine, kronik a\u011fr\u0131dan iyile\u015fmeye kadar her \u015feyi etkiler. Ki\u015fileraras\u0131 temas, sosyal ba\u011f ve bireysel geli\u015fim i\u00e7in \u00e7ok \u00f6nemlidir. Linden, neyin iyi ve neyin k\u00f6t\u00fc hissettirdi\u011fine ili\u015fkin alg\u0131lar\u0131 ay\u0131rt etmek i\u00e7in duyusal ve duygusal ba\u011flam\u0131n birlikte nas\u0131l \u00e7al\u0131\u015ft\u0131\u011f\u0131n\u0131 a\u00e7\u0131k bir \u015fekilde a\u00e7\u0131kl\u0131yor. Biyoloji ve davran\u0131\u015f bilimini birbirine ba\u011flayan Linden, kelimenin tam anlam\u0131yla nas\u0131l hissetti\u011fimize dair e\u011flenceli ve ayd\u0131nlat\u0131c\u0131 bir cevap sunuyor. Sinirbilimci David J. Linden, dokunma duyumuz ile duygusal tepkilerimiz aras\u0131ndaki aray\u00fcz\u00fcn sosyal etkile\u015fimlerimizi, genel sa\u011fl\u0131\u011f\u0131m\u0131z\u0131 ve geli\u015fimimizi nas\u0131l etkiledi\u011fine dair ilgi \u00e7ekici ve b\u00fcy\u00fcleyici bir ara\u015ft\u0131rma sunuyor. Dokunman\u0131n B\u00fcy\u00fcs\u00fc, benlik alg\u0131m\u0131z\u0131 ve d\u00fcnya deneyimlerimizi a\u00e7\u0131klamaya yard\u0131mc\u0131 olan dokunma anlay\u0131\u015f\u0131ndaki bilimsel geli\u015fmeleri ara\u015ft\u0131ran zekice yaz\u0131lm\u0131\u015f bir inceleme.<\/p>\n","protected":false},"excerpt":{"rendered":"<p>Deriden sinirlere ve beyne kadar, v\u00fccudun dokunma devrelerinin organizasyonu hayat\u0131m\u0131z\u0131 g\u00fc\u00e7l\u00fc bir \u015fekilde etkiler; t\u00fcketici se\u00e7iminden cinsel ili\u015fkiye, alet kullan\u0131m\u0131ndan dilin k\u00f6kenlerine, kronik a\u011fr\u0131dan iyile\u015fmeye kadar<span class=\"excerpt-hellip\"> [\u2026]<\/span><\/p>\n","protected":false},"featured_media":0,"template":"","meta":{"_monsterinsights_skip_tracking":false,"_monsterinsights_sitenote_active":false,"_monsterinsights_sitenote_note":"","_monsterinsights_sitenote_category":0},"product_brand":[],"product_cat":[12358,12357],"product_tag":[],"class_list":{"0":"post-747406","1":"product","2":"type-product","3":"status-publish","5":"product_cat-genel-psikoloji","6":"product_cat-psikoloji","7":"pa_cilt-ciltsiz","8":"pa_tur-kitap","9":"pa_yayinevi-epsilon-yayinlari","10":"pa_yazar-david-j-linden","12":"first","13":"instock","14":"sale","15":"shipping-taxable","16":"purchasable","17":"product-type-simple"},"_links":{"self":[{"href":"https:\/\/roveyayinevi.com.tr\/index.php\/wp-json\/wp\/v2\/product\/747406","targetHints":{"allow":["GET"]}}],"collection":[{"href":"https:\/\/roveyayinevi.com.tr\/index.php\/wp-json\/wp\/v2\/product"}],"about":[{"href":"https:\/\/roveyayinevi.com.tr\/index.php\/wp-json\/wp\/v2\/types\/product"}],"wp:attachment":[{"href":"https:\/\/roveyayinevi.com.tr\/index.php\/wp-json\/wp\/v2\/media?parent=747406"}],"wp:term":[{"taxonomy":"product_brand","embeddable":true,"href":"https:\/\/roveyayinevi.com.tr\/index.php\/wp-json\/wp\/v2\/product_brand?post=747406"},{"taxonomy":"product_cat","embeddable":true,"href":"https:\/\/roveyayinevi.com.tr\/index.php\/wp-json\/wp\/v2\/product_cat?post=747406"},{"taxonomy":"product_tag","embeddable":true,"href":"https:\/\/roveyayinevi.com.tr\/index.php\/wp-json\/wp\/v2\/product_tag?post=747406"}],"curies":[{"name":"wp","href":"https:\/\/api.w.org\/{rel}","templated":true}]}}